000
CDUS43 KSGF 052326
CLIVIH


CLIMATE REPORT
NATIONAL WEATHER SERVICE SPRINGFIELD MO
526 PM CST THU JAN 5 2017


...................................

...THE VICHY-ROLLA MO CLIMATE SUMMARY FOR JANUARY 5 2017...
VALID TODAY AS OF 0500 PM LOCAL TIME.

CLIMATE NORMAL PERIOD 1981 TO 2010
CLIMATE RECORD PERIOD 1888 TO 2017


WEATHER ITEM   OBSERVED TIME   RECORD YEAR NORMAL DEPARTURE LAST
                VALUE   (LST)  VALUE       VALUE  FROM      YEAR
                                                  NORMAL
..................................................................
TEMPERATURE (F)
 TODAY
  MAXIMUM         21   1259 AM  71    1956  40    -19       40
  MINIMUM         15    459 PM  -7    1959  22     -7       20
  AVERAGE         18                        31    -13       30

PRECIPITATION (IN)
  TODAY            0.05          1.43 2005   0.08  -0.03     0.00
  MONTH TO DATE    0.12                      0.39  -0.27     0.00
  SINCE DEC 1      0.98                      3.03  -2.05    10.32
  SINCE JAN 1      0.12                      0.39  -0.27     0.00

DEGREE DAYS
 COOLING
  TODAY            0                         0      0        0
  MONTH TO DATE    0                         0      0        0
  SINCE DEC 1      0                         0      0        0
  SINCE JAN 1      0                         0      0        0
..................................................................


WIND (MPH)
  HIGHEST WIND SPEED    14   HIGHEST WIND DIRECTION    NW (330)
  HIGHEST GUST SPEED    17   HIGHEST GUST DIRECTION    NW (320)


SKY COVER
  AVERAGE SKY COVER 0.9


WEATHER CONDITIONS
 THE FOLLOWING WEATHER WAS RECORDED TODAY.
  SNOW
  LIGHT SNOW
  FOG


RELATIVE HUMIDITY (PERCENT)
 HIGHEST    92           300 AM
 LOWEST     67           100 AM
 AVERAGE    80

..........................................................


THE VICHY-ROLLA MO CLIMATE NORMALS FOR TOMORROW
                         NORMAL    RECORD    YEAR
 MAXIMUM TEMPERATURE (F)   40        71      2008
 MINIMUM TEMPERATURE (F)   21       -13      2014


SUNRISE AND SUNSET
JANUARY  5 2017.......SUNRISE   724 AM CST   SUNSET   502 PM CST
JANUARY  6 2017.......SUNRISE   724 AM CST   SUNSET   503 PM CST


-  INDICATES NEGATIVE NUMBERS.
R  INDICATES RECORD WAS SET OR TIED.
MM INDICATES DATA IS MISSING.
T  INDICATES TRACE AMOUNT.




$$
