341
CDUS43 KSGF 110633
CLIVIH


CLIMATE REPORT
NATIONAL WEATHER SERVICE SPRINGFIELD MO
1233 AM CST SAT NOV 11 2017


...................................

...THE VICHY-ROLLA MO CLIMATE SUMMARY FOR NOVEMBER 10 2017...

CLIMATE NORMAL PERIOD 1981 TO 2010
CLIMATE RECORD PERIOD 1888 TO 2017


WEATHER ITEM   OBSERVED TIME   RECORD YEAR NORMAL DEPARTURE LAST
                VALUE   (LST)  VALUE       VALUE  FROM      YEAR
                                                  NORMAL
..................................................................
TEMPERATURE (F)
 YESTERDAY
  MAXIMUM         43    205 PM  80    1902  58    -15       65
  MINIMUM         23    704 AM  17    1960  38    -15       32
  AVERAGE         33                        48    -15       49

PRECIPITATION (IN)
  YESTERDAY        0.00          1.22 1974   0.14  -0.14     0.00
  MONTH TO DATE    0.01                      1.26  -1.25     0.31
  SINCE SEP 1      3.09                      8.81  -5.72     7.51
  SINCE JAN 1     41.69                     38.36   3.33    39.85

DEGREE DAYS
 HEATING
  YESTERDAY       32                        17     15       16
  MONTH TO DATE  154                       156     -2       97
  SINCE SEP 1    405                       503    -98      250
  SINCE JUL 1    406                       506   -100      250

 COOLING
  YESTERDAY        0                         0      0        0
  MONTH TO DATE    0                         0      0       15
  SINCE SEP 1    277                       166    111      288
  SINCE JAN 1   1247                      1243      4     1477
..................................................................


WIND (MPH)
  HIGHEST WIND SPEED    15   HIGHEST WIND DIRECTION     E (80)
  HIGHEST GUST SPEED    20   HIGHEST GUST DIRECTION     E (90)
  AVERAGE WIND SPEED     8.4


SKY COVER
  AVERAGE SKY COVER 0.0


WEATHER CONDITIONS
 THE FOLLOWING WEATHER WAS RECORDED YESTERDAY.
  NO SIGNIFICANT WEATHER WAS OBSERVED.


RELATIVE HUMIDITY (PERCENT)
 HIGHEST    81           600 AM
 LOWEST     36           200 PM
 AVERAGE    59

..........................................................


THE VICHY-ROLLA MO CLIMATE NORMALS FOR TODAY
                         NORMAL    RECORD    YEAR
 MAXIMUM TEMPERATURE (F)   58        81      1949
 MINIMUM TEMPERATURE (F)   37        15      1950


SUNRISE AND SUNSET
NOVEMBER 11 2017......SUNRISE   644 AM CST   SUNSET   458 PM CST
NOVEMBER 12 2017......SUNRISE   645 AM CST   SUNSET   457 PM CST


-  INDICATES NEGATIVE NUMBERS.
R  INDICATES RECORD WAS SET OR TIED.
MM INDICATES DATA IS MISSING.
T  INDICATES TRACE AMOUNT.




$$
