000
CDUS43 KSGF 251245
CLIVIH


CLIMATE REPORT
NATIONAL WEATHER SERVICE SPRINGFIELD MO
745 AM CDT TUE AUG 25 2015


...................................

...THE VICHY-ROLLA MO CLIMATE SUMMARY FOR AUGUST 24 2015...

CLIMATE NORMAL PERIOD 1981 TO 2010
CLIMATE RECORD PERIOD 1888 TO 2015


WEATHER ITEM   OBSERVED TIME   RECORD YEAR NORMAL DEPARTURE LAST
                VALUE   (LST)  VALUE       VALUE  FROM      YEAR
                                                  NORMAL
..................................................................
TEMPERATURE (F)
 YESTERDAY
  MAXIMUM         79    244 PM  98    2014  87     -8       98
  MINIMUM         49R   603 AM  49    2015  64    -15       70
  AVERAGE         64                        75    -11       84

PRECIPITATION (IN)
  YESTERDAY        0.00          1.64 1962   0.12  -0.12     0.00
  MONTH TO DATE    2.24                      2.82  -0.58     3.07
  SINCE JUN 1     15.09                     11.89   3.20     6.49
  SINCE JAN 1     29.11                     28.70   0.41    16.11

DEGREE DAYS
 HEATING
  YESTERDAY        1                         0      1        0
  MONTH TO DATE    2                         0      2        0
  SINCE JUN 1     17                        15      2        4
  SINCE JUL 1      2                         1      1        3

 COOLING
  YESTERDAY        0                        10    -10       19
  MONTH TO DATE  213                       287    -74      280
  SINCE JUN 1    864                       904    -40      779
  SINCE JAN 1    971                      1011    -40      926
..................................................................


WIND (MPH)
  HIGHEST WIND SPEED    16   HIGHEST WIND DIRECTION    NW (330)
  HIGHEST GUST SPEED    20   HIGHEST GUST DIRECTION     N (340)
  AVERAGE WIND SPEED     6.5


SKY COVER
  AVERAGE SKY COVER 0.0


WEATHER CONDITIONS
 THE FOLLOWING WEATHER WAS RECORDED YESTERDAY.
  NO SIGNIFICANT WEATHER WAS OBSERVED.


RELATIVE HUMIDITY (PERCENT)
 HIGHEST    96           600 AM
 LOWEST     30           300 PM
 AVERAGE    63

..........................................................


THE VICHY-ROLLA MO CLIMATE NORMALS FOR TODAY
                         NORMAL    RECORD    YEAR
 MAXIMUM TEMPERATURE (F)   86       101      1973
 MINIMUM TEMPERATURE (F)   64        51      1958


SUNRISE AND SUNSET
AUGUST 25 2015........SUNRISE   631 AM CDT   SUNSET   747 PM CDT
AUGUST 26 2015........SUNRISE   631 AM CDT   SUNSET   746 PM CDT


-  INDICATES NEGATIVE NUMBERS.
R  INDICATES RECORD WAS SET OR TIED.
MM INDICATES DATA IS MISSING.
T  INDICATES TRACE AMOUNT.




$$
