000
CDUS43 KSGF 082336
CLIVIH


CLIMATE REPORT
NATIONAL WEATHER SERVICE SPRINGFIELD MO
535 PM CST MON JAN 8 2018


...................................

...THE VICHY-ROLLA MO CLIMATE SUMMARY FOR JANUARY 8 2018...
VALID TODAY AS OF 0500 PM LOCAL TIME.

CLIMATE NORMAL PERIOD 1981 TO 2010
CLIMATE RECORD PERIOD 1888 TO 2018


WEATHER ITEM   OBSERVED TIME   RECORD YEAR NORMAL DEPARTURE LAST
                VALUE   (LST)  VALUE       VALUE  FROM      YEAR
                                                  NORMAL
..................................................................
TEMPERATURE (F)
 TODAY
  MAXIMUM         MM        MM  69    2006  40     MM       27
  MINIMUM         MM        MM  -5    1970  21     MM        5
  AVERAGE         MM                        31     MM       16

PRECIPITATION (IN)
  TODAY            0.00          1.13 1948   0.07  -0.07     0.00
  MONTH TO DATE    0.74                      0.61   0.13     0.12
  SINCE DEC 1      1.38                      3.25  -1.87     0.98
  SINCE JAN 1      0.74                      0.61   0.13     0.12

DEGREE DAYS
 COOLING
  TODAY          934                         0    934        0
  MONTH TO DATE  934                         0    934        0
  SINCE DEC 1    934                         0    934        0
  SINCE JAN 1    934                         0    934        0
..................................................................


WIND (MPH)
  HIGHEST WIND SPEED    10   HIGHEST WIND DIRECTION    NW (330)
  HIGHEST GUST SPEED    14   HIGHEST GUST DIRECTION    NW (320)


SKY COVER
  AVERAGE SKY COVER 1.0


WEATHER CONDITIONS
 THE FOLLOWING WEATHER WAS RECORDED TODAY.
  FOG
  FOG W/VISIBILITY <= 1/4 MILE
  HAZE


RELATIVE HUMIDITY (PERCENT)
 HIGHEST   100          1000 AM
 LOWEST     56           100 AM
 AVERAGE    78

..........................................................


THE VICHY-ROLLA MO CLIMATE NORMALS FOR TOMORROW
                         NORMAL    RECORD    YEAR
 MAXIMUM TEMPERATURE (F)   40        68      2002
 MINIMUM TEMPERATURE (F)   21        -6      1962


SUNRISE AND SUNSET
JANUARY  8 2018.......SUNRISE   724 AM CST   SUNSET   504 PM CST
JANUARY  9 2018.......SUNRISE   724 AM CST   SUNSET   505 PM CST


-  INDICATES NEGATIVE NUMBERS.
R  INDICATES RECORD WAS SET OR TIED.
MM INDICATES DATA IS MISSING.
T  INDICATES TRACE AMOUNT.




$$
