000
CDUS43 KSGF 230637
CLIVIH


CLIMATE REPORT
NATIONAL WEATHER SERVICE SPRINGFIELD MO
1237 AM CST MON FEB 23 2015


...................................

...THE VICHY-ROLLA MO CLIMATE SUMMARY FOR FEBRUARY 22 2015...

CLIMATE NORMAL PERIOD 1981 TO 2010
CLIMATE RECORD PERIOD 1888 TO 2015


WEATHER ITEM   OBSERVED TIME   RECORD YEAR NORMAL DEPARTURE LAST
                VALUE   (LST)  VALUE       VALUE  FROM      YEAR
                                                  NORMAL
..................................................................
TEMPERATURE (F)
 YESTERDAY
  MAXIMUM         32   1212 AM  76    1995  48    -16       63
  MINIMUM         15   1159 PM   0    1901  28    -13       35
  AVERAGE         24                        38    -14       49

PRECIPITATION (IN)
  YESTERDAY        0.00          2.19 1975   0.07  -0.07     0.00
  MONTH TO DATE    1.08                      1.47  -0.39     0.61
  SINCE DEC 1      4.38                      6.28  -1.90     3.33
  SINCE JAN 1      2.01                      3.64  -1.63     1.46

DEGREE DAYS
 HEATING
  YESTERDAY       41                        27     14       16
  MONTH TO DATE  825                       665    160      789
  SINCE DEC 1   2714                      2686     28     3027
  SINCE JUL 1   3856                      3633    223     4077

 COOLING
  YESTERDAY        0                         0      0        0
  MONTH TO DATE    0                         0      0        0
  SINCE DEC 1      0                         0      0        0
  SINCE JAN 1      0                         0      0        0
..................................................................


WIND (MPH)
  HIGHEST WIND SPEED    21   HIGHEST WIND DIRECTION     N (340)
  HIGHEST GUST SPEED    26   HIGHEST GUST DIRECTION     N (350)
  AVERAGE WIND SPEED    13.9


SKY COVER
  AVERAGE SKY COVER 0.7


WEATHER CONDITIONS
 THE FOLLOWING WEATHER WAS RECORDED YESTERDAY.
  FOG
  HAZE


RELATIVE HUMIDITY (PERCENT)
 HIGHEST    85          1200 AM
 LOWEST     44           100 PM
 AVERAGE    65

..........................................................


THE VICHY-ROLLA MO CLIMATE NORMALS FOR TODAY
                         NORMAL    RECORD    YEAR
 MAXIMUM TEMPERATURE (F)   48        81      1982
 MINIMUM TEMPERATURE (F)   28         2      1899


SUNRISE AND SUNSET
FEBRUARY 23 2015......SUNRISE   647 AM CST   SUNSET   554 PM CST
FEBRUARY 24 2015......SUNRISE   646 AM CST   SUNSET   555 PM CST


-  INDICATES NEGATIVE NUMBERS.
R  INDICATES RECORD WAS SET OR TIED.
MM INDICATES DATA IS MISSING.
T  INDICATES TRACE AMOUNT.




$$
