000
CDUS43 KSGF 032137
CLIVIH


CLIMATE REPORT
NATIONAL WEATHER SERVICE SPRINGFIELD MO
437 PM CDT THU JUL 3 2014


...................................

...THE VICHY-ROLLA MO CLIMATE SUMMARY FOR JULY 3 2014...
VALID AS OF 0400 PM LOCAL TIME.

CLIMATE NORMAL PERIOD 1981 TO 2010
CLIMATE RECORD PERIOD 1888 TO 2014


WEATHER ITEM   OBSERVED TIME   RECORD YEAR NORMAL DEPARTURE LAST
                VALUE   (LST)  VALUE       VALUE  FROM      YEAR
                                                  NORMAL
..................................................................
TEMPERATURE (F)
 TODAY
  MAXIMUM         79    300 PM 104    1901  87     -8       81
  MINIMUM         68    900 AM  54    2013  66      2       54
  AVERAGE         74                        76     -2       68

PRECIPITATION (IN)
  TODAY            0.00          1.93 1956   0.13  -0.13     0.00
  MONTH TO DATE    0.03                      0.41  -0.38     0.01
  SINCE JUN 1      3.34                      5.04  -1.70     3.80
  SINCE JAN 1     12.96                     21.85  -8.89    25.10

DEGREE DAYS
 HEATING
  TODAY            0                         0      0        0
  MONTH TO DATE    0                         0      0        0
  SINCE JUN 1      1                        14    -13       17
  SINCE JUL 1      0                         0      0        0

 COOLING
  TODAY            9                        11     -2        3
  MONTH TO DATE   19                        33    -14        7
  SINCE JUN 1    277                       268      9      224
  SINCE JAN 1    424                       375     49      331
..................................................................


WIND (MPH)
  HIGHEST WIND SPEED    12   HIGHEST WIND DIRECTION     N (340)
  HIGHEST GUST SPEED    16   HIGHEST GUST DIRECTION     N (340)


SKY COVER
  AVERAGE SKY COVER 0.1


WEATHER CONDITIONS
 THE FOLLOWING WEATHER WAS RECORDED TODAY.
  NO SIGNIFICANT WEATHER WAS OBSERVED.


RELATIVE HUMIDITY (PERCENT)
 HIGHEST    63           900 AM
 LOWEST     42           300 PM
 AVERAGE    53

..........................................................


THE VICHY-ROLLA MO CLIMATE NORMALS FOR TOMORROW
                         NORMAL    RECORD    YEAR
 MAXIMUM TEMPERATURE (F)   87       104      1901
 MINIMUM TEMPERATURE (F)   66        55      1967


SUNRISE AND SUNSET
JULY  3 2014..........SUNRISE   549 AM CDT   SUNSET   834 PM CDT
JULY  4 2014..........SUNRISE   549 AM CDT   SUNSET   834 PM CDT


-  INDICATES NEGATIVE NUMBERS.
R  INDICATES RECORD WAS SET OR TIED.
MM INDICATES DATA IS MISSING.
T  INDICATES TRACE AMOUNT.




$$
