000
CDUS43 KSGF 130626
CLIVIH


CLIMATE REPORT
NATIONAL WEATHER SERVICE SPRINGFIELD MO
126 AM CDT SAT SEP 13 2014


...................................

...THE VICHY-ROLLA MO CLIMATE SUMMARY FOR SEPTEMBER 12 2014...

CLIMATE NORMAL PERIOD 1981 TO 2010
CLIMATE RECORD PERIOD 1888 TO 2014


WEATHER ITEM   OBSERVED TIME   RECORD YEAR NORMAL DEPARTURE LAST
                VALUE   (LST)  VALUE       VALUE  FROM      YEAR
                                                  NORMAL
..................................................................
TEMPERATURE (F)
 YESTERDAY
  MAXIMUM         56   1241 PM  98    1897  80    -24       88
  MINIMUM         47   1155 PM  44    1902  58    -11       63
  AVERAGE         52                        69    -17       76

PRECIPITATION (IN)
  YESTERDAY        0.02          2.71 1949   0.15  -0.13     0.00
  MONTH TO DATE    1.61                      1.74  -0.13     0.18
  SINCE SEP 1      1.61                      1.74  -0.13     0.18
  SINCE JAN 1     18.91                     31.29 -12.38    33.16

DEGREE DAYS
 HEATING
  YESTERDAY       13                         1     12        0
  MONTH TO DATE   23                         6     17        0
  SINCE SEP 1     23                         6     17        0
  SINCE JUL 1     26                         9     17        4

 COOLING
  YESTERDAY        0                         5     -5       11
  MONTH TO DATE   76                        82     -6      134
  SINCE SEP 1     76                        82     -6      134
  SINCE JAN 1   1115                      1159    -44     1033
..................................................................


WIND (MPH)
  HIGHEST WIND SPEED    16   HIGHEST WIND DIRECTION     N (10)
  HIGHEST GUST SPEED    23   HIGHEST GUST DIRECTION     N (10)
  AVERAGE WIND SPEED     9.5


SKY COVER
  AVERAGE SKY COVER 1.0


WEATHER CONDITIONS
 THE FOLLOWING WEATHER WAS RECORDED YESTERDAY.
  LIGHT RAIN
  FOG


RELATIVE HUMIDITY (PERCENT)
 HIGHEST    96          1200 AM
 LOWEST     77           400 PM
 AVERAGE    87

..........................................................


THE VICHY-ROLLA MO CLIMATE NORMALS FOR TODAY
                         NORMAL    RECORD    YEAR
 MAXIMUM TEMPERATURE (F)   80        96      1956
 MINIMUM TEMPERATURE (F)   58        34      1902


SUNRISE AND SUNSET
SEPTEMBER 13 2014.....SUNRISE   647 AM CDT   SUNSET   718 PM CDT
SEPTEMBER 14 2014.....SUNRISE   648 AM CDT   SUNSET   717 PM CDT


-  INDICATES NEGATIVE NUMBERS.
R  INDICATES RECORD WAS SET OR TIED.
MM INDICATES DATA IS MISSING.
T  INDICATES TRACE AMOUNT.




$$
