000
CDUS43 KSGF 112228
CLIVIH


CLIMATE REPORT
NATIONAL WEATHER SERVICE SPRINGFIELD MO
527 PM CDT MON AUG 11 2014


...................................

...THE VICHY-ROLLA MO CLIMATE SUMMARY FOR AUGUST 11 2014...
VALID TODAY AS OF 0500 PM LOCAL TIME.

CLIMATE NORMAL PERIOD 1981 TO 2010
CLIMATE RECORD PERIOD 1888 TO 2014


WEATHER ITEM   OBSERVED TIME   RECORD YEAR NORMAL DEPARTURE LAST
                VALUE   (LST)  VALUE       VALUE  FROM      YEAR
                                                  NORMAL
..................................................................
TEMPERATURE (F)
 TODAY
  MAXIMUM         83    348 PM 102    2007  89     -6       84
  MINIMUM         68    613 AM  50    2004  66      2       63
  AVERAGE         76                        77     -1       74

PRECIPITATION (IN)
  TODAY            0.02          1.39 1952   0.11  -0.09     0.00
  MONTH TO DATE    2.06                      1.28   0.78     4.28
  SINCE JUN 1      5.48                     10.35  -4.87    11.67
  SINCE JAN 1     15.10                     27.16 -12.06    32.97

DEGREE DAYS
 HEATING
  TODAY            0                         0      0        0
  MONTH TO DATE    0                         0      0        0
  SINCE JUN 1      4                        15    -11       19
  SINCE JUL 1      3                         1      2        2

 COOLING
  TODAY           11                        12     -1        9
  MONTH TO DATE  123                       139    -16       97
  SINCE JUN 1    622                       756   -134      596
  SINCE JAN 1    769                       863    -94      703
..................................................................


WIND (MPH)
  HIGHEST WIND SPEED    18   HIGHEST WIND DIRECTION     W (290)
  HIGHEST GUST SPEED    22   HIGHEST GUST DIRECTION     W (290)


SKY COVER
  AVERAGE SKY COVER 0.6


WEATHER CONDITIONS
 THE FOLLOWING WEATHER WAS RECORDED TODAY.
  LIGHT RAIN
  FOG


RELATIVE HUMIDITY (PERCENT)
 HIGHEST    97           300 AM
 LOWEST     58           100 PM
 AVERAGE    78

..........................................................


THE VICHY-ROLLA MO CLIMATE NORMALS FOR TOMORROW
                         NORMAL    RECORD    YEAR
 MAXIMUM TEMPERATURE (F)   89       105      2007
 MINIMUM TEMPERATURE (F)   66        45      2004


SUNRISE AND SUNSET
AUGUST 11 2014........SUNRISE   618 AM CDT   SUNSET   805 PM CDT
AUGUST 12 2014........SUNRISE   619 AM CDT   SUNSET   804 PM CDT


-  INDICATES NEGATIVE NUMBERS.
R  INDICATES RECORD WAS SET OR TIED.
MM INDICATES DATA IS MISSING.
T  INDICATES TRACE AMOUNT.




$$
