000
CDUS43 KSGF 140639
CLIVIH


CLIMATE REPORT
NATIONAL WEATHER SERVICE SPRINGFIELD MO
139 AM CDT SAT MAY 14 2016


...................................

...THE VICHY-ROLLA MO CLIMATE SUMMARY FOR MAY 13 2016...

CLIMATE NORMAL PERIOD 1981 TO 2010
CLIMATE RECORD PERIOD 1888 TO 2016


WEATHER ITEM   OBSERVED TIME   RECORD YEAR NORMAL DEPARTURE LAST
                VALUE   (LST)  VALUE       VALUE  FROM      YEAR
                                                  NORMAL
..................................................................
TEMPERATURE (F)
 YESTERDAY
  MAXIMUM         76    421 PM  89    1956  74      2       72
  MINIMUM         42    517 AM  36    1901  52    -10       45
  AVERAGE         59                        63     -4       59

PRECIPITATION (IN)
  YESTERDAY        0.00          3.27 1967   0.16  -0.16     0.00
  MONTH TO DATE    0.33                      2.12  -1.79     2.51
  SINCE MAR 1      7.27                      9.79  -2.52     7.65
  SINCE JAN 1      9.39                     13.89  -4.50     9.93

DEGREE DAYS
 HEATING
  YESTERDAY        6                         4      2        6
  MONTH TO DATE   71                        67      4       34
  SINCE MAR 1    759                       995   -236      872
  SINCE JUL 1   3962                      4785   -823     4989

 COOLING
  YESTERDAY        0                         2     -2        0
  MONTH TO DATE   14                        20     -6       38
  SINCE MAR 1     28                        46    -18       51
  SINCE JAN 1     28                        46    -18       51
..................................................................


WIND (MPH)
  HIGHEST WIND SPEED    25   HIGHEST WIND DIRECTION    NW (330)
  HIGHEST GUST SPEED    35   HIGHEST GUST DIRECTION    NW (330)
  AVERAGE WIND SPEED    10.3


SKY COVER
  AVERAGE SKY COVER 0.2


WEATHER CONDITIONS
 THE FOLLOWING WEATHER WAS RECORDED YESTERDAY.
  NO SIGNIFICANT WEATHER WAS OBSERVED.


RELATIVE HUMIDITY (PERCENT)
 HIGHEST    89           400 AM
 LOWEST     43           200 PM
 AVERAGE    66

..........................................................


THE VICHY-ROLLA MO CLIMATE NORMALS FOR TODAY
                         NORMAL    RECORD    YEAR
 MAXIMUM TEMPERATURE (F)   74        89      1899
 MINIMUM TEMPERATURE (F)   53        32      2000


SUNRISE AND SUNSET
MAY 14 2016...........SUNRISE   557 AM CDT   SUNSET   811 PM CDT
MAY 15 2016...........SUNRISE   556 AM CDT   SUNSET   811 PM CDT


-  INDICATES NEGATIVE NUMBERS.
R  INDICATES RECORD WAS SET OR TIED.
MM INDICATES DATA IS MISSING.
T  INDICATES TRACE AMOUNT.




$$
