829
CDUS43 KSGF 172127
CLIVIH


CLIMATE REPORT
NATIONAL WEATHER SERVICE SPRINGFIELD MO
426 PM CDT SAT JUN 17 2017


...................................

...THE VICHY-ROLLA MO CLIMATE SUMMARY FOR JUNE 17 2017...
VALID AS OF 0400 PM LOCAL TIME.

CLIMATE NORMAL PERIOD 1981 TO 2010
CLIMATE RECORD PERIOD 1888 TO 2017


WEATHER ITEM   OBSERVED TIME   RECORD YEAR NORMAL DEPARTURE LAST
                VALUE   (LST)  VALUE       VALUE  FROM      YEAR
                                                  NORMAL
..................................................................
TEMPERATURE (F)
 TODAY
  MAXIMUM         86    259 PM  97    1905  83      3       89
  MINIMUM         66    646 AM  45    1905  63      3       67
  AVERAGE         76                        73      3       78

PRECIPITATION (IN)
  TODAY            0.52          3.13 1948   0.15   0.37     0.00
  MONTH TO DATE    2.53                      2.75  -0.22     0.81
  SINCE JUN 1      2.53                      2.75  -0.22     0.81
  SINCE JAN 1     24.97                     19.56   5.41    15.05

DEGREE DAYS
 HEATING
  TODAY            0                         0      0        0
  MONTH TO DATE    1                        12    -11        0
  SINCE JUN 1      1                        12    -11        0
  SINCE JUL 1   3804                      4846  -1042     4052

 COOLING
  TODAY           11                         8      3       13
  MONTH TO DATE  141                       108     33      163
  SINCE JUN 1    141                       108     33      163
  SINCE JAN 1    245                       215     30      241
..................................................................


WIND (MPH)
  HIGHEST WIND SPEED    24   HIGHEST WIND DIRECTION     S (180)
  HIGHEST GUST SPEED    31   HIGHEST GUST DIRECTION     S (200)


SKY COVER
  AVERAGE SKY COVER 0.2


WEATHER CONDITIONS
 THE FOLLOWING WEATHER WAS RECORDED TODAY.
  THUNDERSTORM
  HEAVY RAIN
  RAIN
  LIGHT RAIN
  FOG


RELATIVE HUMIDITY (PERCENT)
 HIGHEST   100           300 AM
 LOWEST     65           200 PM
 AVERAGE    83

..........................................................


THE VICHY-ROLLA MO CLIMATE NORMALS FOR TOMORROW
                         NORMAL    RECORD    YEAR
 MAXIMUM TEMPERATURE (F)   83       101      1953
 MINIMUM TEMPERATURE (F)   63        50      1903


SUNRISE AND SUNSET
JUNE 17 2017..........SUNRISE   544 AM CDT   SUNSET   833 PM CDT
JUNE 18 2017..........SUNRISE   544 AM CDT   SUNSET   833 PM CDT


-  INDICATES NEGATIVE NUMBERS.
R  INDICATES RECORD WAS SET OR TIED.
MM INDICATES DATA IS MISSING.
T  INDICATES TRACE AMOUNT.




$$
