000
CDUS43 KSGF 050630
CLIVIH


CLIMATE REPORT
NATIONAL WEATHER SERVICE SPRINGFIELD MO
1226 AM CST THU JAN 5 2017


...................................

...THE VICHY-ROLLA MO CLIMATE SUMMARY FOR JANUARY 4 2017...

CLIMATE NORMAL PERIOD 1981 TO 2010
CLIMATE RECORD PERIOD 1888 TO 2017


WEATHER ITEM   OBSERVED TIME   RECORD YEAR NORMAL DEPARTURE LAST
                VALUE   (LST)  VALUE       VALUE  FROM      YEAR
                                                  NORMAL
..................................................................
TEMPERATURE (F)
 YESTERDAY
  MAXIMUM         27    306 PM  66    1950  40    -13       34
  MINIMUM         13    812 AM  -8    1959  22     -9       22
  AVERAGE         20                        31    -11       28

PRECIPITATION (IN)
  YESTERDAY        0.00          2.12 1993   0.08  -0.08     0.00
  MONTH TO DATE    0.07                      0.31  -0.24     0.00
  SINCE DEC 1      0.93                      2.95  -2.02    10.32
  SINCE JAN 1      0.07                      0.31  -0.24     0.00

DEGREE DAYS
 HEATING
  YESTERDAY       45                        34     11       37
  MONTH TO DATE  121                       136    -15      133
  SINCE DEC 1   1066                      1106    -40      808
  SINCE JUL 1   1694                      2053   -359     1529

 COOLING
  YESTERDAY        0                         0      0        0
  MONTH TO DATE    0                         0      0        0
  SINCE DEC 1      0                         0      0        0
  SINCE JAN 1      0                         0      0        0
..................................................................


WIND (MPH)
  HIGHEST WIND SPEED    16   HIGHEST WIND DIRECTION    NW (320)
  HIGHEST GUST SPEED    22   HIGHEST GUST DIRECTION    NW (320)
  AVERAGE WIND SPEED     8.0


SKY COVER
  AVERAGE SKY COVER 0.2


WEATHER CONDITIONS
 THE FOLLOWING WEATHER WAS RECORDED YESTERDAY.
  NO SIGNIFICANT WEATHER WAS OBSERVED.


RELATIVE HUMIDITY (PERCENT)
 HIGHEST    88           600 AM
 LOWEST     46           300 PM
 AVERAGE    67

..........................................................


THE VICHY-ROLLA MO CLIMATE NORMALS FOR TODAY
                         NORMAL    RECORD    YEAR
 MAXIMUM TEMPERATURE (F)   40        71      1956
 MINIMUM TEMPERATURE (F)   22        -7      1959


SUNRISE AND SUNSET
JANUARY  5 2017.......SUNRISE   724 AM CST   SUNSET   502 PM CST
JANUARY  6 2017.......SUNRISE   724 AM CST   SUNSET   503 PM CST


-  INDICATES NEGATIVE NUMBERS.
R  INDICATES RECORD WAS SET OR TIED.
MM INDICATES DATA IS MISSING.
T  INDICATES TRACE AMOUNT.




$$
