000
CDUS43 KSGF 040627
CLIVIH


CLIMATE REPORT
NATIONAL WEATHER SERVICE SPRINGFIELD MO
127 AM CDT FRI APR 4 2014


...................................

...THE VICHY-ROLLA MO CLIMATE SUMMARY FOR APRIL 3 2014...

CLIMATE NORMAL PERIOD 1981 TO 2010
CLIMATE RECORD PERIOD 1888 TO 2014


WEATHER ITEM   OBSERVED TIME   RECORD YEAR NORMAL DEPARTURE LAST
                VALUE   (LST)  VALUE       VALUE  FROM      YEAR
                                                  NORMAL
..................................................................
TEMPERATURE (F)
 YESTERDAY
  MAXIMUM         72   1004 AM  89    2011  63      9       52
  MINIMUM         52   1159 PM  21    1975  40     12       29
  AVERAGE         62                        51     11       41

PRECIPITATION (IN)
  YESTERDAY        1.01          1.73 2008   0.12   0.89     0.00
  MONTH TO DATE    1.39                      0.37   1.02     0.00
  SINCE MAR 1      2.10                      3.82  -1.72     3.26
  SINCE JAN 1      3.56                      7.92  -4.36     7.97

DEGREE DAYS
 HEATING
  YESTERDAY        3                        14    -11       24
  MONTH TO DATE   34                        43     -9       75
  SINCE MAR 1    785                       657    128      894
  SINCE JUL 1   5091                      4447    644     4480

 COOLING
  YESTERDAY        0                         0      0        0
  MONTH TO DATE    0                         0      0        0
  SINCE MAR 1      0                         4     -4        0
  SINCE JAN 1      0                         4     -4        0
..................................................................


WIND (MPH)
  HIGHEST WIND SPEED    32   HIGHEST WIND DIRECTION     N (360)
  HIGHEST GUST SPEED    40   HIGHEST GUST DIRECTION     N (360)
  AVERAGE WIND SPEED    11.2


SKY COVER
  AVERAGE SKY COVER 0.7


WEATHER CONDITIONS
 THE FOLLOWING WEATHER WAS RECORDED YESTERDAY.
  THUNDERSTORM
  HEAVY RAIN
  RAIN
  LIGHT RAIN
  FOG


RELATIVE HUMIDITY (PERCENT)
 HIGHEST   100          1200 AM
 LOWEST     73           400 PM
 AVERAGE    87

..........................................................


THE VICHY-ROLLA MO CLIMATE NORMALS FOR TODAY
                         NORMAL    RECORD    YEAR
 MAXIMUM TEMPERATURE (F)   63        81      2010
 MINIMUM TEMPERATURE (F)   40        23      1899


SUNRISE AND SUNSET
APRIL  4 2014.........SUNRISE   648 AM CDT   SUNSET   733 PM CDT
APRIL  5 2014.........SUNRISE   646 AM CDT   SUNSET   734 PM CDT


-  INDICATES NEGATIVE NUMBERS.
R  INDICATES RECORD WAS SET OR TIED.
MM INDICATES DATA IS MISSING.
T  INDICATES TRACE AMOUNT.




$$
