000
CDUS43 KSGF 012226
CLIVIH


CLIMATE REPORT
NATIONAL WEATHER SERVICE SPRINGFIELD MO
526 PM CDT MON SEP 1 2014


...................................

...THE VICHY-ROLLA MO CLIMATE SUMMARY FOR SEPTEMBER 1 2014...
VALID TODAY AS OF 0500 PM LOCAL TIME.

CLIMATE NORMAL PERIOD 1981 TO 2010
CLIMATE RECORD PERIOD 1888 TO 2014


WEATHER ITEM   OBSERVED TIME   RECORD YEAR NORMAL DEPARTURE LAST
                VALUE   (LST)  VALUE       VALUE  FROM      YEAR
                                                  NORMAL
..................................................................
TEMPERATURE (F)
 TODAY
  MAXIMUM         82    140 PM  99    1953  84     -2       85
  MINIMUM         65    752 AM  45    1967  62      3       70
  AVERAGE         74                        73      1       78

PRECIPITATION (IN)
  TODAY            0.33          1.82 2010   0.14   0.19     0.05
  MONTH TO DATE    0.33                      0.14   0.19     0.05
  SINCE SEP 1      0.33                      0.14   0.19     0.05
  SINCE JAN 1     17.63                     29.69 -12.06    33.03

DEGREE DAYS
 HEATING
  TODAY            0                         0      0        0
  MONTH TO DATE    0                         0      0        0
  SINCE SEP 1      0                         0      0        0
  SINCE JUL 1      3                         3      0        4

 COOLING
  TODAY            9                         8      1       13
  MONTH TO DATE    9                         8      1       13
  SINCE SEP 1      9                         8      1       13
  SINCE JAN 1   1048                      1085    -37      912
..................................................................


WIND (MPH)
  HIGHEST WIND SPEED    24   HIGHEST WIND DIRECTION    NW (300)
  HIGHEST GUST SPEED    30   HIGHEST GUST DIRECTION    SW (210)


SKY COVER
  AVERAGE SKY COVER 0.5


WEATHER CONDITIONS
 THE FOLLOWING WEATHER WAS RECORDED TODAY.
  THUNDERSTORM
  HEAVY RAIN
  RAIN
  LIGHT RAIN
  FOG


RELATIVE HUMIDITY (PERCENT)
 HIGHEST    93           700 AM
 LOWEST     58           200 PM
 AVERAGE    76

..........................................................


THE VICHY-ROLLA MO CLIMATE NORMALS FOR TOMORROW
                         NORMAL    RECORD    YEAR
 MAXIMUM TEMPERATURE (F)   84        99      1899
 MINIMUM TEMPERATURE (F)   62        49      1974


SUNRISE AND SUNSET
SEPTEMBER  1 2014.....SUNRISE   637 AM CDT   SUNSET   737 PM CDT
SEPTEMBER  2 2014.....SUNRISE   638 AM CDT   SUNSET   735 PM CDT


-  INDICATES NEGATIVE NUMBERS.
R  INDICATES RECORD WAS SET OR TIED.
MM INDICATES DATA IS MISSING.
T  INDICATES TRACE AMOUNT.




$$
