000
CDUS43 KSGF 122128
CLIVIH


CLIMATE REPORT
NATIONAL WEATHER SERVICE SPRINGFIELD MO
428 PM CDT WED APR 12 2017


...................................

...THE VICHY-ROLLA MO CLIMATE SUMMARY FOR APRIL 12 2017...
VALID AS OF 0400 PM LOCAL TIME.

CLIMATE NORMAL PERIOD 1981 TO 2010
CLIMATE RECORD PERIOD 1888 TO 2017


WEATHER ITEM   OBSERVED TIME   RECORD YEAR NORMAL DEPARTURE LAST
                VALUE   (LST)  VALUE       VALUE  FROM      YEAR
                                                  NORMAL
..................................................................
TEMPERATURE (F)
 TODAY
  MAXIMUM         75    259 PM  92    1972  66      9       58
  MINIMUM         39    341 AM  24    1957  43     -4       33
  AVERAGE         57                        54      3       46

PRECIPITATION (IN)
  TODAY            0.00          1.18 1970   0.14  -0.14     0.00
  MONTH TO DATE    1.41                      1.58  -0.17     1.99
  SINCE MAR 1      4.55                      5.03  -0.48     4.85
  SINCE JAN 1      6.61                      9.13  -2.52     6.97

DEGREE DAYS
 HEATING
  TODAY            8                        11     -3       19
  MONTH TO DATE  104                       156    -52      182
  SINCE MAR 1    607                       770   -163      628
  SINCE JUL 1   3593                      4560   -967     3831

 COOLING
  TODAY            0                         1     -1        0
  MONTH TO DATE    6                         6      0        0
  SINCE MAR 1      9                        10     -1        0
  SINCE JAN 1     10                        10      0        0
..................................................................


WIND (MPH)
  HIGHEST WIND SPEED    16   HIGHEST WIND DIRECTION    SE (150)
  HIGHEST GUST SPEED    21   HIGHEST GUST DIRECTION     S (190)


SKY COVER
  AVERAGE SKY COVER 0.0


WEATHER CONDITIONS
 THE FOLLOWING WEATHER WAS RECORDED TODAY.
  NO SIGNIFICANT WEATHER WAS OBSERVED.


RELATIVE HUMIDITY (PERCENT)
 HIGHEST    82           400 AM
 LOWEST     25           300 PM
 AVERAGE    54

..........................................................


THE VICHY-ROLLA MO CLIMATE NORMALS FOR TOMORROW
                         NORMAL    RECORD    YEAR
 MAXIMUM TEMPERATURE (F)   66        86      2006
 MINIMUM TEMPERATURE (F)   43        23      1950


SUNRISE AND SUNSET
APRIL 12 2017.........SUNRISE   635 AM CDT   SUNSET   741 PM CDT
APRIL 13 2017.........SUNRISE   634 AM CDT   SUNSET   742 PM CDT


-  INDICATES NEGATIVE NUMBERS.
R  INDICATES RECORD WAS SET OR TIED.
MM INDICATES DATA IS MISSING.
T  INDICATES TRACE AMOUNT.




$$
