000
CDUS43 KSGF 260629
CLIVIH


CLIMATE REPORT
NATIONAL WEATHER SERVICE SPRINGFIELD MO
1228 AM CST SUN NOV 26 2017


...................................

...THE VICHY-ROLLA MO CLIMATE SUMMARY FOR NOVEMBER 25 2017...

CLIMATE NORMAL PERIOD 1981 TO 2010
CLIMATE RECORD PERIOD 1888 TO 2017


WEATHER ITEM   OBSERVED TIME   RECORD YEAR NORMAL DEPARTURE LAST
                VALUE   (LST)  VALUE       VALUE  FROM      YEAR
                                                  NORMAL
..................................................................
TEMPERATURE (F)
 YESTERDAY
  MAXIMUM         61    303 PM  76    1990  51     10       47
  MINIMUM         33   1153 PM   4    1950  31      2       23
  AVERAGE         47                        41      6       35

PRECIPITATION (IN)
  YESTERDAY        0.00          1.75 1978   0.14  -0.14     0.00
  MONTH TO DATE    0.27                      3.24  -2.97     0.35
  SINCE SEP 1      3.35                     10.79  -7.44     7.55
  SINCE JAN 1     41.95                     40.34   1.61    39.89

DEGREE DAYS
 HEATING
  YESTERDAY       18                        24     -6       30
  MONTH TO DATE  440                       469    -29      357
  SINCE SEP 1    691                       816   -125      510
  SINCE JUL 1    692                       819   -127      510

 COOLING
  YESTERDAY        0                         0      0        0
  MONTH TO DATE    0                         0      0       20
  SINCE SEP 1    277                       166    111      293
  SINCE JAN 1   1247                      1243      4     1482
..................................................................


WIND (MPH)
  HIGHEST WIND SPEED    22   HIGHEST WIND DIRECTION    NW (330)
  HIGHEST GUST SPEED    32   HIGHEST GUST DIRECTION     N (340)
  AVERAGE WIND SPEED     6.3


SKY COVER
  AVERAGE SKY COVER 0.0


WEATHER CONDITIONS
 THE FOLLOWING WEATHER WAS RECORDED YESTERDAY.
  NO SIGNIFICANT WEATHER WAS OBSERVED.


RELATIVE HUMIDITY (PERCENT)
 HIGHEST    76           600 AM
 LOWEST     32           200 PM
 AVERAGE    54

..........................................................


THE VICHY-ROLLA MO CLIMATE NORMALS FOR TODAY
                         NORMAL    RECORD    YEAR
 MAXIMUM TEMPERATURE (F)   50        78      1965
 MINIMUM TEMPERATURE (F)   31         7      1977


SUNRISE AND SUNSET
NOVEMBER 26 2017......SUNRISE   700 AM CST   SUNSET   449 PM CST
NOVEMBER 27 2017......SUNRISE   701 AM CST   SUNSET   448 PM CST


-  INDICATES NEGATIVE NUMBERS.
R  INDICATES RECORD WAS SET OR TIED.
MM INDICATES DATA IS MISSING.
T  INDICATES TRACE AMOUNT.




$$
