000
CDUS43 KSGF 210634
CLIVIH


CLIMATE REPORT
NATIONAL WEATHER SERVICE SPRINGFIELD MO
134 AM CDT SUN AUG 21 2016


...................................

...THE VICHY-ROLLA MO CLIMATE SUMMARY FOR AUGUST 20 2016...

CLIMATE NORMAL PERIOD 1981 TO 2010
CLIMATE RECORD PERIOD 1888 TO 2016


WEATHER ITEM   OBSERVED TIME   RECORD YEAR NORMAL DEPARTURE LAST
                VALUE   (LST)  VALUE       VALUE  FROM      YEAR
                                                  NORMAL
..................................................................
TEMPERATURE (F)
 YESTERDAY
  MAXIMUM         78    335 PM 102    1962  87     -9       80
  MINIMUM         62   1159 PM  50    1950  65     -3       53
  AVERAGE         70                        76     -6       67

PRECIPITATION (IN)
  YESTERDAY        0.00          1.99 2007   0.12  -0.12     0.00
  MONTH TO DATE    9.41                      2.34   7.07     2.18
  SINCE JUN 1     17.51                     11.41   6.10    15.03
  SINCE JAN 1     31.75                     28.22   3.53    29.05

DEGREE DAYS
 HEATING
  YESTERDAY        0                         0      0        0
  MONTH TO DATE    0                         0      0        1
  SINCE JUN 1      0                        15    -15       16
  SINCE JUL 1      0                         1     -1        1

 COOLING
  YESTERDAY        5                        11     -6        2
  MONTH TO DATE  235                       244     -9      204
  SINCE JUN 1    991                       861    130      855
  SINCE JAN 1   1069                       968    101      962
..................................................................


WIND (MPH)
  HIGHEST WIND SPEED    16   HIGHEST WIND DIRECTION     W (270)
  HIGHEST GUST SPEED    21   HIGHEST GUST DIRECTION     W (290)
  AVERAGE WIND SPEED     9.6


SKY COVER
  AVERAGE SKY COVER 0.6


WEATHER CONDITIONS
 THE FOLLOWING WEATHER WAS RECORDED YESTERDAY.
  NO SIGNIFICANT WEATHER WAS OBSERVED.


RELATIVE HUMIDITY (PERCENT)
 HIGHEST    93          1200 AM
 LOWEST     67           100 PM
 AVERAGE    80

..........................................................


THE VICHY-ROLLA MO CLIMATE NORMALS FOR TODAY
                         NORMAL    RECORD    YEAR
 MAXIMUM TEMPERATURE (F)   87       102      2003
 MINIMUM TEMPERATURE (F)   65        48      1956


SUNRISE AND SUNSET
AUGUST 21 2016........SUNRISE   628 AM CDT   SUNSET   752 PM CDT
AUGUST 22 2016........SUNRISE   629 AM CDT   SUNSET   750 PM CDT


-  INDICATES NEGATIVE NUMBERS.
R  INDICATES RECORD WAS SET OR TIED.
MM INDICATES DATA IS MISSING.
T  INDICATES TRACE AMOUNT.




$$
