000
CDUS43 KSGF 132128
CLIVIH


CLIMATE REPORT
NATIONAL WEATHER SERVICE SPRINGFIELD MO
427 PM CDT WED APR 13 2016


...................................

...THE VICHY-ROLLA MO CLIMATE SUMMARY FOR APRIL 13 2016...
VALID AS OF 0400 PM LOCAL TIME.

CLIMATE NORMAL PERIOD 1981 TO 2010
CLIMATE RECORD PERIOD 1888 TO 2016


WEATHER ITEM   OBSERVED TIME   RECORD YEAR NORMAL DEPARTURE LAST
                VALUE   (LST)  VALUE       VALUE  FROM      YEAR
                                                  NORMAL
..................................................................
TEMPERATURE (F)
 TODAY
  MAXIMUM         66    205 PM  86    2006  66      0       68
  MINIMUM         38    605 AM  23    1950  43     -5       55
  AVERAGE         52                        54     -2       62

PRECIPITATION (IN)
  TODAY            0.00          1.94 2012   0.14  -0.14     0.01
  MONTH TO DATE    1.99                      1.72   0.27     1.42
  SINCE MAR 1      4.85                      5.17  -0.32     4.44
  SINCE JAN 1      6.97                      9.27  -2.30     6.72

DEGREE DAYS
 HEATING
  TODAY           13                        11      2        3
  MONTH TO DATE  195                       167     28       86
  SINCE MAR 1    641                       781   -140      698
  SINCE JUL 1   3844                      4571   -727     4815

 COOLING
  TODAY            0                         1     -1        0
  MONTH TO DATE    0                         7     -7       11
  SINCE MAR 1      0                        11    -11       11
  SINCE JAN 1      0                        11    -11       11
..................................................................


WIND (MPH)
  HIGHEST WIND SPEED    10   HIGHEST WIND DIRECTION    SE (140)
  HIGHEST GUST SPEED    15   HIGHEST GUST DIRECTION    SE (130)


SKY COVER
  AVERAGE SKY COVER 0.0


WEATHER CONDITIONS
 THE FOLLOWING WEATHER WAS RECORDED TODAY.
  NO SIGNIFICANT WEATHER WAS OBSERVED.


RELATIVE HUMIDITY (PERCENT)
 HIGHEST    82           600 AM
 LOWEST     31           300 PM
 AVERAGE    57

..........................................................


THE VICHY-ROLLA MO CLIMATE NORMALS FOR TOMORROW
                         NORMAL    RECORD    YEAR
 MAXIMUM TEMPERATURE (F)   66        87      2006
                                             1994
 MINIMUM TEMPERATURE (F)   43        26      1950


SUNRISE AND SUNSET
APRIL 13 2016.........SUNRISE   634 AM CDT   SUNSET   742 PM CDT
APRIL 14 2016.........SUNRISE   632 AM CDT   SUNSET   743 PM CDT


-  INDICATES NEGATIVE NUMBERS.
R  INDICATES RECORD WAS SET OR TIED.
MM INDICATES DATA IS MISSING.
T  INDICATES TRACE AMOUNT.




$$
