000
CDUS43 KSGF 022227
CLIVIH


CLIMATE REPORT
NATIONAL WEATHER SERVICE SPRINGFIELD MO
526 PM CDT WED AUG 2 2017


...................................

...THE VICHY-ROLLA MO CLIMATE SUMMARY FOR AUGUST 2 2017...
VALID TODAY AS OF 0500 PM LOCAL TIME.

CLIMATE NORMAL PERIOD 1981 TO 2010
CLIMATE RECORD PERIOD 1888 TO 2017


WEATHER ITEM   OBSERVED TIME   RECORD YEAR NORMAL DEPARTURE LAST
                VALUE   (LST)  VALUE       VALUE  FROM      YEAR
                                                  NORMAL
..................................................................
TEMPERATURE (F)
 TODAY
  MAXIMUM         91    316 PM 103    1897  89      2       90
  MINIMUM         66    435 AM  56    2009  66      0       68
  AVERAGE         79                        78      1       79

PRECIPITATION (IN)
  TODAY            0.00          1.49 1995   0.12  -0.12     0.78
  MONTH TO DATE    T                         0.25  -0.25     1.95
  SINCE JUN 1     10.20                      9.32   0.88    10.05
  SINCE JAN 1     32.64                     26.13   6.51    24.29

DEGREE DAYS
 HEATING
  TODAY            0                         0      0        0
  MONTH TO DATE    0                         0      0        0
  SINCE JUN 1      1                        15    -14        0
  SINCE JUL 1      0                         1     -1        0

 COOLING
  TODAY           14                        13      1       14
  MONTH TO DATE   26                        26      0       23
  SINCE JUN 1    667                       643     24      779
  SINCE JAN 1    771                       750     21      857
..................................................................


WIND (MPH)
  HIGHEST WIND SPEED     9   HIGHEST WIND DIRECTION     N (350)
  HIGHEST GUST SPEED    13   HIGHEST GUST DIRECTION    NW (320)


SKY COVER
  AVERAGE SKY COVER 0.5


WEATHER CONDITIONS
 THE FOLLOWING WEATHER WAS RECORDED TODAY.
  NO SIGNIFICANT WEATHER WAS OBSERVED.


RELATIVE HUMIDITY (PERCENT)
 HIGHEST   100           600 AM
 LOWEST     36           400 PM
 AVERAGE    68

..........................................................


THE VICHY-ROLLA MO CLIMATE NORMALS FOR TOMORROW
                         NORMAL    RECORD    YEAR
 MAXIMUM TEMPERATURE (F)   89       104      1964
 MINIMUM TEMPERATURE (F)   66        56      1950


SUNRISE AND SUNSET
AUGUST  2 2017........SUNRISE   611 AM CDT   SUNSET   815 PM CDT
AUGUST  3 2017........SUNRISE   612 AM CDT   SUNSET   814 PM CDT


-  INDICATES NEGATIVE NUMBERS.
R  INDICATES RECORD WAS SET OR TIED.
MM INDICATES DATA IS MISSING.
T  INDICATES TRACE AMOUNT.




$$
