000
CDUS43 KSGF 032227
CLIVIH


CLIMATE REPORT
NATIONAL WEATHER SERVICE SPRINGFIELD MO
426 PM CST TUE JAN 3 2017


...................................

...THE VICHY-ROLLA MO CLIMATE SUMMARY FOR JANUARY 3 2017...
VALID AS OF 0400 PM LOCAL TIME.

CLIMATE NORMAL PERIOD 1981 TO 2010
CLIMATE RECORD PERIOD 1888 TO 2017


WEATHER ITEM   OBSERVED TIME   RECORD YEAR NORMAL DEPARTURE LAST
                VALUE   (LST)  VALUE       VALUE  FROM      YEAR
                                                  NORMAL
..................................................................
TEMPERATURE (F)
 TODAY
  MAXIMUM         50    411 AM  69    2009  40     10       40
  MINIMUM         33    359 PM  -1    1959  22     11       24
  AVERAGE         42                        31     11       32

PRECIPITATION (IN)
  TODAY            0.01          1.89 1950   0.07  -0.06     0.00
  MONTH TO DATE    0.07                      0.23  -0.16     0.00
  SINCE DEC 1      0.93                      2.87  -1.94    10.32
  SINCE JAN 1      0.07                      0.23  -0.16     0.00

DEGREE DAYS
 HEATING
  TODAY           23                        34    -11       33
  MONTH TO DATE   69                       102    -33       96
  SINCE DEC 1   1014                      1072    -58      771
  SINCE JUL 1   1642                      2019   -377     1492

 COOLING
  TODAY            0                         0      0        0
  MONTH TO DATE    0                         0      0        0
  SINCE DEC 1      0                         0      0        0
  SINCE JAN 1      0                         0      0        0
..................................................................


WIND (MPH)
  HIGHEST WIND SPEED    20   HIGHEST WIND DIRECTION    NW (320)
  HIGHEST GUST SPEED    27   HIGHEST GUST DIRECTION    NW (320)


SKY COVER
  AVERAGE SKY COVER 1.0


WEATHER CONDITIONS
 THE FOLLOWING WEATHER WAS RECORDED TODAY.
  LIGHT RAIN
  LIGHT SNOW
  FOG
  FOG W/VISIBILITY <= 1/4 MILE


RELATIVE HUMIDITY (PERCENT)
 HIGHEST   100          1200 AM
 LOWEST     92          1200 PM
 AVERAGE    96

..........................................................


THE VICHY-ROLLA MO CLIMATE NORMALS FOR TOMORROW
                         NORMAL    RECORD    YEAR
 MAXIMUM TEMPERATURE (F)   40        66      1950
 MINIMUM TEMPERATURE (F)   22        -8      1959


SUNRISE AND SUNSET
JANUARY  3 2017.......SUNRISE   724 AM CST   SUNSET   500 PM CST
JANUARY  4 2017.......SUNRISE   724 AM CST   SUNSET   501 PM CST


-  INDICATES NEGATIVE NUMBERS.
R  INDICATES RECORD WAS SET OR TIED.
MM INDICATES DATA IS MISSING.
T  INDICATES TRACE AMOUNT.




$$
