000
CDUS43 KSGF 122226
CLIVIH


CLIMATE REPORT
NATIONAL WEATHER SERVICE SPRINGFIELD MO
426 PM CST WED NOV 12 2014


...................................

...THE VICHY-ROLLA MO CLIMATE SUMMARY FOR NOVEMBER 12 2014...
VALID AS OF 0400 PM LOCAL TIME.

CLIMATE NORMAL PERIOD 1981 TO 2010
CLIMATE RECORD PERIOD 1888 TO 2014


WEATHER ITEM   OBSERVED TIME   RECORD YEAR NORMAL DEPARTURE LAST
                VALUE   (LST)  VALUE       VALUE  FROM      YEAR
                                                  NORMAL
..................................................................
TEMPERATURE (F)
 TODAY
  MAXIMUM         32    132 PM  78    1971  57    -25       36
  MINIMUM         25    914 AM  16    1976  37    -12       19
  AVERAGE         29                        47    -18       28

PRECIPITATION (IN)
  TODAY            0.00          1.49 1972   0.13  -0.13     0.00
  MONTH TO DATE    0.77                      1.52  -0.75     0.94
  SINCE SEP 1      8.33                      9.07  -0.74     6.04
  SINCE JAN 1     25.63                     38.62 -12.99    39.02

DEGREE DAYS
 HEATING
  TODAY           36                        18     18       37
  MONTH TO DATE  241                       192     49      223
  SINCE SEP 1    577                       539     38      580
  SINCE JUL 1    580                       542     38      584

 COOLING
  TODAY            0                         0      0        0
  MONTH TO DATE    0                         0      0        0
  SINCE SEP 1    147                       166    -19      226
  SINCE JAN 1   1186                      1243    -57     1125
..................................................................


WIND (MPH)
  HIGHEST WIND SPEED    18   HIGHEST WIND DIRECTION    NW (330)
  HIGHEST GUST SPEED    25   HIGHEST GUST DIRECTION    NW (310)


SKY COVER
  AVERAGE SKY COVER 0.7


WEATHER CONDITIONS
 THE FOLLOWING WEATHER WAS RECORDED TODAY.
  NO SIGNIFICANT WEATHER WAS OBSERVED.


RELATIVE HUMIDITY (PERCENT)
 HIGHEST    75          1200 AM
 LOWEST     49          1200 PM
 AVERAGE    62

..........................................................


THE VICHY-ROLLA MO CLIMATE NORMALS FOR TOMORROW
                         NORMAL    RECORD    YEAR
 MAXIMUM TEMPERATURE (F)   57        85      1955
 MINIMUM TEMPERATURE (F)   36        15      2013
                                             1982


SUNRISE AND SUNSET
NOVEMBER 12 2014......SUNRISE   645 AM CST   SUNSET   457 PM CST
NOVEMBER 13 2014......SUNRISE   646 AM CST   SUNSET   456 PM CST


-  INDICATES NEGATIVE NUMBERS.
R  INDICATES RECORD WAS SET OR TIED.
MM INDICATES DATA IS MISSING.
T  INDICATES TRACE AMOUNT.




$$
