454
CDUS43 KSGF 292126
CLIVIH


CLIMATE REPORT
NATIONAL WEATHER SERVICE SPRINGFIELD MO
425 PM CDT SUN MAY 29 2016


...................................

...THE VICHY-ROLLA MO CLIMATE SUMMARY FOR MAY 29 2016...
VALID AS OF 0400 PM LOCAL TIME.

CLIMATE NORMAL PERIOD 1981 TO 2010
CLIMATE RECORD PERIOD 1888 TO 2016


WEATHER ITEM   OBSERVED TIME   RECORD YEAR NORMAL DEPARTURE LAST
                VALUE   (LST)  VALUE       VALUE  FROM      YEAR
                                                  NORMAL
..................................................................
TEMPERATURE (F)
 TODAY
  MAXIMUM         83    253 PM  92    1953  78      5       76
  MINIMUM         60    450 AM  41    1971  57      3       64
  AVERAGE         72                        67      5       70

PRECIPITATION (IN)
  TODAY            0.00          1.93 1967   0.16  -0.16     1.73
  MONTH TO DATE    5.15                      4.71   0.44     5.75
  SINCE MAR 1     12.09                     12.38  -0.29    10.89
  SINCE JAN 1     14.21                     16.48  -2.27    13.17

DEGREE DAYS
 HEATING
  TODAY            0                         2     -2        0
  MONTH TO DATE  161                       113     48       80
  SINCE MAR 1    849                      1041   -192      918
  SINCE JUL 1   4052                      4831   -779     5035

 COOLING
  TODAY            7                         4      3        5
  MONTH TO DATE   50                        71    -21       92
  SINCE MAR 1     64                        97    -33      105
  SINCE JAN 1     64                        97    -33      105
..................................................................


WIND (MPH)
  HIGHEST WIND SPEED    12   HIGHEST WIND DIRECTION     W (270)
  HIGHEST GUST SPEED    16   HIGHEST GUST DIRECTION     W (280)


SKY COVER
  AVERAGE SKY COVER 0.1


WEATHER CONDITIONS
 THE FOLLOWING WEATHER WAS RECORDED TODAY.
  NO SIGNIFICANT WEATHER WAS OBSERVED.


RELATIVE HUMIDITY (PERCENT)
 HIGHEST    97           500 AM
 LOWEST     47           200 PM
 AVERAGE    72

..........................................................


THE VICHY-ROLLA MO CLIMATE NORMALS FOR TOMORROW
                         NORMAL    RECORD    YEAR
 MAXIMUM TEMPERATURE (F)   78        91      1953
 MINIMUM TEMPERATURE (F)   57        46      1901


SUNRISE AND SUNSET
MAY 29 2016...........SUNRISE   547 AM CDT   SUNSET   823 PM CDT
MAY 30 2016...........SUNRISE   546 AM CDT   SUNSET   823 PM CDT


-  INDICATES NEGATIVE NUMBERS.
R  INDICATES RECORD WAS SET OR TIED.
MM INDICATES DATA IS MISSING.
T  INDICATES TRACE AMOUNT.




$$
