000
CDUS43 KSGF 190630
CLIVIH


CLIMATE REPORT
NATIONAL WEATHER SERVICE SPRINGFIELD MO
1230 AM CST SUN NOV 19 2017


...................................

...THE VICHY-ROLLA MO CLIMATE SUMMARY FOR NOVEMBER 18 2017...

CLIMATE NORMAL PERIOD 1981 TO 2010
CLIMATE RECORD PERIOD 1888 TO 2017


WEATHER ITEM   OBSERVED TIME   RECORD YEAR NORMAL DEPARTURE LAST
                VALUE   (LST)  VALUE       VALUE  FROM      YEAR
                                                  NORMAL
..................................................................
TEMPERATURE (F)
 YESTERDAY
  MAXIMUM         69    859 AM  74    1981  54     15       66
  MINIMUM         36   1159 PM   7    2014  34      2       39
                                      1903
  AVERAGE         53                        44      9       53

PRECIPITATION (IN)
  YESTERDAY        0.18          1.07 1954   0.14   0.04      T
  MONTH TO DATE    0.27                      2.29  -2.02     0.31
  SINCE SEP 1      3.35                      9.84  -6.49     7.51
  SINCE JAN 1     41.95                     39.39   2.56    39.85

DEGREE DAYS
 HEATING
  YESTERDAY       12                        21     -9       12
  MONTH TO DATE  288                       310    -22      194
  SINCE SEP 1    539                       657   -118      347
  SINCE JUL 1    540                       660   -120      347

 COOLING
  YESTERDAY        0                         0      0        0
  MONTH TO DATE    0                         0      0       20
  SINCE SEP 1    277                       166    111      293
  SINCE JAN 1   1247                      1243      4     1482
..................................................................


WIND (MPH)
  HIGHEST WIND SPEED    32   HIGHEST WIND DIRECTION    NW (300)
  HIGHEST GUST SPEED    48   HIGHEST GUST DIRECTION     W (290)
  AVERAGE WIND SPEED    15.3


SKY COVER
  AVERAGE SKY COVER 0.4


WEATHER CONDITIONS
 THE FOLLOWING WEATHER WAS RECORDED YESTERDAY.
  RAIN
  LIGHT RAIN
  FOG


RELATIVE HUMIDITY (PERCENT)
 HIGHEST   100          1200 PM
 LOWEST     59          1100 PM
 AVERAGE    80

..........................................................


THE VICHY-ROLLA MO CLIMATE NORMALS FOR TODAY
                         NORMAL    RECORD    YEAR
 MAXIMUM TEMPERATURE (F)   54        74      1949
 MINIMUM TEMPERATURE (F)   34         8      1903


SUNRISE AND SUNSET
NOVEMBER 19 2017......SUNRISE   653 AM CST   SUNSET   452 PM CST
NOVEMBER 20 2017......SUNRISE   654 AM CST   SUNSET   452 PM CST


-  INDICATES NEGATIVE NUMBERS.
R  INDICATES RECORD WAS SET OR TIED.
MM INDICATES DATA IS MISSING.
T  INDICATES TRACE AMOUNT.




$$
