268
CDUS43 KSGF 210637
CLIVIH


CLIMATE REPORT
NATIONAL WEATHER SERVICE SPRINGFIELD MO
1237 AM CST SAT JAN 21 2017


...................................

...THE VICHY-ROLLA MO CLIMATE SUMMARY FOR JANUARY 20 2017...

CLIMATE NORMAL PERIOD 1981 TO 2010
CLIMATE RECORD PERIOD 1888 TO 2017


WEATHER ITEM   OBSERVED TIME   RECORD YEAR NORMAL DEPARTURE LAST
                VALUE   (LST)  VALUE       VALUE  FROM      YEAR
                                                  NORMAL
..................................................................
TEMPERATURE (F)
 YESTERDAY
  MAXIMUM         57    411 PM  65    2010  41     16       26
  MINIMUM         42    643 AM  -4    1970  21     21       12
  AVERAGE         50                        31     19       19

PRECIPITATION (IN)
  YESTERDAY        0.00          0.74 1993   0.06  -0.06      T
  MONTH TO DATE    0.97                      1.49  -0.52     0.74
  SINCE DEC 1      1.83                      4.13  -2.30    11.06
  SINCE JAN 1      0.97                      1.49  -0.52     0.74

DEGREE DAYS
 HEATING
  YESTERDAY       15                        34    -19       46
  MONTH TO DATE  620                       680    -60      732
  SINCE DEC 1   1565                      1650    -85     1407
  SINCE JUL 1   2193                      2597   -404     2128

 COOLING
  YESTERDAY        0                         0      0        0
  MONTH TO DATE    0                         0      0        0
  SINCE DEC 1      0                         0      0        0
  SINCE JAN 1      0                         0      0        0
..................................................................


WIND (MPH)
  HIGHEST WIND SPEED    18   HIGHEST WIND DIRECTION     S (170)
  HIGHEST GUST SPEED    23   HIGHEST GUST DIRECTION     S (170)
  AVERAGE WIND SPEED     9.2


SKY COVER
  AVERAGE SKY COVER 0.6


WEATHER CONDITIONS
 THE FOLLOWING WEATHER WAS RECORDED YESTERDAY.
  FOG
  FOG W/VISIBILITY <= 1/4 MILE


RELATIVE HUMIDITY (PERCENT)
 HIGHEST   100          1200 AM
 LOWEST     72           400 PM
 AVERAGE    86

..........................................................


THE VICHY-ROLLA MO CLIMATE NORMALS FOR TODAY
                         NORMAL    RECORD    YEAR
 MAXIMUM TEMPERATURE (F)   41        68      1974
 MINIMUM TEMPERATURE (F)   21        -9      1970


SUNRISE AND SUNSET
JANUARY 21 2017.......SUNRISE   719 AM CST   SUNSET   518 PM CST
JANUARY 22 2017.......SUNRISE   719 AM CST   SUNSET   519 PM CST


-  INDICATES NEGATIVE NUMBERS.
R  INDICATES RECORD WAS SET OR TIED.
MM INDICATES DATA IS MISSING.
T  INDICATES TRACE AMOUNT.




$$
