000
CDUS43 KSGF 210626
CLIVIH


CLIMATE REPORT
NATIONAL WEATHER SERVICE SPRINGFIELD MO
126 AM CDT MON APR 21 2014


...................................

...THE VICHY-ROLLA MO CLIMATE SUMMARY FOR APRIL 20 2014...

CLIMATE NORMAL PERIOD 1981 TO 2010
CLIMATE RECORD PERIOD 1888 TO 2014


WEATHER ITEM   OBSERVED TIME   RECORD YEAR NORMAL DEPARTURE LAST
                VALUE   (LST)  VALUE       VALUE  FROM      YEAR
                                                  NORMAL
..................................................................
TEMPERATURE (F)
 YESTERDAY
  MAXIMUM         80    229 PM  86    1902  68     12       58
  MINIMUM         52    607 AM  27    1953  45      7       28
  AVERAGE         66                        57      9       43

PRECIPITATION (IN)
  YESTERDAY        0.00          2.14 1966   0.14  -0.14     0.00
  MONTH TO DATE    2.14                      2.70  -0.56     4.08
  SINCE MAR 1      2.85                      6.15  -3.30     7.34
  SINCE JAN 1      4.31                     10.25  -5.94    12.05

DEGREE DAYS
 HEATING
  YESTERDAY        0                         9     -9       22
  MONTH TO DATE  237                       237      0      271
  SINCE MAR 1    988                       851    137     1090
  SINCE JUL 1   5294                      4641    653     4676

 COOLING
  YESTERDAY        1                         1      0        0
  MONTH TO DATE    8                        14     -6        6
  SINCE MAR 1      8                        18    -10        6
  SINCE JAN 1      8                        18    -10        6
..................................................................


WIND (MPH)
  HIGHEST WIND SPEED    16   HIGHEST WIND DIRECTION     S (200)
  HIGHEST GUST SPEED    23   HIGHEST GUST DIRECTION     S (180)
  AVERAGE WIND SPEED     9.1


SKY COVER
  AVERAGE SKY COVER 0.0


WEATHER CONDITIONS
 THE FOLLOWING WEATHER WAS RECORDED YESTERDAY.
  NO SIGNIFICANT WEATHER WAS OBSERVED.


RELATIVE HUMIDITY (PERCENT)
 HIGHEST    66           600 AM
 LOWEST     32           200 PM
 AVERAGE    49

..........................................................


THE VICHY-ROLLA MO CLIMATE NORMALS FOR TODAY
                         NORMAL    RECORD    YEAR
 MAXIMUM TEMPERATURE (F)   68        90      1963
 MINIMUM TEMPERATURE (F)   46        30      1901


SUNRISE AND SUNSET
APRIL 21 2014.........SUNRISE   623 AM CDT   SUNSET   749 PM CDT
APRIL 22 2014.........SUNRISE   622 AM CDT   SUNSET   750 PM CDT


-  INDICATES NEGATIVE NUMBERS.
R  INDICATES RECORD WAS SET OR TIED.
MM INDICATES DATA IS MISSING.
T  INDICATES TRACE AMOUNT.




$$
