000
CDUS43 KSGF 150627
CLIVIH


CLIMATE REPORT
NATIONAL WEATHER SERVICE SPRINGFIELD MO
1225 AM CST WED NOV 15 2017


...................................

...THE VICHY-ROLLA MO CLIMATE SUMMARY FOR NOVEMBER 14 2017...

CLIMATE NORMAL PERIOD 1981 TO 2010
CLIMATE RECORD PERIOD 1888 TO 2017


WEATHER ITEM   OBSERVED TIME   RECORD YEAR NORMAL DEPARTURE LAST
                VALUE   (LST)  VALUE       VALUE  FROM      YEAR
                                                  NORMAL
..................................................................
TEMPERATURE (F)
 YESTERDAY
  MAXIMUM         53   1159 PM  75    1960  56     -3       67
  MINIMUM         44    745 AM  14    2014  36      8       40
  AVERAGE         49                        46      3       54

PRECIPITATION (IN)
  YESTERDAY        T             2.26 1993   0.13  -0.13     0.00
  MONTH TO DATE    0.01                      1.78  -1.77     0.31
  SINCE SEP 1      3.09                      9.33  -6.24     7.51
  SINCE JAN 1     41.69                     38.88   2.81    39.85

DEGREE DAYS
 HEATING
  YESTERDAY       16                        19     -3       11
  MONTH TO DATE  223                       230     -7      162
  SINCE SEP 1    474                       577   -103      315
  SINCE JUL 1    475                       580   -105      315

 COOLING
  YESTERDAY        0                         0      0        0
  MONTH TO DATE    0                         0      0       15
  SINCE SEP 1    277                       166    111      288
  SINCE JAN 1   1247                      1243      4     1477
..................................................................


WIND (MPH)
  HIGHEST WIND SPEED    18   HIGHEST WIND DIRECTION     S (180)
  HIGHEST GUST SPEED    24   HIGHEST GUST DIRECTION     S (160)
  AVERAGE WIND SPEED    12.3


SKY COVER
  AVERAGE SKY COVER 1.0


WEATHER CONDITIONS
 THE FOLLOWING WEATHER WAS RECORDED YESTERDAY.
  NO SIGNIFICANT WEATHER WAS OBSERVED.


RELATIVE HUMIDITY (PERCENT)
 HIGHEST    71          1100 PM
 LOWEST     59           100 PM
 AVERAGE    65

..........................................................


THE VICHY-ROLLA MO CLIMATE NORMALS FOR TODAY
                         NORMAL    RECORD    YEAR
 MAXIMUM TEMPERATURE (F)   56        79      1955
 MINIMUM TEMPERATURE (F)   35        20      2014
                                             1959


SUNRISE AND SUNSET
NOVEMBER 15 2017......SUNRISE   648 AM CST   SUNSET   455 PM CST
NOVEMBER 16 2017......SUNRISE   649 AM CST   SUNSET   454 PM CST


-  INDICATES NEGATIVE NUMBERS.
R  INDICATES RECORD WAS SET OR TIED.
MM INDICATES DATA IS MISSING.
T  INDICATES TRACE AMOUNT.




$$
