000
CDUS43 KSGF 160636
CLIVIH


CLIMATE REPORT
NATIONAL WEATHER SERVICE SPRINGFIELD MO
1234 AM CST TUE DEC 16 2014


...................................

...THE VICHY-ROLLA MO CLIMATE SUMMARY FOR DECEMBER 15 2014...

CLIMATE NORMAL PERIOD 1981 TO 2010
CLIMATE RECORD PERIOD 1888 TO 2014


WEATHER ITEM   OBSERVED TIME   RECORD YEAR NORMAL DEPARTURE LAST
                VALUE   (LST)  VALUE       VALUE  FROM      YEAR
                                                  NORMAL
..................................................................
TEMPERATURE (F)
 YESTERDAY
  MAXIMUM         58    214 PM  74    1948  43     15       39
  MINIMUM         39   1159 PM  -7    1901  24     15       23
  AVERAGE         49                        33     16       31

PRECIPITATION (IN)
  YESTERDAY        0.42          1.99 1992   0.08   0.34     0.00
  MONTH TO DATE    1.69                      1.44   0.25     1.03
  SINCE DEC 1      1.69                      1.44   0.25     1.03
  SINCE JAN 1     28.97                     42.41 -13.44    40.78

DEGREE DAYS
 HEATING
  YESTERDAY       16                        32    -16       34
  MONTH TO DATE  389                       441    -52      529
  SINCE DEC 1    389                       441    -52      529
  SINCE JUL 1   1531                      1388    143     1579

 COOLING
  YESTERDAY        0                         0      0        0
  MONTH TO DATE    0                         0      0        0
  SINCE DEC 1      0                         0      0        0
  SINCE JAN 1   1186                      1246    -60     1125
..................................................................


WIND (MPH)
  HIGHEST WIND SPEED    28   HIGHEST WIND DIRECTION    SW (240)
  HIGHEST GUST SPEED    35   HIGHEST GUST DIRECTION    SW (240)
  AVERAGE WIND SPEED    16.0


SKY COVER
  AVERAGE SKY COVER 0.9


WEATHER CONDITIONS
 THE FOLLOWING WEATHER WAS RECORDED YESTERDAY.
  HEAVY RAIN
  RAIN
  LIGHT RAIN
  FOG


RELATIVE HUMIDITY (PERCENT)
 HIGHEST    93           400 AM
 LOWEST     71           400 PM
 AVERAGE    82

..........................................................


THE VICHY-ROLLA MO CLIMATE NORMALS FOR TODAY
                         NORMAL    RECORD    YEAR
 MAXIMUM TEMPERATURE (F)   42        66      2006
 MINIMUM TEMPERATURE (F)   24       -14      1901


SUNRISE AND SUNSET
DECEMBER 16 2014......SUNRISE   717 AM CST   SUNSET   449 PM CST
DECEMBER 17 2014......SUNRISE   718 AM CST   SUNSET   449 PM CST


-  INDICATES NEGATIVE NUMBERS.
R  INDICATES RECORD WAS SET OR TIED.
MM INDICATES DATA IS MISSING.
T  INDICATES TRACE AMOUNT.




$$
