000
CDUS43 KSGF 162234
CLIVIH


CLIMATE REPORT
NATIONAL WEATHER SERVICE SPRINGFIELD MO
534 PM CDT WED APR 16 2014


...................................

...THE VICHY-ROLLA MO CLIMATE SUMMARY FOR APRIL 16 2014...
VALID TODAY AS OF 0500 PM LOCAL TIME.

CLIMATE NORMAL PERIOD 1981 TO 2010
CLIMATE RECORD PERIOD 1888 TO 2014


WEATHER ITEM   OBSERVED TIME   RECORD YEAR NORMAL DEPARTURE LAST
                VALUE   (LST)  VALUE       VALUE  FROM      YEAR
                                                  NORMAL
..................................................................
TEMPERATURE (F)
 TODAY
  MAXIMUM         58    359 PM  85    2006  67     -9       49
                                      1977
  MINIMUM         36    516 AM  27    1949  44     -8       42
  AVERAGE         47                        56     -9       46

PRECIPITATION (IN)
  TODAY            0.00          0.90 1995   0.14  -0.14     0.85
  MONTH TO DATE    2.14                      2.14   0.00     2.54
  SINCE MAR 1      2.85                      5.59  -2.74     5.80
  SINCE JAN 1      4.31                      9.69  -5.38    10.51

DEGREE DAYS
 COOLING
  TODAY            0                         1     -1        0
  MONTH TO DATE    7                        10     -3        6
  SINCE MAR 1      7                        14     -7        6
  SINCE JAN 1      7                        14     -7        6
..................................................................


WIND (MPH)
  HIGHEST WIND SPEED    26   HIGHEST WIND DIRECTION     S (160)
  HIGHEST GUST SPEED    37   HIGHEST GUST DIRECTION     S (180)


SKY COVER
  AVERAGE SKY COVER 0.0


WEATHER CONDITIONS
 THE FOLLOWING WEATHER WAS RECORDED TODAY.
  NO SIGNIFICANT WEATHER WAS OBSERVED.


RELATIVE HUMIDITY (PERCENT)
 HIGHEST    70           400 AM
 LOWEST     28           300 PM
 AVERAGE    49

..........................................................


THE VICHY-ROLLA MO CLIMATE NORMALS FOR TOMORROW
                         NORMAL    RECORD    YEAR
 MAXIMUM TEMPERATURE (F)   67        86      2004
 MINIMUM TEMPERATURE (F)   44        25      1904


SUNRISE AND SUNSET
APRIL 16 2014.........SUNRISE   630 AM CDT   SUNSET   744 PM CDT
APRIL 17 2014.........SUNRISE   629 AM CDT   SUNSET   745 PM CDT


-  INDICATES NEGATIVE NUMBERS.
R  INDICATES RECORD WAS SET OR TIED.
MM INDICATES DATA IS MISSING.
T  INDICATES TRACE AMOUNT.




$$
