000
CDUS43 KSGF 260627
CLIVIH


CLIMATE REPORT
NATIONAL WEATHER SERVICE SPRINGFIELD MO
1227 AM CST MON JAN 26 2015


...................................

...THE VICHY-ROLLA MO CLIMATE SUMMARY FOR JANUARY 25 2015...

CLIMATE NORMAL PERIOD 1981 TO 2010
CLIMATE RECORD PERIOD 1888 TO 2015


WEATHER ITEM   OBSERVED TIME   RECORD YEAR NORMAL DEPARTURE LAST
                VALUE   (LST)  VALUE       VALUE  FROM      YEAR
                                                  NORMAL
..................................................................
TEMPERATURE (F)
 YESTERDAY
  MAXIMUM         49    101 AM  75    1950  41      8       47
  MINIMUM         30   1159 PM -14    1905  22      8       16
  AVERAGE         40                        31      9       32

PRECIPITATION (IN)
  YESTERDAY        0.05          0.81 1950   0.07  -0.02     0.00
  MONTH TO DATE    0.88                      1.81  -0.93     0.85
  SINCE DEC 1      3.25                      4.45  -1.20     2.72
  SINCE JAN 1      0.88                      1.81  -0.93     0.85

DEGREE DAYS
 HEATING
  YESTERDAY       25                        34     -9       33
  MONTH TO DATE  866                       850     16      966
  SINCE DEC 1   1738                      1820    -82     2003
  SINCE JUL 1   2880                      2767    113     3053

 COOLING
  YESTERDAY        0                         0      0        0
  MONTH TO DATE    0                         0      0        0
  SINCE DEC 1      0                         0      0        0
  SINCE JAN 1      0                         0      0        0
..................................................................


WIND (MPH)
  HIGHEST WIND SPEED    28   HIGHEST WIND DIRECTION    NW (330)
  HIGHEST GUST SPEED    31   HIGHEST GUST DIRECTION     N (340)
  AVERAGE WIND SPEED    13.8


SKY COVER
  AVERAGE SKY COVER 1.0


WEATHER CONDITIONS
 THE FOLLOWING WEATHER WAS RECORDED YESTERDAY.
  RAIN
  LIGHT RAIN
  LIGHT SNOW
  FOG
  HAZE


RELATIVE HUMIDITY (PERCENT)
 HIGHEST    92           400 PM
 LOWEST     50          1200 AM
 AVERAGE    71

..........................................................


THE VICHY-ROLLA MO CLIMATE NORMALS FOR TODAY
                         NORMAL    RECORD    YEAR
 MAXIMUM TEMPERATURE (F)   41        67      1953
 MINIMUM TEMPERATURE (F)   22        -3      1978


SUNRISE AND SUNSET
JANUARY 26 2015.......SUNRISE   717 AM CST   SUNSET   523 PM CST
JANUARY 27 2015.......SUNRISE   716 AM CST   SUNSET   524 PM CST


-  INDICATES NEGATIVE NUMBERS.
R  INDICATES RECORD WAS SET OR TIED.
MM INDICATES DATA IS MISSING.
T  INDICATES TRACE AMOUNT.




$$
