000
CDUS43 KSGF 282227
CLIVIH


CLIMATE REPORT
NATIONAL WEATHER SERVICE SPRINGFIELD MO
526 PM CDT SUN SEP 28 2014


...................................

...THE VICHY-ROLLA MO CLIMATE SUMMARY FOR SEPTEMBER 28 2014...
VALID TODAY AS OF 0500 PM LOCAL TIME.

CLIMATE NORMAL PERIOD 1981 TO 2010
CLIMATE RECORD PERIOD 1888 TO 2014


WEATHER ITEM   OBSERVED TIME   RECORD YEAR NORMAL DEPARTURE LAST
                VALUE   (LST)  VALUE       VALUE  FROM      YEAR
                                                  NORMAL
..................................................................
TEMPERATURE (F)
 TODAY
  MAXIMUM         85    238 PM 101    1953  73     12       80
  MINIMUM         58    546 AM  38    1951  52      6       59
  AVERAGE         72                        63      9       70

PRECIPITATION (IN)
  TODAY            0.00          1.84 1999   0.12  -0.12    MM
  MONTH TO DATE    1.91                      3.82  -1.91     2.86
  SINCE SEP 1      1.91                      3.82  -1.91     2.86
  SINCE JAN 1     19.21                     33.37 -14.16    35.84

DEGREE DAYS
 HEATING
  TODAY            0                         5     -5        0
  MONTH TO DATE   61                        51     10       23
  SINCE SEP 1     61                        51     10       23
  SINCE JUL 1     64                        54     10       27

 COOLING
  TODAY            7                         2      5        5
  MONTH TO DATE  111                       137    -26      187
  SINCE SEP 1    111                       137    -26      187
  SINCE JAN 1   1150                      1214    -64     1086
..................................................................


WIND (MPH)
  HIGHEST WIND SPEED    10   HIGHEST WIND DIRECTION    SE (130)
  HIGHEST GUST SPEED    13   HIGHEST GUST DIRECTION    SE (130)


SKY COVER
  AVERAGE SKY COVER 0.3


WEATHER CONDITIONS
 THE FOLLOWING WEATHER WAS RECORDED TODAY.
  NO SIGNIFICANT WEATHER WAS OBSERVED.


RELATIVE HUMIDITY (PERCENT)
 HIGHEST    87           300 AM
 LOWEST     40           200 PM
 AVERAGE    64

..........................................................


THE VICHY-ROLLA MO CLIMATE NORMALS FOR TOMORROW
                         NORMAL    RECORD    YEAR
 MAXIMUM TEMPERATURE (F)   73       102      1953
 MINIMUM TEMPERATURE (F)   51        34      2003


SUNRISE AND SUNSET
SEPTEMBER 28 2014.....SUNRISE   700 AM CDT   SUNSET   655 PM CDT
SEPTEMBER 29 2014.....SUNRISE   701 AM CDT   SUNSET   653 PM CDT


-  INDICATES NEGATIVE NUMBERS.
R  INDICATES RECORD WAS SET OR TIED.
MM INDICATES DATA IS MISSING.
T  INDICATES TRACE AMOUNT.




$$
