000
CDUS43 KSGF 202126
CLIVIH


CLIMATE REPORT
NATIONAL WEATHER SERVICE SPRINGFIELD MO
426 PM CDT FRI OCT 20 2017


...................................

...THE VICHY-ROLLA MO CLIMATE SUMMARY FOR OCTOBER 20 2017...
VALID AS OF 0400 PM LOCAL TIME.

CLIMATE NORMAL PERIOD 1981 TO 2010
CLIMATE RECORD PERIOD 1888 TO 2017


WEATHER ITEM   OBSERVED TIME   RECORD YEAR NORMAL DEPARTURE LAST
                VALUE   (LST)  VALUE       VALUE  FROM      YEAR
                                                  NORMAL
..................................................................
TEMPERATURE (F)
 TODAY
  MAXIMUM         75    219 PM  86    1963  66      9       61
  MINIMUM         53    638 AM  25    1960  45      8       42
  AVERAGE         64                        55      9       52

PRECIPITATION (IN)
  TODAY            0.00          1.02 1993   0.12  -0.12     0.02
  MONTH TO DATE    2.49                      2.22   0.27     2.56
  SINCE SEP 1      2.68                      6.26  -3.58     7.04
  SINCE JAN 1     41.28                     35.81   5.47    39.38

DEGREE DAYS
 HEATING
  TODAY            1                        10     -9       13
  MONTH TO DATE   58                       154    -96       82
  SINCE SEP 1     75                       215   -140      106
  SINCE JUL 1     76                       218   -142      106

 COOLING
  TODAY            0                         1     -1        0
  MONTH TO DATE   72                        23     49       52
  SINCE SEP 1    272                       164    108      263
  SINCE JAN 1   1242                      1241      1     1452
..................................................................


WIND (MPH)
  HIGHEST WIND SPEED    17   HIGHEST WIND DIRECTION     S (170)
  HIGHEST GUST SPEED    22   HIGHEST GUST DIRECTION    SE (130)


SKY COVER
  AVERAGE SKY COVER 0.0


WEATHER CONDITIONS
 THE FOLLOWING WEATHER WAS RECORDED TODAY.
  NO SIGNIFICANT WEATHER WAS OBSERVED.


RELATIVE HUMIDITY (PERCENT)
 HIGHEST    83           500 AM
 LOWEST     38           200 PM
 AVERAGE    61

..........................................................


THE VICHY-ROLLA MO CLIMATE NORMALS FOR TOMORROW
                         NORMAL    RECORD    YEAR
 MAXIMUM TEMPERATURE (F)   66        86      1978
 MINIMUM TEMPERATURE (F)   44        22      1952


SUNRISE AND SUNSET
OCTOBER 20 2017.......SUNRISE   721 AM CDT   SUNSET   622 PM CDT
OCTOBER 21 2017.......SUNRISE   722 AM CDT   SUNSET   621 PM CDT


-  INDICATES NEGATIVE NUMBERS.
R  INDICATES RECORD WAS SET OR TIED.
MM INDICATES DATA IS MISSING.
T  INDICATES TRACE AMOUNT.




$$
