000
CDUS43 KSGF 300630
CLIVIH


CLIMATE REPORT
NATIONAL WEATHER SERVICE SPRINGFIELD MO
130 AM CDT FRI SEP 30 2016


...................................

...THE VICHY-ROLLA MO CLIMATE SUMMARY FOR SEPTEMBER 29 2016...

CLIMATE NORMAL PERIOD 1981 TO 2010
CLIMATE RECORD PERIOD 1888 TO 2016


WEATHER ITEM   OBSERVED TIME   RECORD YEAR NORMAL DEPARTURE LAST
                VALUE   (LST)  VALUE       VALUE  FROM      YEAR
                                                  NORMAL
..................................................................
TEMPERATURE (F)
 YESTERDAY
  MAXIMUM         73    329 PM 102    1953  73      0       83
  MINIMUM         48    620 AM  34    2003  51     -3       61
  AVERAGE         61                        62     -1       72

PRECIPITATION (IN)
  YESTERDAY        0.00          1.38 1972   0.11  -0.11     0.00
  MONTH TO DATE    4.48                      3.93   0.55     0.82
  SINCE SEP 1      4.48                      3.93   0.55     0.82
  SINCE JAN 1     36.82                     33.48   3.34    30.08

DEGREE DAYS
 HEATING
  YESTERDAY        4                         5     -1        0
  MONTH TO DATE   19                        56    -37       24
  SINCE SEP 1     19                        56    -37       24
  SINCE JUL 1     19                        59    -40       26

 COOLING
  YESTERDAY        0                         2     -2        7
  MONTH TO DATE  211                       139     72      236
  SINCE SEP 1    211                       139     72      236
  SINCE JAN 1   1400                      1216    184     1251
..................................................................


WIND (MPH)
  HIGHEST WIND SPEED    20   HIGHEST WIND DIRECTION    NW (330)
  HIGHEST GUST SPEED    MM   HIGHEST GUST DIRECTION    NW (320)
  AVERAGE WIND SPEED     9.4


SKY COVER
  AVERAGE SKY COVER 0.3


WEATHER CONDITIONS
 THE FOLLOWING WEATHER WAS RECORDED YESTERDAY.
  NO SIGNIFICANT WEATHER WAS OBSERVED.


RELATIVE HUMIDITY (PERCENT)
 HIGHEST    93           200 AM
 LOWEST     49           300 PM
 AVERAGE    71

..........................................................


THE VICHY-ROLLA MO CLIMATE NORMALS FOR TODAY
                         NORMAL    RECORD    YEAR
 MAXIMUM TEMPERATURE (F)   73        92      1901
 MINIMUM TEMPERATURE (F)   51        31      1899


SUNRISE AND SUNSET
SEPTEMBER 30 2016.....SUNRISE   702 AM CDT   SUNSET   651 PM CDT
OCTOBER  1 2016.......SUNRISE   703 AM CDT   SUNSET   649 PM CDT


-  INDICATES NEGATIVE NUMBERS.
R  INDICATES RECORD WAS SET OR TIED.
MM INDICATES DATA IS MISSING.
T  INDICATES TRACE AMOUNT.




$$
