000
CDUS43 KSGF 150635
CLIVIH


CLIMATE REPORT
NATIONAL WEATHER SERVICE SPRINGFIELD MO
1235 AM CST FRI DEC 15 2017


...................................

...THE VICHY-ROLLA MO CLIMATE SUMMARY FOR DECEMBER 14 2017...

CLIMATE NORMAL PERIOD 1981 TO 2010
CLIMATE RECORD PERIOD 1888 TO 2017


WEATHER ITEM   OBSERVED TIME   RECORD YEAR NORMAL DEPARTURE LAST
                VALUE   (LST)  VALUE       VALUE  FROM      YEAR
                                                  NORMAL
..................................................................
TEMPERATURE (F)
 YESTERDAY
  MAXIMUM         40   1230 AM  68    1975  43     -3       30
  MINIMUM         27   1159 PM   1    1963  24      3       14
  AVERAGE         34                        34      0       22

PRECIPITATION (IN)
  YESTERDAY        0.00          1.68 1971   0.08  -0.08     0.00
  MONTH TO DATE    0.17                      1.36  -1.19     0.25
  SINCE DEC 1      0.17                      1.36  -1.19     0.25
  SINCE JAN 1     42.12                     42.33  -0.21    40.31

DEGREE DAYS
 HEATING
  YESTERDAY       31                        31      0       43
  MONTH TO DATE  367                       409    -42      469
  SINCE DEC 1    367                       409    -42      469
  SINCE JUL 1   1119                      1356   -237     1097

 COOLING
  YESTERDAY        0                         0      0        0
  MONTH TO DATE    0                         0      0        0
  SINCE DEC 1      0                         0      0        0
  SINCE JAN 1   1247                      1246      1     1482
..................................................................


WIND (MPH)
  HIGHEST WIND SPEED    21   HIGHEST WIND DIRECTION    NW (330)
  HIGHEST GUST SPEED    28   HIGHEST GUST DIRECTION     N (360)
  AVERAGE WIND SPEED     6.4


SKY COVER
  AVERAGE SKY COVER 0.9


WEATHER CONDITIONS
 THE FOLLOWING WEATHER WAS RECORDED YESTERDAY.
  NO SIGNIFICANT WEATHER WAS OBSERVED.


RELATIVE HUMIDITY (PERCENT)
 HIGHEST    75           400 AM
 LOWEST     56           300 PM
 AVERAGE    66

..........................................................


THE VICHY-ROLLA MO CLIMATE NORMALS FOR TODAY
                         NORMAL    RECORD    YEAR
 MAXIMUM TEMPERATURE (F)   43        74      1948
 MINIMUM TEMPERATURE (F)   24        -7      1901


SUNRISE AND SUNSET
DECEMBER 15 2017......SUNRISE   716 AM CST   SUNSET   448 PM CST
DECEMBER 16 2017......SUNRISE   717 AM CST   SUNSET   449 PM CST


-  INDICATES NEGATIVE NUMBERS.
R  INDICATES RECORD WAS SET OR TIED.
MM INDICATES DATA IS MISSING.
T  INDICATES TRACE AMOUNT.




$$
