000
CDUS43 KSGF 280635
CLIVIH


CLIMATE REPORT
NATIONAL WEATHER SERVICE SPRINGFIELD MO
133 AM CDT FRI APR 28 2017


...................................

...THE VICHY-ROLLA MO CLIMATE SUMMARY FOR APRIL 27 2017...

CLIMATE NORMAL PERIOD 1981 TO 2010
CLIMATE RECORD PERIOD 1888 TO 2017


WEATHER ITEM   OBSERVED TIME   RECORD YEAR NORMAL DEPARTURE LAST
                VALUE   (LST)  VALUE       VALUE  FROM      YEAR
                                                  NORMAL
..................................................................
TEMPERATURE (F)
 YESTERDAY
  MAXIMUM         62    529 PM  89    1899  70     -8       76
  MINIMUM         42    638 AM  33    1904  48     -6       53
  AVERAGE         52                        59     -7       65

PRECIPITATION (IN)
  YESTERDAY        0.01          1.31 1963   0.15  -0.14     0.17
  MONTH TO DATE    4.92                      3.75   1.17     2.55
  SINCE MAR 1      8.06                      7.20   0.86     5.41
  SINCE JAN 1     10.12                     11.30  -1.18     7.53

DEGREE DAYS
 HEATING
  YESTERDAY       13                         7      6        0
  MONTH TO DATE  182                       294   -112      225
  SINCE MAR 1    685                       908   -223      671
  SINCE JUL 1   3671                      4698  -1027     3874

 COOLING
  YESTERDAY        0                         1     -1        0
  MONTH TO DATE   32                        21     11       14
  SINCE MAR 1     35                        25     10       14
  SINCE JAN 1     36                        25     11       14
..................................................................


WIND (MPH)
  HIGHEST WIND SPEED    18   HIGHEST WIND DIRECTION     W (280)
  HIGHEST GUST SPEED    23   HIGHEST GUST DIRECTION     W (270)
  AVERAGE WIND SPEED     7.9


SKY COVER
  AVERAGE SKY COVER 0.5


WEATHER CONDITIONS
 THE FOLLOWING WEATHER WAS RECORDED YESTERDAY.
  LIGHT RAIN
  FOG


RELATIVE HUMIDITY (PERCENT)
 HIGHEST   100           200 AM
 LOWEST     51           400 PM
 AVERAGE    76

..........................................................


THE VICHY-ROLLA MO CLIMATE NORMALS FOR TODAY
                         NORMAL    RECORD    YEAR
 MAXIMUM TEMPERATURE (F)   70        91      1970
 MINIMUM TEMPERATURE (F)   48        35      1979


SUNRISE AND SUNSET
APRIL 28 2017.........SUNRISE   614 AM CDT   SUNSET   756 PM CDT
APRIL 29 2017.........SUNRISE   613 AM CDT   SUNSET   757 PM CDT


-  INDICATES NEGATIVE NUMBERS.
R  INDICATES RECORD WAS SET OR TIED.
MM INDICATES DATA IS MISSING.
T  INDICATES TRACE AMOUNT.




$$
