000
CDUS43 KSGF 140626
CLIVIH


CLIMATE REPORT
NATIONAL WEATHER SERVICE SPRINGFIELD MO
1226 AM CST SUN FEB 14 2016


...................................

...THE VICHY-ROLLA MO CLIMATE SUMMARY FOR FEBRUARY 13 2016...

CLIMATE NORMAL PERIOD 1981 TO 2010
CLIMATE RECORD PERIOD 1888 TO 2016


WEATHER ITEM   OBSERVED TIME   RECORD YEAR NORMAL DEPARTURE LAST
                VALUE   (LST)  VALUE       VALUE  FROM      YEAR
                                                  NORMAL
..................................................................
TEMPERATURE (F)
 YESTERDAY
  MAXIMUM         23   1159 PM  81    1962  45    -22       44
  MINIMUM         14    917 AM -19    1899  25    -11       17
  AVERAGE         19                        35    -16       31

PRECIPITATION (IN)
  YESTERDAY        0.00          1.68 1946   0.07  -0.07     0.01
  MONTH TO DATE    0.21                      0.86  -0.65     0.75
  SINCE DEC 1     11.27                      5.67   5.60     4.05
  SINCE JAN 1      0.95                      3.03  -2.08     1.68

DEGREE DAYS
 HEATING
  YESTERDAY       46                        30     16       34
  MONTH TO DATE  421                       408     13      418
  SINCE DEC 1   2135                      2429   -294     2307
  SINCE JUL 1   2856                      3376   -520     3449

 COOLING
  YESTERDAY        0                         0      0        0
  MONTH TO DATE    0                         0      0        0
  SINCE DEC 1      0                         0      0        0
  SINCE JAN 1      0                         0      0        0
..................................................................


WIND (MPH)
  HIGHEST WIND SPEED    17   HIGHEST WIND DIRECTION    SE (120)
  HIGHEST GUST SPEED    21   HIGHEST GUST DIRECTION    SE (130)
  AVERAGE WIND SPEED     9.1


SKY COVER
  AVERAGE SKY COVER 0.9


WEATHER CONDITIONS
 THE FOLLOWING WEATHER WAS RECORDED YESTERDAY.
  NO SIGNIFICANT WEATHER WAS OBSERVED.


RELATIVE HUMIDITY (PERCENT)
 HIGHEST    64           700 AM
 LOWEST     41           500 PM
 AVERAGE    53

..........................................................


THE VICHY-ROLLA MO CLIMATE NORMALS FOR TODAY
                         NORMAL    RECORD    YEAR
 MAXIMUM TEMPERATURE (F)   45        76      1954
 MINIMUM TEMPERATURE (F)   25         9      1899


SUNRISE AND SUNSET
FEBRUARY 14 2016......SUNRISE   659 AM CST   SUNSET   544 PM CST
FEBRUARY 15 2016......SUNRISE   658 AM CST   SUNSET   545 PM CST


-  INDICATES NEGATIVE NUMBERS.
R  INDICATES RECORD WAS SET OR TIED.
MM INDICATES DATA IS MISSING.
T  INDICATES TRACE AMOUNT.




$$
