000
CDUS43 KSGF 310643
CLIVIH


CLIMATE REPORT
NATIONAL WEATHER SERVICE SPRINGFIELD MO
143 AM CDT WED AUG 31 2016


...................................

...THE VICHY-ROLLA MO CLIMATE SUMMARY FOR AUGUST 30 2016...

CLIMATE NORMAL PERIOD 1981 TO 2010
CLIMATE RECORD PERIOD 1888 TO 2016


WEATHER ITEM   OBSERVED TIME   RECORD YEAR NORMAL DEPARTURE LAST
                VALUE   (LST)  VALUE       VALUE  FROM      YEAR
                                                  NORMAL
..................................................................
TEMPERATURE (F)
 YESTERDAY
  MAXIMUM         91    159 PM  99    2000  85      6       88
                                      1901
  MINIMUM         68   1049 PM  50    2009  63      5       65
  AVERAGE         80                        74      6       77

PRECIPITATION (IN)
  YESTERDAY        0.01          1.07 2014   0.11  -0.10     0.00
  MONTH TO DATE    9.91                      3.54   6.37     2.39
  SINCE JUN 1     18.01                     12.61   5.40    15.24
  SINCE JAN 1     32.25                     29.42   2.83    29.26

DEGREE DAYS
 HEATING
  YESTERDAY        0                         0      0        0
  MONTH TO DATE    0                         0      0        2
  SINCE JUN 1      0                        15    -15       17
  SINCE JUL 1      0                         1     -1        2

 COOLING
  YESTERDAY       15                         9      6       12
  MONTH TO DATE  346                       345      1      241
  SINCE JUN 1   1102                       962    140      892
  SINCE JAN 1   1180                      1069    111      999
..................................................................


WIND (MPH)
  HIGHEST WIND SPEED    22   HIGHEST WIND DIRECTION    NE (30)
  HIGHEST GUST SPEED    27   HIGHEST GUST DIRECTION    NE (40)
  AVERAGE WIND SPEED     3.6


SKY COVER
  AVERAGE SKY COVER 0.2


WEATHER CONDITIONS
 THE FOLLOWING WEATHER WAS RECORDED YESTERDAY.
  THUNDERSTORM
  LIGHT RAIN
  FOG


RELATIVE HUMIDITY (PERCENT)
 HIGHEST   100          1000 PM
 LOWEST     52           200 PM
 AVERAGE    76

..........................................................


THE VICHY-ROLLA MO CLIMATE NORMALS FOR TODAY
                         NORMAL    RECORD    YEAR
 MAXIMUM TEMPERATURE (F)   85       100      2000
 MINIMUM TEMPERATURE (F)   62        46      1903


SUNRISE AND SUNSET
AUGUST 31 2016........SUNRISE   636 AM CDT   SUNSET   737 PM CDT
SEPTEMBER  1 2016.....SUNRISE   637 AM CDT   SUNSET   736 PM CDT


-  INDICATES NEGATIVE NUMBERS.
R  INDICATES RECORD WAS SET OR TIED.
MM INDICATES DATA IS MISSING.
T  INDICATES TRACE AMOUNT.




$$
