000
CDUS43 KSGF 270627
CLIVIH


CLIMATE REPORT
NATIONAL WEATHER SERVICE SPRINGFIELD MO
1226 AM CST FRI FEB 27 2015


...................................

...THE VICHY-ROLLA MO CLIMATE SUMMARY FOR FEBRUARY 26 2015...

CLIMATE NORMAL PERIOD 1981 TO 2010
CLIMATE RECORD PERIOD 1888 TO 2015


WEATHER ITEM   OBSERVED TIME   RECORD YEAR NORMAL DEPARTURE LAST
                VALUE   (LST)  VALUE       VALUE  FROM      YEAR
                                                  NORMAL
..................................................................
TEMPERATURE (F)
 YESTERDAY
  MAXIMUM         36   1258 AM  75    1996  49    -13       26
  MINIMUM          8   1159 PM   4    1963  29    -21        6
  AVERAGE         22                        39    -17       16

PRECIPITATION (IN)
  YESTERDAY        T             1.30 1977   0.08  -0.08      T
  MONTH TO DATE    1.08                      1.78  -0.70     0.61
  SINCE DEC 1      4.38                      6.59  -2.21     3.33
  SINCE JAN 1      2.01                      3.95  -1.94     1.46

DEGREE DAYS
 HEATING
  YESTERDAY       43                        26     17       49
  MONTH TO DATE  989                       771    218      947
  SINCE DEC 1   2878                      2792     86     3185
  SINCE JUL 1   4020                      3739    281     4235

 COOLING
  YESTERDAY        0                         0      0        0
  MONTH TO DATE    0                         0      0        0
  SINCE DEC 1      0                         0      0        0
  SINCE JAN 1      0                         0      0        0
..................................................................


WIND (MPH)
  HIGHEST WIND SPEED    25   HIGHEST WIND DIRECTION     N (340)
  HIGHEST GUST SPEED    33   HIGHEST GUST DIRECTION     N (340)
  AVERAGE WIND SPEED    14.5


SKY COVER
  AVERAGE SKY COVER 0.9


WEATHER CONDITIONS
 THE FOLLOWING WEATHER WAS RECORDED YESTERDAY.
  LT FREEZING RAIN
  LIGHT SNOW
  FOG


RELATIVE HUMIDITY (PERCENT)
 HIGHEST    92           600 AM
 LOWEST     54           700 PM
 AVERAGE    73

..........................................................


THE VICHY-ROLLA MO CLIMATE NORMALS FOR TODAY
                         NORMAL    RECORD    YEAR
 MAXIMUM TEMPERATURE (F)   50        76      1976
 MINIMUM TEMPERATURE (F)   29        12      1976


SUNRISE AND SUNSET
FEBRUARY 27 2015......SUNRISE   642 AM CST   SUNSET   558 PM CST
FEBRUARY 28 2015......SUNRISE   641 AM CST   SUNSET   559 PM CST


-  INDICATES NEGATIVE NUMBERS.
R  INDICATES RECORD WAS SET OR TIED.
MM INDICATES DATA IS MISSING.
T  INDICATES TRACE AMOUNT.




$$
