000
CDUS43 KSGF 300626
CLIVIH


CLIMATE REPORT
NATIONAL WEATHER SERVICE SPRINGFIELD MO
126 AM CDT SAT MAY 30 2015


...................................

...THE VICHY-ROLLA MO CLIMATE SUMMARY FOR MAY 29 2015...

CLIMATE NORMAL PERIOD 1981 TO 2010
CLIMATE RECORD PERIOD 1888 TO 2015


WEATHER ITEM   OBSERVED TIME   RECORD YEAR NORMAL DEPARTURE LAST
                VALUE   (LST)  VALUE       VALUE  FROM      YEAR
                                                  NORMAL
..................................................................
TEMPERATURE (F)
 YESTERDAY
  MAXIMUM         76    424 PM  92    1953  78     -2       80
  MINIMUM         64   1151 PM  41    1971  57      7       64
  AVERAGE         70                        67      3       72

PRECIPITATION (IN)
  YESTERDAY        1.73          1.93 1967   0.16   1.57     0.00
  MONTH TO DATE    5.75                      4.71   1.04     3.76
  SINCE MAR 1     10.89                     12.38  -1.49     8.12
  SINCE JAN 1     13.17                     16.48  -3.31     9.58

DEGREE DAYS
 HEATING
  YESTERDAY        0                         2     -2        0
  MONTH TO DATE   80                       113    -33      126
  SINCE MAR 1    918                      1041   -123     1172
  SINCE JUL 1   5035                      4831    204     5478

 COOLING
  YESTERDAY        5                         4      1        7
  MONTH TO DATE   92                        71     21      116
  SINCE MAR 1    105                        97      8      128
  SINCE JAN 1    105                        97      8      128
..................................................................


WIND (MPH)
  HIGHEST WIND SPEED    17   HIGHEST WIND DIRECTION     W (270)
  HIGHEST GUST SPEED    23   HIGHEST GUST DIRECTION     W (280)
  AVERAGE WIND SPEED     6.8


SKY COVER
  AVERAGE SKY COVER 0.5


WEATHER CONDITIONS
 THE FOLLOWING WEATHER WAS RECORDED YESTERDAY.
  THUNDERSTORM
  HEAVY RAIN
  RAIN
  LIGHT RAIN
  FOG


RELATIVE HUMIDITY (PERCENT)
 HIGHEST    93          1200 AM
 LOWEST     78           700 AM
 AVERAGE    86

..........................................................


THE VICHY-ROLLA MO CLIMATE NORMALS FOR TODAY
                         NORMAL    RECORD    YEAR
 MAXIMUM TEMPERATURE (F)   78        91      1953
 MINIMUM TEMPERATURE (F)   57        46      1901


SUNRISE AND SUNSET
MAY 30 2015...........SUNRISE   547 AM CDT   SUNSET   823 PM CDT
MAY 31 2015...........SUNRISE   546 AM CDT   SUNSET   824 PM CDT


-  INDICATES NEGATIVE NUMBERS.
R  INDICATES RECORD WAS SET OR TIED.
MM INDICATES DATA IS MISSING.
T  INDICATES TRACE AMOUNT.




$$
