818
CDUS43 KSGF 292231
CLIVIH


CLIMATE REPORT
NATIONAL WEATHER SERVICE SPRINGFIELD MO
531 PM CDT FRI JUL 29 2016


...................................

...THE VICHY-ROLLA MO CLIMATE SUMMARY FOR JULY 29 2016...
VALID TODAY AS OF 0500 PM LOCAL TIME.

CLIMATE NORMAL PERIOD 1981 TO 2010
CLIMATE RECORD PERIOD 1888 TO 2016


WEATHER ITEM   OBSERVED TIME   RECORD YEAR NORMAL DEPARTURE LAST
                VALUE   (LST)  VALUE       VALUE  FROM      YEAR
                                                  NORMAL
..................................................................
TEMPERATURE (F)
 TODAY
  MAXIMUM         84   1214 PM 102    1999  89     -5       88
  MINIMUM         66    519 AM  53    2014  67     -1       66
  AVERAGE         75                        78     -3       77

PRECIPITATION (IN)
  TODAY            0.18          2.21 1956   0.13   0.05     0.00
  MONTH TO DATE    5.94                      4.16   1.78     5.40
  SINCE JUN 1      7.88                      8.79  -0.91    12.85
  SINCE JAN 1     22.12                     25.60  -3.48    26.87

DEGREE DAYS
 HEATING
  TODAY            0                         0      0        0
  MONTH TO DATE    0                         0      0        0
  SINCE JUN 1      0                        14    -14       15
  SINCE JUL 1      0                         0      0        0

 COOLING
  TODAY           10                        13     -3       12
  MONTH TO DATE  388                       358     30      359
  SINCE JUN 1    735                       593    142      631
  SINCE JAN 1    813                       700    113      738
..................................................................


WIND (MPH)
  HIGHEST WIND SPEED    21   HIGHEST WIND DIRECTION    SW (230)
  HIGHEST GUST SPEED    24   HIGHEST GUST DIRECTION    SW (230)


SKY COVER
  AVERAGE SKY COVER 0.2


WEATHER CONDITIONS
 THE FOLLOWING WEATHER WAS RECORDED TODAY.
  THUNDERSTORM
  HEAVY RAIN
  LIGHT RAIN
  FOG


RELATIVE HUMIDITY (PERCENT)
 HIGHEST   100           500 AM
 LOWEST     69          1100 AM
 AVERAGE    85

..........................................................


THE VICHY-ROLLA MO CLIMATE NORMALS FOR TOMORROW
                         NORMAL    RECORD    YEAR
 MAXIMUM TEMPERATURE (F)   89       107      1980
 MINIMUM TEMPERATURE (F)   67        55      1971


SUNRISE AND SUNSET
JULY 29 2016..........SUNRISE   608 AM CDT   SUNSET   819 PM CDT
JULY 30 2016..........SUNRISE   609 AM CDT   SUNSET   818 PM CDT


-  INDICATES NEGATIVE NUMBERS.
R  INDICATES RECORD WAS SET OR TIED.
MM INDICATES DATA IS MISSING.
T  INDICATES TRACE AMOUNT.




$$
