000
CDUS43 KSGF 270636
CLIVIH


CLIMATE REPORT
NATIONAL WEATHER SERVICE SPRINGFIELD MO
1236 AM CST SAT DEC 27 2014


...................................

...THE VICHY-ROLLA MO CLIMATE SUMMARY FOR DECEMBER 26 2014...

CLIMATE NORMAL PERIOD 1981 TO 2010
CLIMATE RECORD PERIOD 1888 TO 2014


WEATHER ITEM   OBSERVED TIME   RECORD YEAR NORMAL DEPARTURE LAST
                VALUE   (LST)  VALUE       VALUE  FROM      YEAR
                                                  NORMAL
..................................................................
TEMPERATURE (F)
 YESTERDAY
  MAXIMUM         56    201 PM  72    1971  41     15       48
  MINIMUM         40    739 AM   0    1902  22     18       21
  AVERAGE         48                        32     16       35

PRECIPITATION (IN)
  YESTERDAY        0.08          0.45 2011   0.08   0.00     0.00
  MONTH TO DATE    2.27                      2.27   0.00     1.87
  SINCE DEC 1      2.27                      2.27   0.00     1.87
  SINCE JAN 1     29.55                     43.24 -13.69    41.62

DEGREE DAYS
 HEATING
  YESTERDAY       17                        33    -16       30
  MONTH TO DATE  690                       800   -110      879
  SINCE DEC 1    690                       800   -110      879
  SINCE JUL 1   1832                      1747     85     1929

 COOLING
  YESTERDAY        0                         0      0        0
  MONTH TO DATE    0                         0      0        0
  SINCE DEC 1      0                         0      0        0
  SINCE JAN 1   1186                      1246    -60     1125
..................................................................


WIND (MPH)
  HIGHEST WIND SPEED    21   HIGHEST WIND DIRECTION     S (190)
  HIGHEST GUST SPEED    28   HIGHEST GUST DIRECTION     S (180)
  AVERAGE WIND SPEED    14.3


SKY COVER
  AVERAGE SKY COVER 0.4


WEATHER CONDITIONS
 THE FOLLOWING WEATHER WAS RECORDED YESTERDAY.
  LIGHT RAIN
  FOG


RELATIVE HUMIDITY (PERCENT)
 HIGHEST    92          1100 PM
 LOWEST     61           100 PM
 AVERAGE    77

..........................................................


THE VICHY-ROLLA MO CLIMATE NORMALS FOR TODAY
                         NORMAL    RECORD    YEAR
 MAXIMUM TEMPERATURE (F)   41        69      2008
 MINIMUM TEMPERATURE (F)   22         0      1902


SUNRISE AND SUNSET
DECEMBER 27 2014......SUNRISE   722 AM CST   SUNSET   454 PM CST
DECEMBER 28 2014......SUNRISE   723 AM CST   SUNSET   455 PM CST


-  INDICATES NEGATIVE NUMBERS.
R  INDICATES RECORD WAS SET OR TIED.
MM INDICATES DATA IS MISSING.
T  INDICATES TRACE AMOUNT.




$$
