000
CDUS43 KSGF 110626
CLIVIH


CLIMATE REPORT
NATIONAL WEATHER SERVICE SPRINGFIELD MO
1226 AM CST SUN DEC 11 2016


...................................

...THE VICHY-ROLLA MO CLIMATE SUMMARY FOR DECEMBER 10 2016...

CLIMATE NORMAL PERIOD 1981 TO 2010
CLIMATE RECORD PERIOD 1888 TO 2016


WEATHER ITEM   OBSERVED TIME   RECORD YEAR NORMAL DEPARTURE LAST
                VALUE   (LST)  VALUE       VALUE  FROM      YEAR
                                                  NORMAL
..................................................................
TEMPERATURE (F)
 YESTERDAY
  MAXIMUM         35   1159 PM  70    1996  44     -9       69
  MINIMUM         22    139 AM  -1    1995  26     -4       36
  AVERAGE         29                        35     -6       53

PRECIPITATION (IN)
  YESTERDAY        0.00          1.55 1971   0.10  -0.10     0.00
  MONTH TO DATE    0.22                      1.01  -0.79      T
  SINCE DEC 1      0.22                      1.01  -0.79      T
  SINCE JAN 1     40.28                     41.98  -1.70    42.03

DEGREE DAYS
 HEATING
  YESTERDAY       36                        30      6       12
  MONTH TO DATE  333                       286     47      214
  SINCE DEC 1    333                       286     47      214
  SINCE JUL 1    961                      1233   -272      935

 COOLING
  YESTERDAY        0                         0      0        0
  MONTH TO DATE    0                         0      0        0
  SINCE DEC 1      0                         0      0        0
  SINCE JAN 1   1482                      1246    236     1280
..................................................................


WIND (MPH)
  HIGHEST WIND SPEED    21   HIGHEST WIND DIRECTION     S (160)
  HIGHEST GUST SPEED    26   HIGHEST GUST DIRECTION     S (170)
  AVERAGE WIND SPEED    10.9


SKY COVER
  AVERAGE SKY COVER 1.0


WEATHER CONDITIONS
 THE FOLLOWING WEATHER WAS RECORDED YESTERDAY.
  NO SIGNIFICANT WEATHER WAS OBSERVED.


RELATIVE HUMIDITY (PERCENT)
 HIGHEST    68           300 AM
 LOWEST     47           800 PM
 AVERAGE    58

..........................................................


THE VICHY-ROLLA MO CLIMATE NORMALS FOR TODAY
                         NORMAL    RECORD    YEAR
 MAXIMUM TEMPERATURE (F)   44        75      1949
 MINIMUM TEMPERATURE (F)   25        -5      1962


SUNRISE AND SUNSET
DECEMBER 11 2016......SUNRISE   714 AM CST   SUNSET   447 PM CST
DECEMBER 12 2016......SUNRISE   714 AM CST   SUNSET   448 PM CST


-  INDICATES NEGATIVE NUMBERS.
R  INDICATES RECORD WAS SET OR TIED.
MM INDICATES DATA IS MISSING.
T  INDICATES TRACE AMOUNT.




$$
