000
CDUS43 KSGF 310626
CLIVIH


CLIMATE REPORT
NATIONAL WEATHER SERVICE SPRINGFIELD MO
126 AM CDT THU JUL 31 2014


...................................

...THE VICHY-ROLLA MO CLIMATE SUMMARY FOR JULY 30 2014...

CLIMATE NORMAL PERIOD 1981 TO 2010
CLIMATE RECORD PERIOD 1888 TO 2014


WEATHER ITEM   OBSERVED TIME   RECORD YEAR NORMAL DEPARTURE LAST
                VALUE   (LST)  VALUE       VALUE  FROM      YEAR
                                                  NORMAL
..................................................................
TEMPERATURE (F)
 YESTERDAY
  MAXIMUM         78    228 PM 107    1980  89    -11       83
  MINIMUM         58    351 AM  55    1971  67     -9       66
  AVERAGE         68                        78    -10       75

PRECIPITATION (IN)
  YESTERDAY        0.00          2.77 2004   0.14  -0.14     0.54
  MONTH TO DATE    0.11                      4.30  -4.19     3.58
  SINCE JUN 1      3.42                      8.93  -5.51     7.37
  SINCE JAN 1     13.04                     25.74 -12.70    28.67

DEGREE DAYS
 HEATING
  YESTERDAY        0                         0      0        0
  MONTH TO DATE    3                         0      3        2
  SINCE JUN 1      4                        14    -10       19
  SINCE JUL 1      3                         0      3        2

 COOLING
  YESTERDAY        3                        13    -10       10
  MONTH TO DATE  235                       371   -136      275
  SINCE JUN 1    493                       606   -113      492
  SINCE JAN 1    640                       713    -73      599
..................................................................


WIND (MPH)
  HIGHEST WIND SPEED     8   HIGHEST WIND DIRECTION     S (160)
  HIGHEST GUST SPEED     9   HIGHEST GUST DIRECTION     S (160)
  AVERAGE WIND SPEED     3.2


SKY COVER
  AVERAGE SKY COVER 0.1


WEATHER CONDITIONS
 THE FOLLOWING WEATHER WAS RECORDED YESTERDAY.
  NO SIGNIFICANT WEATHER WAS OBSERVED.


RELATIVE HUMIDITY (PERCENT)
 HIGHEST    90          1000 PM
 LOWEST     50           200 PM
 AVERAGE    70

..........................................................


THE VICHY-ROLLA MO CLIMATE NORMALS FOR TODAY
                         NORMAL    RECORD    YEAR
 MAXIMUM TEMPERATURE (F)   89       106      1980
 MINIMUM TEMPERATURE (F)   66        50      1971


SUNRISE AND SUNSET
JULY 31 2014..........SUNRISE   609 AM CDT   SUNSET   817 PM CDT
AUGUST  1 2014........SUNRISE   610 AM CDT   SUNSET   816 PM CDT


-  INDICATES NEGATIVE NUMBERS.
R  INDICATES RECORD WAS SET OR TIED.
MM INDICATES DATA IS MISSING.
T  INDICATES TRACE AMOUNT.




$$
