000
CDUS43 KSGF 230639
CLIVIH


CLIMATE REPORT
NATIONAL WEATHER SERVICE SPRINGFIELD MO
136 AM CDT SAT JUL 23 2016


...................................

...THE VICHY-ROLLA MO CLIMATE SUMMARY FOR JULY 22 2016...

CLIMATE NORMAL PERIOD 1981 TO 2010
CLIMATE RECORD PERIOD 1888 TO 2016


WEATHER ITEM   OBSERVED TIME   RECORD YEAR NORMAL DEPARTURE LAST
                VALUE   (LST)  VALUE       VALUE  FROM      YEAR
                                                  NORMAL
..................................................................
TEMPERATURE (F)
 YESTERDAY
  MAXIMUM         89    354 PM 108    1901  89      0       77
  MINIMUM         75    909 AM  55    1902  67      8       66
  AVERAGE         82                        78      4       72

PRECIPITATION (IN)
  YESTERDAY        0.00          1.16 1961   0.14  -0.14      T
  MONTH TO DATE    5.24                      3.18   2.06     5.10
  SINCE JUN 1      7.18                      7.81  -0.63    12.55
  SINCE JAN 1     21.42                     24.62  -3.20    26.57

DEGREE DAYS
 HEATING
  YESTERDAY        0                         0      0        0
  MONTH TO DATE    0                         0      0        0
  SINCE JUN 1      0                        14    -14       15
  SINCE JUL 1      0                         0      0        0

 COOLING
  YESTERDAY       17                        13      4        7
  MONTH TO DATE  282                       267     15      252
  SINCE JUN 1    629                       502    127      524
  SINCE JAN 1    707                       609     98      631
..................................................................


WIND (MPH)
  HIGHEST WIND SPEED    23   HIGHEST WIND DIRECTION    NE (40)
  HIGHEST GUST SPEED    29   HIGHEST GUST DIRECTION    NE (40)
  AVERAGE WIND SPEED     7.3


SKY COVER
  AVERAGE SKY COVER 0.1


WEATHER CONDITIONS
 THE FOLLOWING WEATHER WAS RECORDED YESTERDAY.
  LIGHT RAIN


RELATIVE HUMIDITY (PERCENT)
 HIGHEST    94           400 AM
 LOWEST     58          1100 AM
 AVERAGE    76

..........................................................


THE VICHY-ROLLA MO CLIMATE NORMALS FOR TODAY
                         NORMAL    RECORD    YEAR
 MAXIMUM TEMPERATURE (F)   89       112      1901
 MINIMUM TEMPERATURE (F)   67        54      2000


SUNRISE AND SUNSET
JULY 23 2016..........SUNRISE   603 AM CDT   SUNSET   824 PM CDT
JULY 24 2016..........SUNRISE   604 AM CDT   SUNSET   823 PM CDT


-  INDICATES NEGATIVE NUMBERS.
R  INDICATES RECORD WAS SET OR TIED.
MM INDICATES DATA IS MISSING.
T  INDICATES TRACE AMOUNT.




$$
