000
CDUS43 KSGF 210627
CLIVIH


CLIMATE REPORT
NATIONAL WEATHER SERVICE SPRINGFIELD MO
126 AM CDT THU MAY 21 2015


...................................

...THE VICHY-ROLLA MO CLIMATE SUMMARY FOR MAY 20 2015...

CLIMATE NORMAL PERIOD 1981 TO 2010
CLIMATE RECORD PERIOD 1888 TO 2015


WEATHER ITEM   OBSERVED TIME   RECORD YEAR NORMAL DEPARTURE LAST
                VALUE   (LST)  VALUE       VALUE  FROM      YEAR
                                                  NORMAL
..................................................................
TEMPERATURE (F)
 YESTERDAY
  MAXIMUM         53    339 AM  92    1902  75    -22       83
  MINIMUM         45   1159 PM  36    2002  54     -9       62
  AVERAGE         49                        65    -16       73

PRECIPITATION (IN)
  YESTERDAY        0.25          1.58 2013   0.17   0.08     0.00
  MONTH TO DATE    3.27                      3.26   0.01     1.44
  SINCE MAR 1      8.41                     10.93  -2.52     5.80
  SINCE JAN 1     10.69                     15.03  -4.34     7.26

DEGREE DAYS
 HEATING
  YESTERDAY       16                         3     13        0
  MONTH TO DATE   59                        92    -33      124
  SINCE MAR 1    897                      1020   -123     1170
  SINCE JUL 1   5014                      4810    204     5476

 COOLING
  YESTERDAY        0                         3     -3        8
  MONTH TO DATE   57                        40     17       65
  SINCE MAR 1     70                        66      4       77
  SINCE JAN 1     70                        66      4       77
..................................................................


WIND (MPH)
  HIGHEST WIND SPEED    16   HIGHEST WIND DIRECTION     N (20)
  HIGHEST GUST SPEED    22   HIGHEST GUST DIRECTION     E (90)
  AVERAGE WIND SPEED    10.0


SKY COVER
  AVERAGE SKY COVER 0.9


WEATHER CONDITIONS
 THE FOLLOWING WEATHER WAS RECORDED YESTERDAY.
  HEAVY RAIN
  RAIN
  LIGHT RAIN
  FOG


RELATIVE HUMIDITY (PERCENT)
 HIGHEST   100           300 PM
 LOWEST     77          1200 AM
 AVERAGE    89

..........................................................


THE VICHY-ROLLA MO CLIMATE NORMALS FOR TODAY
                         NORMAL    RECORD    YEAR
 MAXIMUM TEMPERATURE (F)   76        90      1902
 MINIMUM TEMPERATURE (F)   55        40      2002


SUNRISE AND SUNSET
MAY 21 2015...........SUNRISE   552 AM CDT   SUNSET   816 PM CDT
MAY 22 2015...........SUNRISE   551 AM CDT   SUNSET   817 PM CDT


-  INDICATES NEGATIVE NUMBERS.
R  INDICATES RECORD WAS SET OR TIED.
MM INDICATES DATA IS MISSING.
T  INDICATES TRACE AMOUNT.




$$
