564
CDUS43 KSGF 290633
CLIVIH


CLIMATE REPORT
NATIONAL WEATHER SERVICE SPRINGFIELD MO
133 AM CDT SUN MAY 29 2016


...................................

...THE VICHY-ROLLA MO CLIMATE SUMMARY FOR MAY 28 2016...

CLIMATE NORMAL PERIOD 1981 TO 2010
CLIMATE RECORD PERIOD 1888 TO 2016


WEATHER ITEM   OBSERVED TIME   RECORD YEAR NORMAL DEPARTURE LAST
                VALUE   (LST)  VALUE       VALUE  FROM      YEAR
                                                  NORMAL
..................................................................
TEMPERATURE (F)
 YESTERDAY
  MAXIMUM         81    241 PM  92    2012  78      3       81
  MINIMUM         64   1126 PM  41    1902  57      7       61
  AVERAGE         73                        67      6       71

PRECIPITATION (IN)
  YESTERDAY        0.21          1.88 1945   0.17   0.04     0.10
  MONTH TO DATE    5.15                      4.55   0.60     4.02
  SINCE MAR 1     12.09                     12.22  -0.13     9.16
  SINCE JAN 1     14.21                     16.32  -2.11    11.44

DEGREE DAYS
 HEATING
  YESTERDAY        0                         2     -2        0
  MONTH TO DATE  161                       111     50       80
  SINCE MAR 1    849                      1039   -190      918
  SINCE JUL 1   4052                      4829   -777     5035

 COOLING
  YESTERDAY        8                         4      4        6
  MONTH TO DATE   43                        67    -24       87
  SINCE MAR 1     57                        93    -36      100
  SINCE JAN 1     57                        93    -36      100
..................................................................


WIND (MPH)
  HIGHEST WIND SPEED    18   HIGHEST WIND DIRECTION     W (280)
  HIGHEST GUST SPEED    24   HIGHEST GUST DIRECTION     S (190)
  AVERAGE WIND SPEED     8.3


SKY COVER
  AVERAGE SKY COVER 0.3


WEATHER CONDITIONS
 THE FOLLOWING WEATHER WAS RECORDED YESTERDAY.
  THUNDERSTORM
  HEAVY RAIN
  LIGHT RAIN
  HAZE


RELATIVE HUMIDITY (PERCENT)
 HIGHEST    93           200 AM
 LOWEST     62           100 PM
 AVERAGE    78

..........................................................


THE VICHY-ROLLA MO CLIMATE NORMALS FOR TODAY
                         NORMAL    RECORD    YEAR
 MAXIMUM TEMPERATURE (F)   78        92      1953
 MINIMUM TEMPERATURE (F)   57        41      1971


SUNRISE AND SUNSET
MAY 29 2016...........SUNRISE   547 AM CDT   SUNSET   823 PM CDT
MAY 30 2016...........SUNRISE   546 AM CDT   SUNSET   823 PM CDT


-  INDICATES NEGATIVE NUMBERS.
R  INDICATES RECORD WAS SET OR TIED.
MM INDICATES DATA IS MISSING.
T  INDICATES TRACE AMOUNT.




$$
