000
CDUS43 KSGF 260625
CLIVIH


CLIMATE REPORT
NATIONAL WEATHER SERVICE SPRINGFIELD MO
125 AM CDT THU MAR 26 2015


...................................

...THE VICHY-ROLLA MO CLIMATE SUMMARY FOR MARCH 25 2015...

CLIMATE NORMAL PERIOD 1981 TO 2010
CLIMATE RECORD PERIOD 1888 TO 2015


WEATHER ITEM   OBSERVED TIME   RECORD YEAR NORMAL DEPARTURE LAST
                VALUE   (LST)  VALUE       VALUE  FROM      YEAR
                                                  NORMAL
..................................................................
TEMPERATURE (F)
 YESTERDAY
  MAXIMUM         65        MM  80    1959  60      5       41
  MINIMUM         42        MM   5    1955  37      5       18
  AVERAGE         54                        48      6       30

PRECIPITATION (IN)
  YESTERDAY        0.94          1.95 1904   0.12   0.82      T
  MONTH TO DATE    2.93                      2.60   0.33     0.54
  SINCE MAR 1      2.93                      2.60   0.33     0.54
  SINCE JAN 1      5.21                      6.70  -1.49     2.00

DEGREE DAYS
 HEATING
  YESTERDAY       11                        17     -6       35
  MONTH TO DATE  504                       520    -16      639
  SINCE MAR 1    504                       520    -16      639
  SINCE JUL 1   4621                      4310    311     4945

 COOLING
  YESTERDAY        0                         0      0        0
  MONTH TO DATE    0                         0      0        0
  SINCE MAR 1      0                         0      0        0
  SINCE JAN 1      0                         0      0        0
..................................................................


WIND (MPH)
  HIGHEST WIND SPEED    MM   HIGHEST WIND DIRECTION    MM
  HIGHEST GUST SPEED    MM   HIGHEST GUST DIRECTION    MM
  AVERAGE WIND SPEED    MM


SKY COVER
  AVERAGE SKY COVER 0.7


WEATHER CONDITIONS
 THE FOLLOWING WEATHER WAS RECORDED YESTERDAY.
  THUNDERSTORM
  HEAVY RAIN
  RAIN
  LIGHT RAIN
  FOG
  HAZE


RELATIVE HUMIDITY (PERCENT)
 HIGHEST    96           600 AM
 LOWEST     60          1200 PM
 AVERAGE    78

..........................................................


THE VICHY-ROLLA MO CLIMATE NORMALS FOR TODAY
                         NORMAL    RECORD    YEAR
 MAXIMUM TEMPERATURE (F)   60        83      1991
 MINIMUM TEMPERATURE (F)   37         0      1955


SUNRISE AND SUNSET
MARCH 26 2015.........SUNRISE   702 AM CDT   SUNSET   724 PM CDT
MARCH 27 2015.........SUNRISE   700 AM CDT   SUNSET   725 PM CDT


-  INDICATES NEGATIVE NUMBERS.
R  INDICATES RECORD WAS SET OR TIED.
MM INDICATES DATA IS MISSING.
T  INDICATES TRACE AMOUNT.




$$
