000
CDUS43 KSGF 180628
CLIVIH


CLIMATE REPORT
NATIONAL WEATHER SERVICE SPRINGFIELD MO
127 AM CDT SAT OCT 18 2014


...................................

...THE VICHY-ROLLA MO CLIMATE SUMMARY FOR OCTOBER 17 2014...

CLIMATE NORMAL PERIOD 1981 TO 2010
CLIMATE RECORD PERIOD 1888 TO 2014


WEATHER ITEM   OBSERVED TIME   RECORD YEAR NORMAL DEPARTURE LAST
                VALUE   (LST)  VALUE       VALUE  FROM      YEAR
                                                  NORMAL
..................................................................
TEMPERATURE (F)
 YESTERDAY
  MAXIMUM         67    249 PM  89    1950  67      0       62
  MINIMUM         49   1034 PM  28    1976  46      3       45
  AVERAGE         58                        56      2       54

PRECIPITATION (IN)
  YESTERDAY        0.00          1.38 1963   0.12  -0.12      T
  MONTH TO DATE    5.20                      1.86   3.34     0.73
  SINCE SEP 1      7.11                      5.90   1.21     3.59
  SINCE JAN 1     24.41                     35.45 -11.04    36.57

DEGREE DAYS
 HEATING
  YESTERDAY        7                         9     -2       11
  MONTH TO DATE  129                       124      5      102
  SINCE SEP 1    190                       185      5      130
  SINCE JUL 1    193                       188      5      134

 COOLING
  YESTERDAY        0                         1     -1        0
  MONTH TO DATE   13                        20     -7       38
  SINCE SEP 1    135                       161    -26      225
  SINCE JAN 1   1174                      1238    -64     1124
..................................................................


WIND (MPH)
  HIGHEST WIND SPEED    21   HIGHEST WIND DIRECTION     W (280)
  HIGHEST GUST SPEED    29   HIGHEST GUST DIRECTION     W (270)
  AVERAGE WIND SPEED    10.6


SKY COVER
  AVERAGE SKY COVER 0.0


WEATHER CONDITIONS
 THE FOLLOWING WEATHER WAS RECORDED YESTERDAY.
  NO SIGNIFICANT WEATHER WAS OBSERVED.


RELATIVE HUMIDITY (PERCENT)
 HIGHEST    83           400 AM
 LOWEST     52          1200 PM
 AVERAGE    68

..........................................................


THE VICHY-ROLLA MO CLIMATE NORMALS FOR TODAY
                         NORMAL    RECORD    YEAR
 MAXIMUM TEMPERATURE (F)   67        86      1953
 MINIMUM TEMPERATURE (F)   45        29      1903


SUNRISE AND SUNSET
OCTOBER 18 2014.......SUNRISE   719 AM CDT   SUNSET   625 PM CDT
OCTOBER 19 2014.......SUNRISE   720 AM CDT   SUNSET   624 PM CDT


-  INDICATES NEGATIVE NUMBERS.
R  INDICATES RECORD WAS SET OR TIED.
MM INDICATES DATA IS MISSING.
T  INDICATES TRACE AMOUNT.




$$
