000
CDUS43 KSGF 220632
CLIVIH


CLIMATE REPORT
NATIONAL WEATHER SERVICE SPRINGFIELD MO
131 AM CDT THU JUN 22 2017


...................................

...THE VICHY-ROLLA MO CLIMATE SUMMARY FOR JUNE 21 2017...

CLIMATE NORMAL PERIOD 1981 TO 2010
CLIMATE RECORD PERIOD 1888 TO 2017


WEATHER ITEM   OBSERVED TIME   RECORD YEAR NORMAL DEPARTURE LAST
                VALUE   (LST)  VALUE       VALUE  FROM      YEAR
                                                  NORMAL
..................................................................
TEMPERATURE (F)
 YESTERDAY
  MAXIMUM         89    333 PM  96    1952  84      5       88
  MINIMUM         65    452 AM  48    1992  64      1       70
  AVERAGE         77                        74      3       79

PRECIPITATION (IN)
  YESTERDAY        0.00          3.58 1977   0.15  -0.15     0.02
  MONTH TO DATE    2.75                      3.37  -0.62     0.83
  SINCE JUN 1      2.75                      3.37  -0.62     0.83
  SINCE JAN 1     25.19                     20.18   5.01    15.07

DEGREE DAYS
 HEATING
  YESTERDAY        0                         0      0        0
  MONTH TO DATE    1                        12    -11        0
  SINCE JUN 1      1                        12    -11        0
  SINCE JUL 1   3804                      4846  -1042     4052

 COOLING
  YESTERDAY       12                         9      3       14
  MONTH TO DATE  173                       143     30      219
  SINCE JUN 1    173                       143     30      219
  SINCE JAN 1    277                       250     27      297
..................................................................


WIND (MPH)
  HIGHEST WIND SPEED    15   HIGHEST WIND DIRECTION     S (160)
  HIGHEST GUST SPEED    20   HIGHEST GUST DIRECTION     W (260)
  AVERAGE WIND SPEED     8.7


SKY COVER
  AVERAGE SKY COVER 0.0


WEATHER CONDITIONS
 THE FOLLOWING WEATHER WAS RECORDED YESTERDAY.
  NO SIGNIFICANT WEATHER WAS OBSERVED.


RELATIVE HUMIDITY (PERCENT)
 HIGHEST    87           400 AM
 LOWEST     46           100 PM
 AVERAGE    67

..........................................................


THE VICHY-ROLLA MO CLIMATE NORMALS FOR TODAY
                         NORMAL    RECORD    YEAR
 MAXIMUM TEMPERATURE (F)   84        98      1901
 MINIMUM TEMPERATURE (F)   64        43      1902


SUNRISE AND SUNSET
JUNE 22 2017..........SUNRISE   545 AM CDT   SUNSET   834 PM CDT
JUNE 23 2017..........SUNRISE   545 AM CDT   SUNSET   834 PM CDT


-  INDICATES NEGATIVE NUMBERS.
R  INDICATES RECORD WAS SET OR TIED.
MM INDICATES DATA IS MISSING.
T  INDICATES TRACE AMOUNT.




$$
