000
CDUS43 KSGF 010629
CLIVIH


CLIMATE REPORT
NATIONAL WEATHER SERVICE SPRINGFIELD MO
1229 AM CST SUN MAR 1 2015


...................................

...THE VICHY-ROLLA MO CLIMATE SUMMARY FOR FEBRUARY 28 2015...

CLIMATE NORMAL PERIOD 1981 TO 2010
CLIMATE RECORD PERIOD 1888 TO 2015


WEATHER ITEM   OBSERVED TIME   RECORD YEAR NORMAL DEPARTURE LAST
                VALUE   (LST)  VALUE       VALUE  FROM      YEAR
                                                  NORMAL
..................................................................
TEMPERATURE (F)
 YESTERDAY
  MAXIMUM         24   1159 PM  75    2006  50    -26       47
                                      1955
  MINIMUM         17    657 AM   6    1962  29    -12       18
  AVERAGE         21                        40    -19       33

PRECIPITATION (IN)
  YESTERDAY        0.27          1.13 1944   0.08   0.19     0.00
  MONTH TO DATE    1.35                      1.93  -0.58     0.61
  SINCE DEC 1      4.65                      6.74  -2.09     3.33
  SINCE JAN 1      2.28                      4.10  -1.82     1.46

DEGREE DAYS
 HEATING
  YESTERDAY       44                        25     19       32
  MONTH TO DATE 1086                       822    264     1018
  SINCE DEC 1   2975                      2843    132     3256
  SINCE JUL 1   4117                      3790    327     4306

 COOLING
  YESTERDAY        0                         0      0        0
  MONTH TO DATE    0                         0      0        0
  SINCE DEC 1      0                         0      0        0
  SINCE JAN 1      0                         0      0        0
..................................................................


WIND (MPH)
  HIGHEST WIND SPEED    15   HIGHEST WIND DIRECTION    SE (130)
  HIGHEST GUST SPEED    18   HIGHEST GUST DIRECTION     E (110)
  AVERAGE WIND SPEED     8.0


SKY COVER
  AVERAGE SKY COVER 1.0


WEATHER CONDITIONS
 THE FOLLOWING WEATHER WAS RECORDED YESTERDAY.
  HEAVY SNOW
  SNOW
  LIGHT SNOW
  FOG
  FOG W/VISIBILITY <= 1/4 MILE


RELATIVE HUMIDITY (PERCENT)
 HIGHEST    88           200 PM
 LOWEST     49          1200 AM
 AVERAGE    69

..........................................................


THE VICHY-ROLLA MO CLIMATE NORMALS FOR TODAY
                         NORMAL    RECORD    YEAR
 MAXIMUM TEMPERATURE (F)   51        79      2006
 MINIMUM TEMPERATURE (F)   30         0      1962


SUNRISE AND SUNSET
MARCH  1 2015.........SUNRISE   639 AM CST   SUNSET   600 PM CST
MARCH  2 2015.........SUNRISE   638 AM CST   SUNSET   601 PM CST


-  INDICATES NEGATIVE NUMBERS.
R  INDICATES RECORD WAS SET OR TIED.
MM INDICATES DATA IS MISSING.
T  INDICATES TRACE AMOUNT.




$$
