000
CDUS43 KSGF 312135
CLIVIH


CLIMATE REPORT
NATIONAL WEATHER SERVICE SPRINGFIELD MO
435 PM CDT SUN MAY 31 2015


...................................

...THE VICHY-ROLLA MO CLIMATE SUMMARY FOR MAY 31 2015...
VALID AS OF 0400 PM LOCAL TIME.

CLIMATE NORMAL PERIOD 1981 TO 2010
CLIMATE RECORD PERIOD 1888 TO 2015


WEATHER ITEM   OBSERVED TIME   RECORD YEAR NORMAL DEPARTURE LAST
                VALUE   (LST)  VALUE       VALUE  FROM      YEAR
                                                  NORMAL
..................................................................
TEMPERATURE (F)
 TODAY
  MAXIMUM         60    133 AM  91    2000  78    -18       84
  MINIMUM         53    902 AM  40    1897  58     -5       65
  AVERAGE         57                        68    -11       75

PRECIPITATION (IN)
  TODAY            0.00          2.20 2013   0.16  -0.16     0.00
  MONTH TO DATE    6.60                      5.04   1.56     3.80
  SINCE MAR 1     11.74                     12.71  -0.97     8.16
  SINCE JAN 1     14.02                     16.81  -2.79     9.62

DEGREE DAYS
 HEATING
  TODAY            8                         2      6        0
  MONTH TO DATE   88                       117    -29      126
  SINCE MAR 1    926                      1044   -118     1172
  SINCE JUL 1   5043                      4834    209     5478

 COOLING
  TODAY            0                         5     -5       10
  MONTH TO DATE   94                        81     13      135
  SINCE MAR 1    107                       107      0      147
  SINCE JAN 1    107                       107      0      147
..................................................................


WIND (MPH)
  HIGHEST WIND SPEED    13   HIGHEST WIND DIRECTION     N (360)
  HIGHEST GUST SPEED    16   HIGHEST GUST DIRECTION     N (360)


SKY COVER
  AVERAGE SKY COVER 1.0


WEATHER CONDITIONS
 THE FOLLOWING WEATHER WAS RECORDED TODAY.
  FOG


RELATIVE HUMIDITY (PERCENT)
 HIGHEST   100           400 AM
 LOWEST     80           100 PM
 AVERAGE    90

..........................................................


THE VICHY-ROLLA MO CLIMATE NORMALS FOR TOMORROW
                         NORMAL    RECORD    YEAR
 MAXIMUM TEMPERATURE (F)   79        93      1951
 MINIMUM TEMPERATURE (F)   58        45      1905


SUNRISE AND SUNSET
MAY 31 2015...........SUNRISE   546 AM CDT   SUNSET   824 PM CDT
JUNE  1 2015..........SUNRISE   546 AM CDT   SUNSET   824 PM CDT


-  INDICATES NEGATIVE NUMBERS.
R  INDICATES RECORD WAS SET OR TIED.
MM INDICATES DATA IS MISSING.
T  INDICATES TRACE AMOUNT.




$$
