000
CDUS43 KSGF 010633
CLIVIH


CLIMATE REPORT
NATIONAL WEATHER SERVICE SPRINGFIELD MO
1233 AM CST THU DEC 1 2016


...................................

...THE VICHY-ROLLA MO CLIMATE SUMMARY FOR NOVEMBER 30 2016...

CLIMATE NORMAL PERIOD 1981 TO 2010
CLIMATE RECORD PERIOD 1888 TO 2016


WEATHER ITEM   OBSERVED TIME   RECORD YEAR NORMAL DEPARTURE LAST
                VALUE   (LST)  VALUE       VALUE  FROM      YEAR
                                                  NORMAL
..................................................................
TEMPERATURE (F)
 YESTERDAY
  MAXIMUM         42   1239 PM  71    1973  48     -6       47
  MINIMUM         28    658 AM   5    1964  29     -1       37
  AVERAGE         35                        39     -4       42

PRECIPITATION (IN)
  YESTERDAY        0.00          2.24 2006   0.12  -0.12     0.10
  MONTH TO DATE    0.52                      3.87  -3.35    10.11
  SINCE SEP 1      7.72                     11.42  -3.70    12.77
  SINCE JAN 1     40.06                     40.97  -0.91    42.03

DEGREE DAYS
 HEATING
  YESTERDAY       30                        26      4       23
  MONTH TO DATE  475                       597   -122      469
  SINCE SEP 1    628                       944   -316      719
  SINCE JUL 1    628                       947   -319      721

 COOLING
  YESTERDAY        0                         0      0        0
  MONTH TO DATE   20                         3     17        0
  SINCE SEP 1    293                       169    124      265
  SINCE JAN 1   1482                      1246    236     1280
..................................................................


WIND (MPH)
  HIGHEST WIND SPEED    24   HIGHEST WIND DIRECTION     W (260)
  HIGHEST GUST SPEED    31   HIGHEST GUST DIRECTION     W (250)
  AVERAGE WIND SPEED    10.7


SKY COVER
  AVERAGE SKY COVER 0.5


WEATHER CONDITIONS
 THE FOLLOWING WEATHER WAS RECORDED YESTERDAY.
  NO SIGNIFICANT WEATHER WAS OBSERVED.


RELATIVE HUMIDITY (PERCENT)
 HIGHEST    92           700 AM
 LOWEST     59           900 PM
 AVERAGE    76

..........................................................


THE VICHY-ROLLA MO CLIMATE NORMALS FOR TODAY
                         NORMAL    RECORD    YEAR
 MAXIMUM TEMPERATURE (F)   48        75      1904
 MINIMUM TEMPERATURE (F)   29        12      2002
                                             1960


SUNRISE AND SUNSET
DECEMBER  1 2016......SUNRISE   705 AM CST   SUNSET   447 PM CST
DECEMBER  2 2016......SUNRISE   706 AM CST   SUNSET   447 PM CST


-  INDICATES NEGATIVE NUMBERS.
R  INDICATES RECORD WAS SET OR TIED.
MM INDICATES DATA IS MISSING.
T  INDICATES TRACE AMOUNT.




$$
