000
CDUS43 KSGF 250626
CLIVIH


CLIMATE REPORT
NATIONAL WEATHER SERVICE SPRINGFIELD MO
125 AM CDT TUE APR 25 2017


...................................

...THE VICHY-ROLLA MO CLIMATE SUMMARY FOR APRIL 24 2017...

CLIMATE NORMAL PERIOD 1981 TO 2010
CLIMATE RECORD PERIOD 1888 TO 2017


WEATHER ITEM   OBSERVED TIME   RECORD YEAR NORMAL DEPARTURE LAST
                VALUE   (LST)  VALUE       VALUE  FROM      YEAR
                                                  NORMAL
..................................................................
TEMPERATURE (F)
 YESTERDAY
  MAXIMUM         76    317 PM  88    1965  69      7       79
  MINIMUM         39    503 AM  29    1956  47     -8       56
  AVERAGE         58                        58      0       68

PRECIPITATION (IN)
  YESTERDAY        0.00          2.46 1975   0.16  -0.16     0.00
  MONTH TO DATE    3.31                      3.30   0.01     2.08
  SINCE MAR 1      6.45                      6.75  -0.30     4.94
  SINCE JAN 1      8.51                     10.85  -2.34     7.06

DEGREE DAYS
 HEATING
  YESTERDAY        7                         8     -1        0
  MONTH TO DATE  160                       271   -111      225
  SINCE MAR 1    663                       885   -222      671
  SINCE JUL 1   3649                      4675  -1026     3874

 COOLING
  YESTERDAY        0                         1     -1        3
  MONTH TO DATE   30                        18     12        5
  SINCE MAR 1     33                        22     11        5
  SINCE JAN 1     34                        22     12        5
..................................................................


WIND (MPH)
  HIGHEST WIND SPEED    17   HIGHEST WIND DIRECTION     S (180)
  HIGHEST GUST SPEED    20   HIGHEST GUST DIRECTION     S (170)
  AVERAGE WIND SPEED     6.9


SKY COVER
  AVERAGE SKY COVER 0.0


WEATHER CONDITIONS
 THE FOLLOWING WEATHER WAS RECORDED YESTERDAY.
  NO SIGNIFICANT WEATHER WAS OBSERVED.


RELATIVE HUMIDITY (PERCENT)
 HIGHEST    86           700 AM
 LOWEST     21           500 PM
 AVERAGE    54

..........................................................


THE VICHY-ROLLA MO CLIMATE NORMALS FOR TODAY
                         NORMAL    RECORD    YEAR
 MAXIMUM TEMPERATURE (F)   69        86      2012
 MINIMUM TEMPERATURE (F)   47        34      2013


SUNRISE AND SUNSET
APRIL 25 2017.........SUNRISE   618 AM CDT   SUNSET   753 PM CDT
APRIL 26 2017.........SUNRISE   616 AM CDT   SUNSET   754 PM CDT


-  INDICATES NEGATIVE NUMBERS.
R  INDICATES RECORD WAS SET OR TIED.
MM INDICATES DATA IS MISSING.
T  INDICATES TRACE AMOUNT.




$$
