000
CDUS43 KSGF 240649
CLIVIH


CLIMATE REPORT
NATIONAL WEATHER SERVICE SPRINGFIELD MO
1249 AM CST TUE FEB 24 2015


...................................

...THE VICHY-ROLLA MO CLIMATE SUMMARY FOR FEBRUARY 23 2015...

CLIMATE NORMAL PERIOD 1981 TO 2010
CLIMATE RECORD PERIOD 1888 TO 2015


WEATHER ITEM   OBSERVED TIME   RECORD YEAR NORMAL DEPARTURE LAST
                VALUE   (LST)  VALUE       VALUE  FROM      YEAR
                                                  NORMAL
..................................................................
TEMPERATURE (F)
 YESTERDAY
  MAXIMUM         22    414 PM  81    1982  48    -26       41
  MINIMUM          5    706 AM   2    1899  28    -23       22
  AVERAGE         14                        38    -24       32

PRECIPITATION (IN)
  YESTERDAY        0.00          0.81 1975   0.08  -0.08     0.00
  MONTH TO DATE    1.08                      1.55  -0.47     0.61
  SINCE DEC 1      4.38                      6.36  -1.98     3.33
  SINCE JAN 1      2.01                      3.72  -1.71     1.46

DEGREE DAYS
 HEATING
  YESTERDAY       51                        27     24       33
  MONTH TO DATE  876                       692    184      822
  SINCE DEC 1   2765                      2713     52     3060
  SINCE JUL 1   3907                      3660    247     4110

 COOLING
  YESTERDAY        0                         0      0        0
  MONTH TO DATE    0                         0      0        0
  SINCE DEC 1      0                         0      0        0
  SINCE JAN 1      0                         0      0        0
..................................................................


WIND (MPH)
  HIGHEST WIND SPEED    21   HIGHEST WIND DIRECTION     N (10)
  HIGHEST GUST SPEED    25   HIGHEST GUST DIRECTION     N (10)
  AVERAGE WIND SPEED     8.2


SKY COVER
  AVERAGE SKY COVER 0.4


WEATHER CONDITIONS
 THE FOLLOWING WEATHER WAS RECORDED YESTERDAY.
  NO SIGNIFICANT WEATHER WAS OBSERVED.


RELATIVE HUMIDITY (PERCENT)
 HIGHEST    66           700 AM
 LOWEST     36           400 PM
 AVERAGE    51

..........................................................


THE VICHY-ROLLA MO CLIMATE NORMALS FOR TODAY
                         NORMAL    RECORD    YEAR
 MAXIMUM TEMPERATURE (F)   49        78      1956
 MINIMUM TEMPERATURE (F)   28         2      1899


SUNRISE AND SUNSET
FEBRUARY 24 2015......SUNRISE   646 AM CST   SUNSET   555 PM CST
FEBRUARY 25 2015......SUNRISE   645 AM CST   SUNSET   556 PM CST


-  INDICATES NEGATIVE NUMBERS.
R  INDICATES RECORD WAS SET OR TIED.
MM INDICATES DATA IS MISSING.
T  INDICATES TRACE AMOUNT.




$$
