945
CDUS43 KSGF 272133
CLIVIH


CLIMATE REPORT
NATIONAL WEATHER SERVICE SPRINGFIELD MO
432 PM CDT MON MAR 27 2017


...................................

...THE VICHY-ROLLA MO CLIMATE SUMMARY FOR MARCH 27 2017...
VALID AS OF 0400 PM LOCAL TIME.

CLIMATE NORMAL PERIOD 1981 TO 2010
CLIMATE RECORD PERIOD 1888 TO 2017


WEATHER ITEM   OBSERVED TIME   RECORD YEAR NORMAL DEPARTURE LAST
                VALUE   (LST)  VALUE       VALUE  FROM      YEAR
                                                  NORMAL
..................................................................
TEMPERATURE (F)
 TODAY
  MAXIMUM         61    259 PM  81    2012  61      0       52
  MINIMUM         51    557 AM  11    1955  38     13       34
  AVERAGE         56                        49      7       43

PRECIPITATION (IN)
  TODAY            0.10          1.06 1995   0.13  -0.03     0.04
  MONTH TO DATE    2.56                      2.86  -0.30     1.73
  SINCE MAR 1      2.56                      2.86  -0.30     1.73
  SINCE JAN 1      4.62                      6.96  -2.34     3.85

DEGREE DAYS
 HEATING
  TODAY            9                        16     -7       22
  MONTH TO DATE  459                       552    -93      399
  SINCE MAR 1    459                       552    -93      399
  SINCE JUL 1   3445                      4342   -897     3602

 COOLING
  TODAY            0                         0      0        0
  MONTH TO DATE    3                         0      3        0
  SINCE MAR 1      3                         0      3        0
  SINCE JAN 1      4                         0      4        0
..................................................................


WIND (MPH)
  HIGHEST WIND SPEED    13   HIGHEST WIND DIRECTION     E (90)
  HIGHEST GUST SPEED    16   HIGHEST GUST DIRECTION     E (90)


SKY COVER
  AVERAGE SKY COVER 0.9


WEATHER CONDITIONS
 THE FOLLOWING WEATHER WAS RECORDED TODAY.
  LIGHT RAIN
  FOG


RELATIVE HUMIDITY (PERCENT)
 HIGHEST   100           400 AM
 LOWEST     84           100 PM
 AVERAGE    92

..........................................................


THE VICHY-ROLLA MO CLIMATE NORMALS FOR TOMORROW
                         NORMAL    RECORD    YEAR
 MAXIMUM TEMPERATURE (F)   61        82      2012
                                             1963
 MINIMUM TEMPERATURE (F)   38        21      1899


SUNRISE AND SUNSET
MARCH 27 2017.........SUNRISE   659 AM CDT   SUNSET   726 PM CDT
MARCH 28 2017.........SUNRISE   658 AM CDT   SUNSET   727 PM CDT


-  INDICATES NEGATIVE NUMBERS.
R  INDICATES RECORD WAS SET OR TIED.
MM INDICATES DATA IS MISSING.
T  INDICATES TRACE AMOUNT.




$$
