399
CDUS43 KSGF 012226
CLIVIH


CLIMATE REPORT
NATIONAL WEATHER SERVICE SPRINGFIELD MO
425 PM CST THU DEC 1 2016


...................................

...THE VICHY-ROLLA MO CLIMATE SUMMARY FOR DECEMBER 1 2016...
VALID AS OF 0400 PM LOCAL TIME.

CLIMATE NORMAL PERIOD 1981 TO 2010
CLIMATE RECORD PERIOD 1888 TO 2016


WEATHER ITEM   OBSERVED TIME   RECORD YEAR NORMAL DEPARTURE LAST
                VALUE   (LST)  VALUE       VALUE  FROM      YEAR
                                                  NORMAL
..................................................................
TEMPERATURE (F)
 TODAY
  MAXIMUM         45    240 PM  75    1904  48     -3       49
  MINIMUM         24    718 AM  12    2002  29     -5       31
                                      1960
  AVERAGE         35                        38     -3       40

PRECIPITATION (IN)
  TODAY            0.00          0.46 1968   0.10  -0.10     0.00
  MONTH TO DATE    0.00                      0.10  -0.10     0.00
  SINCE DEC 1      0.00                      0.10  -0.10     0.00
  SINCE JAN 1     40.06                     41.07  -1.01    42.03

DEGREE DAYS
 HEATING
  TODAY           30                        27      3       25
  MONTH TO DATE   30                        27      3       25
  SINCE DEC 1     30                        27      3       25
  SINCE JUL 1    658                       974   -316      746

 COOLING
  TODAY            0                         0      0        0
  MONTH TO DATE    0                         0      0        0
  SINCE DEC 1      0                         0      0        0
  SINCE JAN 1   1482                      1246    236     1280
..................................................................


WIND (MPH)
  HIGHEST WIND SPEED    20   HIGHEST WIND DIRECTION     W (250)
  HIGHEST GUST SPEED    22   HIGHEST GUST DIRECTION     W (250)


SKY COVER
  AVERAGE SKY COVER 0.0


WEATHER CONDITIONS
 THE FOLLOWING WEATHER WAS RECORDED TODAY.
  NO SIGNIFICANT WEATHER WAS OBSERVED.


RELATIVE HUMIDITY (PERCENT)
 HIGHEST    88           700 AM
 LOWEST     49           200 PM
 AVERAGE    69

..........................................................


THE VICHY-ROLLA MO CLIMATE NORMALS FOR TOMORROW
                         NORMAL    RECORD    YEAR
 MAXIMUM TEMPERATURE (F)   47        73      2012
 MINIMUM TEMPERATURE (F)   28        11      2006


SUNRISE AND SUNSET
DECEMBER  1 2016......SUNRISE   705 AM CST   SUNSET   447 PM CST
DECEMBER  2 2016......SUNRISE   706 AM CST   SUNSET   447 PM CST


-  INDICATES NEGATIVE NUMBERS.
R  INDICATES RECORD WAS SET OR TIED.
MM INDICATES DATA IS MISSING.
T  INDICATES TRACE AMOUNT.




$$
