000
CDUS43 KSGF 220629
CLIVIH


CLIMATE REPORT
NATIONAL WEATHER SERVICE SPRINGFIELD MO
128 AM CDT MON AUG 22 2016


...................................

...THE VICHY-ROLLA MO CLIMATE SUMMARY FOR AUGUST 21 2016...

CLIMATE NORMAL PERIOD 1981 TO 2010
CLIMATE RECORD PERIOD 1888 TO 2016


WEATHER ITEM   OBSERVED TIME   RECORD YEAR NORMAL DEPARTURE LAST
                VALUE   (LST)  VALUE       VALUE  FROM      YEAR
                                                  NORMAL
..................................................................
TEMPERATURE (F)
 YESTERDAY
  MAXIMUM         79    300 PM 102    2003  87     -8       79
  MINIMUM         57   1145 PM  48    1956  65     -8       55
  AVERAGE         68                        76     -8       67

PRECIPITATION (IN)
  YESTERDAY        0.00          1.07 1952   0.13  -0.13     0.00
  MONTH TO DATE    9.41                      2.47   6.94     2.18
  SINCE JUN 1     17.51                     11.54   5.97    15.03
  SINCE JAN 1     31.75                     28.35   3.40    29.05

DEGREE DAYS
 HEATING
  YESTERDAY        0                         0      0        0
  MONTH TO DATE    0                         0      0        1
  SINCE JUN 1      0                        15    -15       16
  SINCE JUL 1      0                         1     -1        1

 COOLING
  YESTERDAY        3                        11     -8        2
  MONTH TO DATE  238                       255    -17      206
  SINCE JUN 1    994                       872    122      857
  SINCE JAN 1   1072                       979     93      964
..................................................................


WIND (MPH)
  HIGHEST WIND SPEED    14   HIGHEST WIND DIRECTION    NW (330)
  HIGHEST GUST SPEED    19   HIGHEST GUST DIRECTION    NW (310)
  AVERAGE WIND SPEED     4.9


SKY COVER
  AVERAGE SKY COVER 0.0


WEATHER CONDITIONS
 THE FOLLOWING WEATHER WAS RECORDED YESTERDAY.
  NO SIGNIFICANT WEATHER WAS OBSERVED.


RELATIVE HUMIDITY (PERCENT)
 HIGHEST   100           300 AM
 LOWEST     42           300 PM
 AVERAGE    71

..........................................................


THE VICHY-ROLLA MO CLIMATE NORMALS FOR TODAY
                         NORMAL    RECORD    YEAR
 MAXIMUM TEMPERATURE (F)   87        99      2001
 MINIMUM TEMPERATURE (F)   65        54      1956


SUNRISE AND SUNSET
AUGUST 22 2016........SUNRISE   629 AM CDT   SUNSET   750 PM CDT
AUGUST 23 2016........SUNRISE   629 AM CDT   SUNSET   749 PM CDT


-  INDICATES NEGATIVE NUMBERS.
R  INDICATES RECORD WAS SET OR TIED.
MM INDICATES DATA IS MISSING.
T  INDICATES TRACE AMOUNT.




$$
