000
CDUS43 KSGF 290628
CLIVIH


CLIMATE REPORT
NATIONAL WEATHER SERVICE SPRINGFIELD MO
1227 AM CST THU JAN 29 2015


...................................

...THE VICHY-ROLLA MO CLIMATE SUMMARY FOR JANUARY 28 2015...

CLIMATE NORMAL PERIOD 1981 TO 2010
CLIMATE RECORD PERIOD 1888 TO 2015


WEATHER ITEM   OBSERVED TIME   RECORD YEAR NORMAL DEPARTURE LAST
                VALUE   (LST)  VALUE       VALUE  FROM      YEAR
                                                  NORMAL
..................................................................
TEMPERATURE (F)
 YESTERDAY
  MAXIMUM         56    224 PM  74    2002  42     14       18
  MINIMUM         31    458 AM  -4    1977  22      9        2
  AVERAGE         44                        32     12       10

PRECIPITATION (IN)
  YESTERDAY        0.00          1.07 2006   0.06  -0.06     0.00
  MONTH TO DATE    0.88                      1.99  -1.11     0.85
  SINCE DEC 1      3.25                      4.63  -1.38     2.72
  SINCE JAN 1      0.88                      1.99  -1.11     0.85

DEGREE DAYS
 HEATING
  YESTERDAY       21                        33    -12       55
  MONTH TO DATE  934                       949    -15     1092
  SINCE DEC 1   1806                      1919   -113     2129
  SINCE JUL 1   2948                      2866     82     3179

 COOLING
  YESTERDAY        0                         0      0        0
  MONTH TO DATE    0                         0      0        0
  SINCE DEC 1      0                         0      0        0
  SINCE JAN 1      0                         0      0        0
..................................................................


WIND (MPH)
  HIGHEST WIND SPEED    26   HIGHEST WIND DIRECTION     S (170)
  HIGHEST GUST SPEED    33   HIGHEST GUST DIRECTION    SE (150)
  AVERAGE WIND SPEED    17.2


SKY COVER
  AVERAGE SKY COVER 0.0


WEATHER CONDITIONS
 THE FOLLOWING WEATHER WAS RECORDED YESTERDAY.
  NO SIGNIFICANT WEATHER WAS OBSERVED.


RELATIVE HUMIDITY (PERCENT)
 HIGHEST    85           300 AM
 LOWEST     56          1200 PM
 AVERAGE    71

..........................................................


THE VICHY-ROLLA MO CLIMATE NORMALS FOR TODAY
                         NORMAL    RECORD    YEAR
 MAXIMUM TEMPERATURE (F)   42        69      2008
 MINIMUM TEMPERATURE (F)   22       -14      1899


SUNRISE AND SUNSET
JANUARY 29 2015.......SUNRISE   714 AM CST   SUNSET   526 PM CST
JANUARY 30 2015.......SUNRISE   714 AM CST   SUNSET   528 PM CST


-  INDICATES NEGATIVE NUMBERS.
R  INDICATES RECORD WAS SET OR TIED.
MM INDICATES DATA IS MISSING.
T  INDICATES TRACE AMOUNT.




$$
