000
CDUS43 KSGF 042227
CLIVIH


CLIMATE REPORT
NATIONAL WEATHER SERVICE SPRINGFIELD MO
527 PM CDT SAT JUL 4 2015


...................................

...THE VICHY-ROLLA MO CLIMATE SUMMARY FOR JULY 4 2015...
VALID TODAY AS OF 0500 PM LOCAL TIME.

CLIMATE NORMAL PERIOD 1981 TO 2010
CLIMATE RECORD PERIOD 1888 TO 2015


WEATHER ITEM   OBSERVED TIME   RECORD YEAR NORMAL DEPARTURE LAST
                VALUE   (LST)  VALUE       VALUE  FROM      YEAR
                                                  NORMAL
..................................................................
TEMPERATURE (F)
 TODAY
  MAXIMUM         81    359 PM 104    1901  87     -6       81
  MINIMUM         60    453 AM  54    2014  66     -6       54
  AVERAGE         71                        76     -5       68

PRECIPITATION (IN)
  TODAY            0.00          1.57 1958   0.15  -0.15     0.00
  MONTH TO DATE    1.69                      0.56   1.13     0.03
  SINCE JUN 1      9.14                      5.19   3.95     3.34
  SINCE JAN 1     23.16                     22.00   1.16    12.96

DEGREE DAYS
 HEATING
  TODAY            0                         0      0        0
  MONTH TO DATE    0                         0      0        0
  SINCE JUN 1     15                        14      1        1
  SINCE JUL 1      0                         0      0        0

 COOLING
  TODAY            6                        11     -5        3
  MONTH TO DATE   27                        44    -17       13
  SINCE JUN 1    299                       279     20      271
  SINCE JAN 1    406                       386     20      418
..................................................................


WIND (MPH)
  HIGHEST WIND SPEED     8   HIGHEST WIND DIRECTION     E (70)
  HIGHEST GUST SPEED    11   HIGHEST GUST DIRECTION     E (110)


SKY COVER
  AVERAGE SKY COVER 0.1


WEATHER CONDITIONS
 THE FOLLOWING WEATHER WAS RECORDED TODAY.
  FOG
  HAZE


RELATIVE HUMIDITY (PERCENT)
 HIGHEST    97           400 AM
 LOWEST     54           300 PM
 AVERAGE    76

..........................................................


THE VICHY-ROLLA MO CLIMATE NORMALS FOR TOMORROW
                         NORMAL    RECORD    YEAR
 MAXIMUM TEMPERATURE (F)   87       103      1901
 MINIMUM TEMPERATURE (F)   66        51      1972


SUNRISE AND SUNSET
JULY  4 2015..........SUNRISE   549 AM CDT   SUNSET   834 PM CDT
JULY  5 2015..........SUNRISE   550 AM CDT   SUNSET   833 PM CDT


-  INDICATES NEGATIVE NUMBERS.
R  INDICATES RECORD WAS SET OR TIED.
MM INDICATES DATA IS MISSING.
T  INDICATES TRACE AMOUNT.




$$
