000
CDUS43 KSGF 150644
CLIVIH


CLIMATE REPORT
NATIONAL WEATHER SERVICE SPRINGFIELD MO
1244 AM CST SUN JAN 15 2017


...................................

...THE VICHY-ROLLA MO CLIMATE SUMMARY FOR JANUARY 14 2017...

CLIMATE NORMAL PERIOD 1981 TO 2010
CLIMATE RECORD PERIOD 1888 TO 2017


WEATHER ITEM   OBSERVED TIME   RECORD YEAR NORMAL DEPARTURE LAST
                VALUE   (LST)  VALUE       VALUE  FROM      YEAR
                                                  NORMAL
..................................................................
TEMPERATURE (F)
 YESTERDAY
  MAXIMUM         31   1159 PM  70    1996  40     -9       60
  MINIMUM         29    157 AM  -8    1905  21      8       36
  AVERAGE         30                        31     -1       48

PRECIPITATION (IN)
  YESTERDAY        0.10          0.64 1960   0.08   0.02     0.00
  MONTH TO DATE    0.59                      1.06  -0.47     0.67
  SINCE DEC 1      1.45                      3.70  -2.25    10.99
  SINCE JAN 1      0.59                      1.06  -0.47     0.67

DEGREE DAYS
 HEATING
  YESTERDAY       35                        34      1       17
  MONTH TO DATE  487                       476     11      465
  SINCE DEC 1   1432                      1446    -14     1140
  SINCE JUL 1   2060                      2393   -333     1861

 COOLING
  YESTERDAY        0                         0      0        0
  MONTH TO DATE    0                         0      0        0
  SINCE DEC 1      0                         0      0        0
  SINCE JAN 1      0                         0      0        0
..................................................................


WIND (MPH)
  HIGHEST WIND SPEED     9   HIGHEST WIND DIRECTION     N (340)
  HIGHEST GUST SPEED    17   HIGHEST GUST DIRECTION     N (20)
  AVERAGE WIND SPEED     4.5


SKY COVER
  AVERAGE SKY COVER 1.0


WEATHER CONDITIONS
 THE FOLLOWING WEATHER WAS RECORDED YESTERDAY.
  FREEZING RAIN
  LT FREEZING RAIN
  FOG
  FOG W/VISIBILITY <= 1/4 MILE


RELATIVE HUMIDITY (PERCENT)
 HIGHEST   100          1200 AM
 LOWEST    100          1200 AM
 AVERAGE   100

..........................................................


THE VICHY-ROLLA MO CLIMATE NORMALS FOR TODAY
                         NORMAL    RECORD    YEAR
 MAXIMUM TEMPERATURE (F)   40        65      1949
 MINIMUM TEMPERATURE (F)   21        -8      1979


SUNRISE AND SUNSET
JANUARY 15 2017.......SUNRISE   722 AM CST   SUNSET   512 PM CST
JANUARY 16 2017.......SUNRISE   722 AM CST   SUNSET   513 PM CST


-  INDICATES NEGATIVE NUMBERS.
R  INDICATES RECORD WAS SET OR TIED.
MM INDICATES DATA IS MISSING.
T  INDICATES TRACE AMOUNT.




$$
