000
CDUS43 KSGF 170626
CLIVIH


CLIMATE REPORT
NATIONAL WEATHER SERVICE SPRINGFIELD MO
126 AM CDT THU AUG 17 2017


...................................

...THE VICHY-ROLLA MO CLIMATE SUMMARY FOR AUGUST 16 2017...

CLIMATE NORMAL PERIOD 1981 TO 2010
CLIMATE RECORD PERIOD 1888 TO 2017


WEATHER ITEM   OBSERVED TIME   RECORD YEAR NORMAL DEPARTURE LAST
                VALUE   (LST)  VALUE       VALUE  FROM      YEAR
                                                  NORMAL
..................................................................
TEMPERATURE (F)
 YESTERDAY
  MAXIMUM         87   1149 AM 104    2007  88     -1       83
  MINIMUM         66   1159 PM  50    1992  65      1       67
  AVERAGE         77                        77      0       75

PRECIPITATION (IN)
  YESTERDAY        1.34R         1.19 1905   0.12   1.22     0.00
  MONTH TO DATE    5.09                      1.86   3.23     9.41
  SINCE JUN 1     15.29                     10.93   4.36    17.51
  SINCE JAN 1     37.73                     27.74   9.99    31.75

DEGREE DAYS
 HEATING
  YESTERDAY        0                         0      0        0
  MONTH TO DATE    1                         0      1        0
  SINCE JUN 1      2                        15    -13        0
  SINCE JUL 1      1                         1      0        0

 COOLING
  YESTERDAY       12                        12      0       10
  MONTH TO DATE  119                       199    -80      196
  SINCE JUN 1    760                       816    -56      952
  SINCE JAN 1    864                       923    -59     1030
..................................................................


WIND (MPH)
  HIGHEST WIND SPEED    26   HIGHEST WIND DIRECTION    NW (300)
  HIGHEST GUST SPEED    36   HIGHEST GUST DIRECTION     W (290)
  AVERAGE WIND SPEED    10.7


SKY COVER
  AVERAGE SKY COVER 0.6


WEATHER CONDITIONS
 THE FOLLOWING WEATHER WAS RECORDED YESTERDAY.
  THUNDERSTORM
  HEAVY RAIN
  RAIN
  LIGHT RAIN
  FOG
  HAZE


RELATIVE HUMIDITY (PERCENT)
 HIGHEST   100           400 AM
 LOWEST     70          1200 PM
 AVERAGE    85

..........................................................


THE VICHY-ROLLA MO CLIMATE NORMALS FOR TODAY
                         NORMAL    RECORD    YEAR
 MAXIMUM TEMPERATURE (F)   88       103      2000
 MINIMUM TEMPERATURE (F)   65        54      2012


SUNRISE AND SUNSET
AUGUST 17 2017........SUNRISE   624 AM CDT   SUNSET   757 PM CDT
AUGUST 18 2017........SUNRISE   625 AM CDT   SUNSET   756 PM CDT


-  INDICATES NEGATIVE NUMBERS.
R  INDICATES RECORD WAS SET OR TIED.
MM INDICATES DATA IS MISSING.
T  INDICATES TRACE AMOUNT.




$$
