410
CDUS43 KSGF 252226
CLIVIH


CLIMATE REPORT
NATIONAL WEATHER SERVICE SPRINGFIELD MO
525 PM CDT TUE APR 25 2017


...................................

...THE VICHY-ROLLA MO CLIMATE SUMMARY FOR APRIL 25 2017...
VALID TODAY AS OF 0500 PM LOCAL TIME.

CLIMATE NORMAL PERIOD 1981 TO 2010
CLIMATE RECORD PERIOD 1888 TO 2017


WEATHER ITEM   OBSERVED TIME   RECORD YEAR NORMAL DEPARTURE LAST
                VALUE   (LST)  VALUE       VALUE  FROM      YEAR
                                                  NORMAL
..................................................................
TEMPERATURE (F)
 TODAY
  MAXIMUM         80    235 PM  86    2012  69     11       81
  MINIMUM         54    304 AM  34    2013  47      7       61
  AVERAGE         67                        58      9       71

PRECIPITATION (IN)
  TODAY            0.00          1.36 1967   0.15  -0.15     0.00
  MONTH TO DATE    3.31                      3.45  -0.14     2.08
  SINCE MAR 1      6.45                      6.90  -0.45     4.94
  SINCE JAN 1      8.51                     11.00  -2.49     7.06

DEGREE DAYS
 COOLING
  TODAY            2                         1      1        6
  MONTH TO DATE   32                        19     13       11
  SINCE MAR 1     35                        23     12       11
  SINCE JAN 1     36                        23     13       11
..................................................................


WIND (MPH)
  HIGHEST WIND SPEED    26   HIGHEST WIND DIRECTION     S (180)
  HIGHEST GUST SPEED    35   HIGHEST GUST DIRECTION     S (170)


SKY COVER
  AVERAGE SKY COVER 0.0


WEATHER CONDITIONS
 THE FOLLOWING WEATHER WAS RECORDED TODAY.
  NO SIGNIFICANT WEATHER WAS OBSERVED.


RELATIVE HUMIDITY (PERCENT)
 HIGHEST    71           300 AM
 LOWEST     37           100 PM
 AVERAGE    54

..........................................................


THE VICHY-ROLLA MO CLIMATE NORMALS FOR TOMORROW
                         NORMAL    RECORD    YEAR
 MAXIMUM TEMPERATURE (F)   70        86      1994
 MINIMUM TEMPERATURE (F)   47        32      1976


SUNRISE AND SUNSET
APRIL 25 2017.........SUNRISE   618 AM CDT   SUNSET   753 PM CDT
APRIL 26 2017.........SUNRISE   616 AM CDT   SUNSET   754 PM CDT


-  INDICATES NEGATIVE NUMBERS.
R  INDICATES RECORD WAS SET OR TIED.
MM INDICATES DATA IS MISSING.
T  INDICATES TRACE AMOUNT.




$$
