000
CDUS43 KSGF 132132
CLIVIH


CLIMATE REPORT
NATIONAL WEATHER SERVICE SPRINGFIELD MO
432 PM CDT WED SEP 13 2017


...................................

...THE VICHY-ROLLA MO CLIMATE SUMMARY FOR SEPTEMBER 13 2017...
VALID AS OF 0400 PM LOCAL TIME.

CLIMATE NORMAL PERIOD 1981 TO 2010
CLIMATE RECORD PERIOD 1888 TO 2017


WEATHER ITEM   OBSERVED TIME   RECORD YEAR NORMAL DEPARTURE LAST
                VALUE   (LST)  VALUE       VALUE  FROM      YEAR
                                                  NORMAL
..................................................................
TEMPERATURE (F)
 TODAY
  MAXIMUM         81    244 PM  96    1956  80      1       86
  MINIMUM         59    642 AM  34    1902  58      1       62
  AVERAGE         70                        69      1       74

PRECIPITATION (IN)
  TODAY            0.00          2.20 1945   0.15  -0.15     0.00
  MONTH TO DATE    T                         1.89  -1.89     1.70
  SINCE SEP 1      T                         1.89  -1.89     1.70
  SINCE JAN 1     38.60                     31.44   7.16    34.04

DEGREE DAYS
 HEATING
  TODAY            0                         1     -1        0
  MONTH TO DATE   13                         7      6        3
  SINCE SEP 1     13                         7      6        3
  SINCE JUL 1     14                        10      4        3

 COOLING
  TODAY            5                         5      0        9
  MONTH TO DATE   42                        87    -45      100
  SINCE SEP 1     42                        87    -45      100
  SINCE JAN 1   1012                      1164   -152     1289
..................................................................


WIND (MPH)
  HIGHEST WIND SPEED    10   HIGHEST WIND DIRECTION    NE (30)
  HIGHEST GUST SPEED    14   HIGHEST GUST DIRECTION    NE (30)


SKY COVER
  AVERAGE SKY COVER 0.6


WEATHER CONDITIONS
 THE FOLLOWING WEATHER WAS RECORDED TODAY.
  NO SIGNIFICANT WEATHER WAS OBSERVED.


RELATIVE HUMIDITY (PERCENT)
 HIGHEST    87           600 AM
 LOWEST     48          1200 PM
 AVERAGE    68

..........................................................


THE VICHY-ROLLA MO CLIMATE NORMALS FOR TOMORROW
                         NORMAL    RECORD    YEAR
 MAXIMUM TEMPERATURE (F)   79        99      1971
 MINIMUM TEMPERATURE (F)   57        36      1902


SUNRISE AND SUNSET
SEPTEMBER 13 2017.....SUNRISE   647 AM CDT   SUNSET   718 PM CDT
SEPTEMBER 14 2017.....SUNRISE   648 AM CDT   SUNSET   716 PM CDT


-  INDICATES NEGATIVE NUMBERS.
R  INDICATES RECORD WAS SET OR TIED.
MM INDICATES DATA IS MISSING.
T  INDICATES TRACE AMOUNT.




$$
