000
CDUS43 KSGF 270626
CLIVIH


CLIMATE REPORT
NATIONAL WEATHER SERVICE SPRINGFIELD MO
126 AM CDT SUN JUL 27 2014


...................................

...THE VICHY-ROLLA MO CLIMATE SUMMARY FOR JULY 26 2014...

CLIMATE NORMAL PERIOD 1981 TO 2010
CLIMATE RECORD PERIOD 1888 TO 2014


WEATHER ITEM   OBSERVED TIME   RECORD YEAR NORMAL DEPARTURE LAST
                VALUE   (LST)  VALUE       VALUE  FROM      YEAR
                                                  NORMAL
..................................................................
TEMPERATURE (F)
 YESTERDAY
  MAXIMUM         99    107 PM 101    1999  89     10       71
  MINIMUM         72    333 AM  54    2004  67      5       65
  AVERAGE         86                        78      8       68

PRECIPITATION (IN)
  YESTERDAY        0.00          2.21 1968   0.14  -0.14     0.24
  MONTH TO DATE    0.11                      3.76  -3.65     3.04
  SINCE JUN 1      3.42                      8.39  -4.97     6.83
  SINCE JAN 1     13.04                     25.20 -12.16    28.13

DEGREE DAYS
 HEATING
  YESTERDAY        0                         0      0        0
  MONTH TO DATE    3                         0      3        0
  SINCE JUN 1      4                        14    -10       17
  SINCE JUL 1      3                         0      3        0

 COOLING
  YESTERDAY       21                        13      8        3
  MONTH TO DATE  209                       319   -110      263
  SINCE JUN 1    467                       554    -87      480
  SINCE JAN 1    614                       661    -47      587
..................................................................


WIND (MPH)
  HIGHEST WIND SPEED    21   HIGHEST WIND DIRECTION    SW (230)
  HIGHEST GUST SPEED    26   HIGHEST GUST DIRECTION    SW (230)
  AVERAGE WIND SPEED    12.1


SKY COVER
  AVERAGE SKY COVER 0.2


WEATHER CONDITIONS
 THE FOLLOWING WEATHER WAS RECORDED YESTERDAY.
  FOG


RELATIVE HUMIDITY (PERCENT)
 HIGHEST    93           300 AM
 LOWEST     38           100 PM
 AVERAGE    66

..........................................................


THE VICHY-ROLLA MO CLIMATE NORMALS FOR TODAY
                         NORMAL    RECORD    YEAR
 MAXIMUM TEMPERATURE (F)   89       102      1899
 MINIMUM TEMPERATURE (F)   67        48      2004


SUNRISE AND SUNSET
JULY 27 2014..........SUNRISE   606 AM CDT   SUNSET   821 PM CDT
JULY 28 2014..........SUNRISE   606 AM CDT   SUNSET   820 PM CDT


-  INDICATES NEGATIVE NUMBERS.
R  INDICATES RECORD WAS SET OR TIED.
MM INDICATES DATA IS MISSING.
T  INDICATES TRACE AMOUNT.




$$
