000
CDUS43 KSGF 162135
CLIVIH


CLIMATE REPORT
NATIONAL WEATHER SERVICE SPRINGFIELD MO
435 PM CDT SUN APR 16 2017


...................................

...THE VICHY-ROLLA MO CLIMATE SUMMARY FOR APRIL 16 2017...
VALID AS OF 0400 PM LOCAL TIME.

CLIMATE NORMAL PERIOD 1981 TO 2010
CLIMATE RECORD PERIOD 1888 TO 2017


WEATHER ITEM   OBSERVED TIME   RECORD YEAR NORMAL DEPARTURE LAST
                VALUE   (LST)  VALUE       VALUE  FROM      YEAR
                                                  NORMAL
..................................................................
TEMPERATURE (F)
 TODAY
  MAXIMUM         71    259 PM  85    2006  67      4       74
                                      1977
  MINIMUM         61   1125 AM  27    1949  44     17       52
  AVERAGE         66                        56     10       63

PRECIPITATION (IN)
  TODAY            0.20          0.90 1995   0.14   0.06     0.00
  MONTH TO DATE    1.61                      2.14  -0.53     1.99
  SINCE MAR 1      4.75                      5.59  -0.84     4.85
  SINCE JAN 1      6.81                      9.69  -2.88     6.97

DEGREE DAYS
 HEATING
  TODAY            0                        10    -10        2
  MONTH TO DATE  103                       199    -96      206
  SINCE MAR 1    606                       813   -207      652
  SINCE JUL 1   3592                      4603  -1011     3855

 COOLING
  TODAY            1                         1      0        0
  MONTH TO DATE   23                        10     13        0
  SINCE MAR 1     26                        14     12        0
  SINCE JAN 1     27                        14     13        0
..................................................................


WIND (MPH)
  HIGHEST WIND SPEED    17   HIGHEST WIND DIRECTION     S (190)
  HIGHEST GUST SPEED    22   HIGHEST GUST DIRECTION     S (180)


SKY COVER
  AVERAGE SKY COVER 0.3


WEATHER CONDITIONS
 THE FOLLOWING WEATHER WAS RECORDED TODAY.
  HEAVY RAIN
  RAIN
  LIGHT RAIN
  FOG


RELATIVE HUMIDITY (PERCENT)
 HIGHEST   100          1100 AM
 LOWEST     73          1200 AM
 AVERAGE    87

..........................................................


THE VICHY-ROLLA MO CLIMATE NORMALS FOR TOMORROW
                         NORMAL    RECORD    YEAR
 MAXIMUM TEMPERATURE (F)   67        86      2004
 MINIMUM TEMPERATURE (F)   44        25      1904


SUNRISE AND SUNSET
APRIL 16 2017.........SUNRISE   630 AM CDT   SUNSET   744 PM CDT
APRIL 17 2017.........SUNRISE   628 AM CDT   SUNSET   745 PM CDT


-  INDICATES NEGATIVE NUMBERS.
R  INDICATES RECORD WAS SET OR TIED.
MM INDICATES DATA IS MISSING.
T  INDICATES TRACE AMOUNT.




$$
