616
CDUS43 KSGF 210631
CLIVIH


CLIMATE REPORT
NATIONAL WEATHER SERVICE SPRINGFIELD MO
130 AM CDT SUN MAY 21 2017


...................................

...THE VICHY-ROLLA MO CLIMATE SUMMARY FOR MAY 20 2017...

CLIMATE NORMAL PERIOD 1981 TO 2010
CLIMATE RECORD PERIOD 1888 TO 2017


WEATHER ITEM   OBSERVED TIME   RECORD YEAR NORMAL DEPARTURE LAST
                VALUE   (LST)  VALUE       VALUE  FROM      YEAR
                                                  NORMAL
..................................................................
TEMPERATURE (F)
 YESTERDAY
  MAXIMUM         76    113 PM  92    1902  75      1       67
  MINIMUM         57   1159 PM  36    2002  54      3       51
  AVERAGE         67                        65      2       59

PRECIPITATION (IN)
  YESTERDAY        1.03          1.58 2013   0.17   0.86     0.14
  MONTH TO DATE    4.84                      3.26   1.58     2.31
  SINCE MAR 1     19.07                     10.93   8.14     9.25
  SINCE JAN 1     21.13                     15.03   6.10    11.37

DEGREE DAYS
 HEATING
  YESTERDAY        0                         3     -3        6
  MONTH TO DATE   78                        92    -14      158
  SINCE MAR 1    781                      1020   -239      846
  SINCE JUL 1   3767                      4810  -1043     4049

 COOLING
  YESTERDAY        2                         3     -1        0
  MONTH TO DATE   53                        40     13       14
  SINCE MAR 1     88                        66     22       28
  SINCE JAN 1     89                        66     23       28
..................................................................


WIND (MPH)
  HIGHEST WIND SPEED    22   HIGHEST WIND DIRECTION     W (270)
  HIGHEST GUST SPEED    28   HIGHEST GUST DIRECTION     W (280)
  AVERAGE WIND SPEED    10.3


SKY COVER
  AVERAGE SKY COVER 0.5


WEATHER CONDITIONS
 THE FOLLOWING WEATHER WAS RECORDED YESTERDAY.
  THUNDERSTORM
  HEAVY RAIN
  RAIN
  LIGHT RAIN
  FOG
  FOG W/VISIBILITY <= 1/4 MILE
  HAZE


RELATIVE HUMIDITY (PERCENT)
 HIGHEST   100           400 AM
 LOWEST     79          1200 PM
 AVERAGE    90

..........................................................


THE VICHY-ROLLA MO CLIMATE NORMALS FOR TODAY
                         NORMAL    RECORD    YEAR
 MAXIMUM TEMPERATURE (F)   76        90      1902
 MINIMUM TEMPERATURE (F)   55        40      2002


SUNRISE AND SUNSET
MAY 21 2017...........SUNRISE   552 AM CDT   SUNSET   816 PM CDT
MAY 22 2017...........SUNRISE   551 AM CDT   SUNSET   817 PM CDT


-  INDICATES NEGATIVE NUMBERS.
R  INDICATES RECORD WAS SET OR TIED.
MM INDICATES DATA IS MISSING.
T  INDICATES TRACE AMOUNT.




$$
