000
CDUS43 KSGF 270630
CLIVIH


CLIMATE REPORT
NATIONAL WEATHER SERVICE SPRINGFIELD MO
130 AM CDT SAT JUN 27 2015


...................................

...THE VICHY-ROLLA MO CLIMATE SUMMARY FOR JUNE 26 2015...

CLIMATE NORMAL PERIOD 1981 TO 2010
CLIMATE RECORD PERIOD 1888 TO 2015


WEATHER ITEM   OBSERVED TIME   RECORD YEAR NORMAL DEPARTURE LAST
                VALUE   (LST)  VALUE       VALUE  FROM      YEAR
                                                  NORMAL
..................................................................
TEMPERATURE (F)
 YESTERDAY
  MAXIMUM         78    519 PM 100    1901  85     -7       86
  MINIMUM         65   1153 PM  46    2004  65      0       65
  AVERAGE         72                        75     -3       76

PRECIPITATION (IN)
  YESTERDAY        0.42          1.56 1948   0.14   0.28     0.05
  MONTH TO DATE    7.40                      4.09   3.31     3.29
  SINCE JUN 1      7.40                      4.09   3.31     3.29
  SINCE JAN 1     21.42                     20.90   0.52    12.91

DEGREE DAYS
 HEATING
  YESTERDAY        0                         0      0        0
  MONTH TO DATE   15                        12      3        1
  SINCE JUN 1     15                        12      3        1
  SINCE JUL 1   5058                      4846    212     5479

 COOLING
  YESTERDAY        7                        10     -3       11
  MONTH TO DATE  243                       192     51      207
  SINCE JUN 1    243                       192     51      207
  SINCE JAN 1    350                       299     51      354
..................................................................


WIND (MPH)
  HIGHEST WIND SPEED    22   HIGHEST WIND DIRECTION     W (290)
  HIGHEST GUST SPEED    29   HIGHEST GUST DIRECTION     W (290)
  AVERAGE WIND SPEED     8.1


SKY COVER
  AVERAGE SKY COVER 0.5


WEATHER CONDITIONS
 THE FOLLOWING WEATHER WAS RECORDED YESTERDAY.
  THUNDERSTORM
  HEAVY RAIN
  LIGHT RAIN
  FOG


RELATIVE HUMIDITY (PERCENT)
 HIGHEST   100           800 AM
 LOWEST     76           400 PM
 AVERAGE    88

..........................................................


THE VICHY-ROLLA MO CLIMATE NORMALS FOR TODAY
                         NORMAL    RECORD    YEAR
 MAXIMUM TEMPERATURE (F)   86       101      1901
 MINIMUM TEMPERATURE (F)   65        51      1968


SUNRISE AND SUNSET
JUNE 27 2015..........SUNRISE   546 AM CDT   SUNSET   834 PM CDT
JUNE 28 2015..........SUNRISE   546 AM CDT   SUNSET   834 PM CDT


-  INDICATES NEGATIVE NUMBERS.
R  INDICATES RECORD WAS SET OR TIED.
MM INDICATES DATA IS MISSING.
T  INDICATES TRACE AMOUNT.




$$
