000
CDUS43 KSGF 090627
CLIVIH


CLIMATE REPORT
NATIONAL WEATHER SERVICE SPRINGFIELD MO
1227 AM CST TUE FEB 9 2016


...................................

...THE VICHY-ROLLA MO CLIMATE SUMMARY FOR FEBRUARY 8 2016...

CLIMATE NORMAL PERIOD 1981 TO 2010
CLIMATE RECORD PERIOD 1888 TO 2016


WEATHER ITEM   OBSERVED TIME   RECORD YEAR NORMAL DEPARTURE LAST
                VALUE   (LST)  VALUE       VALUE  FROM      YEAR
                                                  NORMAL
..................................................................
TEMPERATURE (F)
 YESTERDAY
  MAXIMUM         36    131 AM  65    2015  44     -8       65
                                      2001
  MINIMUM         22   1100 PM -13    1899  24     -2       41
  AVERAGE         29                        34     -5       53

PRECIPITATION (IN)
  YESTERDAY        T             0.53 1900   0.06  -0.06     0.00
  MONTH TO DATE    0.21                      0.51  -0.30     0.74
  SINCE DEC 1     11.27                      5.32   5.95     4.04
  SINCE JAN 1      0.95                      2.68  -1.73     1.67

DEGREE DAYS
 HEATING
  YESTERDAY       36                        31      5       12
  MONTH TO DATE  213                       255    -42      246
  SINCE DEC 1   1927                      2276   -349     2135
  SINCE JUL 1   2648                      3223   -575     3277

 COOLING
  YESTERDAY        0                         0      0        0
  MONTH TO DATE    0                         0      0        0
  SINCE DEC 1      0                         0      0        0
  SINCE JAN 1      0                         0      0        0
..................................................................


WIND (MPH)
  HIGHEST WIND SPEED    30   HIGHEST WIND DIRECTION    NW (300)
  HIGHEST GUST SPEED    43   HIGHEST GUST DIRECTION     W (290)
  AVERAGE WIND SPEED    18.2


SKY COVER
  AVERAGE SKY COVER 1.0


WEATHER CONDITIONS
 THE FOLLOWING WEATHER WAS RECORDED YESTERDAY.
  LIGHT SNOW
  FOG
  HAZE


RELATIVE HUMIDITY (PERCENT)
 HIGHEST    92           500 AM
 LOWEST     63          1000 AM
 AVERAGE    78

..........................................................


THE VICHY-ROLLA MO CLIMATE NORMALS FOR TODAY
                         NORMAL    RECORD    YEAR
 MAXIMUM TEMPERATURE (F)   44        69      2000
 MINIMUM TEMPERATURE (F)   24       -23      1899


SUNRISE AND SUNSET
FEBRUARY  9 2016......SUNRISE   704 AM CST   SUNSET   539 PM CST
FEBRUARY 10 2016......SUNRISE   703 AM CST   SUNSET   540 PM CST


-  INDICATES NEGATIVE NUMBERS.
R  INDICATES RECORD WAS SET OR TIED.
MM INDICATES DATA IS MISSING.
T  INDICATES TRACE AMOUNT.




$$
