000
CDUS43 KSGF 280627
CLIVIH


CLIMATE REPORT
NATIONAL WEATHER SERVICE SPRINGFIELD MO
127 AM CDT THU AUG 28 2014


...................................

...THE VICHY-ROLLA MO CLIMATE SUMMARY FOR AUGUST 27 2014...

CLIMATE NORMAL PERIOD 1981 TO 2010
CLIMATE RECORD PERIOD 1888 TO 2014


WEATHER ITEM   OBSERVED TIME   RECORD YEAR NORMAL DEPARTURE LAST
                VALUE   (LST)  VALUE       VALUE  FROM      YEAR
                                                  NORMAL
..................................................................
TEMPERATURE (F)
 YESTERDAY
  MAXIMUM         94   1142 AM  98    1901  86      8       91
  MINIMUM         70    556 AM  51    1971  63      7       69
  AVERAGE         82                        75      7       80

PRECIPITATION (IN)
  YESTERDAY        0.02          2.99 1951   0.12  -0.10     0.00
  MONTH TO DATE    3.09                      3.18  -0.09     4.29
  SINCE JUN 1      6.51                     12.25  -5.74    11.68
  SINCE JAN 1     16.13                     29.06 -12.93    32.98

DEGREE DAYS
 HEATING
  YESTERDAY        0                         0      0        0
  MONTH TO DATE    0                         0      0        2
  SINCE JUN 1      4                        15    -11       21
  SINCE JUL 1      3                         1      2        4

 COOLING
  YESTERDAY       17                        10      7       15
  MONTH TO DATE  335                       317     18      223
  SINCE JUN 1    834                       934   -100      722
  SINCE JAN 1    981                      1041    -60      829
..................................................................


WIND (MPH)
  HIGHEST WIND SPEED    30   HIGHEST WIND DIRECTION    NW (330)
  HIGHEST GUST SPEED    38   HIGHEST GUST DIRECTION     N (340)
  AVERAGE WIND SPEED     7.5


SKY COVER
  AVERAGE SKY COVER 0.1


WEATHER CONDITIONS
 THE FOLLOWING WEATHER WAS RECORDED YESTERDAY.
  THUNDERSTORM
  RAIN
  LIGHT RAIN


RELATIVE HUMIDITY (PERCENT)
 HIGHEST    90           300 AM
 LOWEST     49          1100 AM
 AVERAGE    70

..........................................................


THE VICHY-ROLLA MO CLIMATE NORMALS FOR TODAY
                         NORMAL    RECORD    YEAR
 MAXIMUM TEMPERATURE (F)   86        98      1898
 MINIMUM TEMPERATURE (F)   63        50      1971


SUNRISE AND SUNSET
AUGUST 28 2014........SUNRISE   633 AM CDT   SUNSET   742 PM CDT
AUGUST 29 2014........SUNRISE   634 AM CDT   SUNSET   741 PM CDT


-  INDICATES NEGATIVE NUMBERS.
R  INDICATES RECORD WAS SET OR TIED.
MM INDICATES DATA IS MISSING.
T  INDICATES TRACE AMOUNT.




$$
