000
CDUS43 KSGF 152136
CLIVIH


CLIMATE REPORT
NATIONAL WEATHER SERVICE SPRINGFIELD MO
436 PM CDT WED MAR 15 2017


...................................

...THE VICHY-ROLLA MO CLIMATE SUMMARY FOR MARCH 15 2017...
VALID AS OF 0400 PM LOCAL TIME.

CLIMATE NORMAL PERIOD 1981 TO 2010
CLIMATE RECORD PERIOD 1888 TO 2017


WEATHER ITEM   OBSERVED TIME   RECORD YEAR NORMAL DEPARTURE LAST
                VALUE   (LST)  VALUE       VALUE  FROM      YEAR
                                                  NORMAL
..................................................................
TEMPERATURE (F)
 TODAY
  MAXIMUM         39    259 PM  82    2016  56    -17       82
  MINIMUM         13    645 AM  10    1949  34    -21       46
  AVERAGE         26                        45    -19       64

PRECIPITATION (IN)
  TODAY            0.00          1.17 1955   0.11  -0.11     0.00
  MONTH TO DATE    0.91                      1.40  -0.49     1.36
  SINCE MAR 1      0.91                      1.40  -0.49     1.36
  SINCE JAN 1      2.97                      5.50  -2.53     3.48

DEGREE DAYS
 HEATING
  TODAY           39                        20     19        1
  MONTH TO DATE  337                       338     -1      192
  SINCE MAR 1    337                       338     -1      192
  SINCE JUL 1   3323                      4128   -805     3395

 COOLING
  TODAY            0                         0      0        0
  MONTH TO DATE    0                         0      0        0
  SINCE MAR 1      0                         0      0        0
  SINCE JAN 1      1                         0      1        0
..................................................................


WIND (MPH)
  HIGHEST WIND SPEED     8   HIGHEST WIND DIRECTION    SW (240)
  HIGHEST GUST SPEED    12   HIGHEST GUST DIRECTION    NW (320)


SKY COVER
  AVERAGE SKY COVER 0.0


WEATHER CONDITIONS
 THE FOLLOWING WEATHER WAS RECORDED TODAY.
  NO SIGNIFICANT WEATHER WAS OBSERVED.


RELATIVE HUMIDITY (PERCENT)
 HIGHEST    80           500 AM
 LOWEST     22           300 PM
 AVERAGE    51

..........................................................


THE VICHY-ROLLA MO CLIMATE NORMALS FOR TOMORROW
                         NORMAL    RECORD    YEAR
 MAXIMUM TEMPERATURE (F)   56        79      2012
 MINIMUM TEMPERATURE (F)   34        14      1900


SUNRISE AND SUNSET
MARCH 15 2017.........SUNRISE   718 AM CDT   SUNSET   715 PM CDT
MARCH 16 2017.........SUNRISE   716 AM CDT   SUNSET   715 PM CDT


-  INDICATES NEGATIVE NUMBERS.
R  INDICATES RECORD WAS SET OR TIED.
MM INDICATES DATA IS MISSING.
T  INDICATES TRACE AMOUNT.




$$
