000
CDUS43 KSGF 310628
CLIVIH


CLIMATE REPORT
NATIONAL WEATHER SERVICE SPRINGFIELD MO
128 AM CDT FRI JUL 31 2015


...................................

...THE VICHY-ROLLA MO CLIMATE SUMMARY FOR JULY 30 2015...

CLIMATE NORMAL PERIOD 1981 TO 2010
CLIMATE RECORD PERIOD 1888 TO 2015


WEATHER ITEM   OBSERVED TIME   RECORD YEAR NORMAL DEPARTURE LAST
                VALUE   (LST)  VALUE       VALUE  FROM      YEAR
                                                  NORMAL
..................................................................
TEMPERATURE (F)
 YESTERDAY
  MAXIMUM         87    202 PM 107    1980  89     -2       78
  MINIMUM         61    539 AM  55    1971  67     -6       58
  AVERAGE         74                        78     -4       68

PRECIPITATION (IN)
  YESTERDAY        0.00          2.77 2004   0.14  -0.14     0.00
  MONTH TO DATE    5.40                      4.30   1.10     0.11
  SINCE JUN 1     12.85                      8.93   3.92     3.42
  SINCE JAN 1     26.87                     25.74   1.13    13.04

DEGREE DAYS
 HEATING
  YESTERDAY        0                         0      0        0
  MONTH TO DATE    0                         0      0        3
  SINCE JUN 1     15                        14      1        4
  SINCE JUL 1      0                         0      0        3

 COOLING
  YESTERDAY        9                        13     -4        3
  MONTH TO DATE  368                       371     -3      235
  SINCE JUN 1    640                       606     34      493
  SINCE JAN 1    747                       713     34      640
..................................................................


WIND (MPH)
  HIGHEST WIND SPEED     8   HIGHEST WIND DIRECTION     E (100)
  HIGHEST GUST SPEED    14   HIGHEST GUST DIRECTION     E (80)
  AVERAGE WIND SPEED     2.3


SKY COVER
  AVERAGE SKY COVER 0.0


WEATHER CONDITIONS
 THE FOLLOWING WEATHER WAS RECORDED YESTERDAY.
  FOG
  HAZE


RELATIVE HUMIDITY (PERCENT)
 HIGHEST    93           200 AM
 LOWEST     37           100 PM
 AVERAGE    65

..........................................................


THE VICHY-ROLLA MO CLIMATE NORMALS FOR TODAY
                         NORMAL    RECORD    YEAR
 MAXIMUM TEMPERATURE (F)   89       106      1980
 MINIMUM TEMPERATURE (F)   66        50      1971


SUNRISE AND SUNSET
JULY 31 2015..........SUNRISE   609 AM CDT   SUNSET   818 PM CDT
AUGUST  1 2015........SUNRISE   610 AM CDT   SUNSET   817 PM CDT


-  INDICATES NEGATIVE NUMBERS.
R  INDICATES RECORD WAS SET OR TIED.
MM INDICATES DATA IS MISSING.
T  INDICATES TRACE AMOUNT.




$$
