412
CDUS43 KSGF 222129
CLIVIH


CLIMATE REPORT
NATIONAL WEATHER SERVICE SPRINGFIELD MO
427 PM CDT MON AUG 22 2016


...................................

...THE VICHY-ROLLA MO CLIMATE SUMMARY FOR AUGUST 22 2016...
VALID AS OF 0400 PM LOCAL TIME.

CLIMATE NORMAL PERIOD 1981 TO 2010
CLIMATE RECORD PERIOD 1888 TO 2016


WEATHER ITEM   OBSERVED TIME   RECORD YEAR NORMAL DEPARTURE LAST
                VALUE   (LST)  VALUE       VALUE  FROM      YEAR
                                                  NORMAL
..................................................................
TEMPERATURE (F)
 TODAY
  MAXIMUM         80    259 PM  99    2001  87     -7       76
  MINIMUM         54R   544 AM  54    1956  65    -11       64
  AVERAGE         67                        76     -9       70

PRECIPITATION (IN)
  TODAY            0.00          3.05 1905   0.12  -0.12     0.05
  MONTH TO DATE    9.41                      2.59   6.82     2.23
  SINCE JUN 1     17.51                     11.66   5.85    15.08
  SINCE JAN 1     31.75                     28.47   3.28    29.10

DEGREE DAYS
 HEATING
  TODAY            0                         0      0        0
  MONTH TO DATE    0                         0      0        1
  SINCE JUN 1      0                        15    -15       16
  SINCE JUL 1      0                         1     -1        1

 COOLING
  TODAY            2                        11     -9        5
  MONTH TO DATE  240                       266    -26      211
  SINCE JUN 1    996                       883    113      862
  SINCE JAN 1   1074                       990     84      969
..................................................................


WIND (MPH)
  HIGHEST WIND SPEED    13   HIGHEST WIND DIRECTION     S (160)
  HIGHEST GUST SPEED    16   HIGHEST GUST DIRECTION    SE (150)


SKY COVER
  AVERAGE SKY COVER 0.0


WEATHER CONDITIONS
 THE FOLLOWING WEATHER WAS RECORDED TODAY.
  NO SIGNIFICANT WEATHER WAS OBSERVED.


RELATIVE HUMIDITY (PERCENT)
 HIGHEST    93           600 AM
 LOWEST     45           200 PM
 AVERAGE    69

..........................................................


THE VICHY-ROLLA MO CLIMATE NORMALS FOR TOMORROW
                         NORMAL    RECORD    YEAR
 MAXIMUM TEMPERATURE (F)   87        98      1898
 MINIMUM TEMPERATURE (F)   64        51      2009


SUNRISE AND SUNSET
AUGUST 22 2016........SUNRISE   629 AM CDT   SUNSET   750 PM CDT
AUGUST 23 2016........SUNRISE   629 AM CDT   SUNSET   749 PM CDT


-  INDICATES NEGATIVE NUMBERS.
R  INDICATES RECORD WAS SET OR TIED.
MM INDICATES DATA IS MISSING.
T  INDICATES TRACE AMOUNT.




$$
