000
CDUS43 KSGF 240655
CLIVIH


CLIMATE REPORT
NATIONAL WEATHER SERVICE SPRINGFIELD MO
155 AM CDT MON AUG 24 2015


...................................

...THE VICHY-ROLLA MO CLIMATE SUMMARY FOR AUGUST 23 2015...

CLIMATE NORMAL PERIOD 1981 TO 2010
CLIMATE RECORD PERIOD 1888 TO 2015


WEATHER ITEM   OBSERVED TIME   RECORD YEAR NORMAL DEPARTURE LAST
                VALUE   (LST)  VALUE       VALUE  FROM      YEAR
                                                  NORMAL
..................................................................
TEMPERATURE (F)
 YESTERDAY
  MAXIMUM         78    144 PM  98    1898  87     -9       97
  MINIMUM         56   1105 PM  51    2009  64     -8       73
  AVERAGE         67                        76     -9       85

PRECIPITATION (IN)
  YESTERDAY        0.01          1.24 1977   0.11  -0.10     0.00
  MONTH TO DATE    2.24                      2.70  -0.46     3.07
  SINCE JUN 1     15.09                     11.77   3.32     6.49
  SINCE JAN 1     29.11                     28.58   0.53    16.11

DEGREE DAYS
 HEATING
  YESTERDAY        0                         0      0        0
  MONTH TO DATE    1                         0      1        0
  SINCE JUN 1     16                        15      1        4
  SINCE JUL 1      1                         1      0        3

 COOLING
  YESTERDAY        2                        11     -9       20
  MONTH TO DATE  213                       277    -64      261
  SINCE JUN 1    864                       894    -30      760
  SINCE JAN 1    971                      1001    -30      907
..................................................................


WIND (MPH)
  HIGHEST WIND SPEED    21   HIGHEST WIND DIRECTION    NW (310)
  HIGHEST GUST SPEED    27   HIGHEST GUST DIRECTION    NW (320)
  AVERAGE WIND SPEED    10.3


SKY COVER
  AVERAGE SKY COVER 0.3


WEATHER CONDITIONS
 THE FOLLOWING WEATHER WAS RECORDED YESTERDAY.
  THUNDERSTORM
  FOG


RELATIVE HUMIDITY (PERCENT)
 HIGHEST   100          1200 AM
 LOWEST     47           400 PM
 AVERAGE    74

..........................................................


THE VICHY-ROLLA MO CLIMATE NORMALS FOR TODAY
                         NORMAL    RECORD    YEAR
 MAXIMUM TEMPERATURE (F)   87        98      2014
 MINIMUM TEMPERATURE (F)   64        52      1952


SUNRISE AND SUNSET
AUGUST 24 2015........SUNRISE   630 AM CDT   SUNSET   749 PM CDT
AUGUST 25 2015........SUNRISE   631 AM CDT   SUNSET   747 PM CDT


-  INDICATES NEGATIVE NUMBERS.
R  INDICATES RECORD WAS SET OR TIED.
MM INDICATES DATA IS MISSING.
T  INDICATES TRACE AMOUNT.




$$
