000
CDUS43 KSGF 282132
CLIVIH


CLIMATE REPORT
NATIONAL WEATHER SERVICE SPRINGFIELD MO
432 PM CDT TUE JUL 28 2015


...................................

...THE VICHY-ROLLA MO CLIMATE SUMMARY FOR JULY 28 2015...
VALID AS OF 0400 PM LOCAL TIME.

CLIMATE NORMAL PERIOD 1981 TO 2010
CLIMATE RECORD PERIOD 1888 TO 2015


WEATHER ITEM   OBSERVED TIME   RECORD YEAR NORMAL DEPARTURE LAST
                VALUE   (LST)  VALUE       VALUE  FROM      YEAR
                                                  NORMAL
..................................................................
TEMPERATURE (F)
 TODAY
  MAXIMUM         93    237 PM 100    1952  89      4       83
  MINIMUM         74    529 AM  50    2013  67      7       56
  AVERAGE         84                        78      6       70

PRECIPITATION (IN)
  TODAY            0.00          2.15 1898   0.14  -0.14     0.00
  MONTH TO DATE    5.40                      4.03   1.37     0.11
  SINCE JUN 1     12.85                      8.66   4.19     3.42
  SINCE JAN 1     26.87                     25.47   1.40    13.04

DEGREE DAYS
 HEATING
  TODAY            0                         0      0        0
  MONTH TO DATE    0                         0      0        3
  SINCE JUN 1     15                        14      1        4
  SINCE JUL 1      0                         0      0        3

 COOLING
  TODAY           19                        13      6        5
  MONTH TO DATE  347                       345      2      229
  SINCE JUN 1    619                       580     39      487
  SINCE JAN 1    726                       687     39      634
..................................................................


WIND (MPH)
  HIGHEST WIND SPEED    13   HIGHEST WIND DIRECTION    SW (220)
  HIGHEST GUST SPEED    16   HIGHEST GUST DIRECTION    SW (220)


SKY COVER
  AVERAGE SKY COVER 0.1


WEATHER CONDITIONS
 THE FOLLOWING WEATHER WAS RECORDED TODAY.
  NO SIGNIFICANT WEATHER WAS OBSERVED.


RELATIVE HUMIDITY (PERCENT)
 HIGHEST    94           200 AM
 LOWEST     60          1200 PM
 AVERAGE    77

..........................................................


THE VICHY-ROLLA MO CLIMATE NORMALS FOR TOMORROW
                         NORMAL    RECORD    YEAR
 MAXIMUM TEMPERATURE (F)   89       102      1999
 MINIMUM TEMPERATURE (F)   67        53      2014


SUNRISE AND SUNSET
JULY 28 2015..........SUNRISE   606 AM CDT   SUNSET   820 PM CDT
JULY 29 2015..........SUNRISE   607 AM CDT   SUNSET   820 PM CDT


-  INDICATES NEGATIVE NUMBERS.
R  INDICATES RECORD WAS SET OR TIED.
MM INDICATES DATA IS MISSING.
T  INDICATES TRACE AMOUNT.




$$
