000
CDUS43 KSGF 142231
CLIVIH


CLIMATE REPORT
NATIONAL WEATHER SERVICE SPRINGFIELD MO
531 PM CDT THU SEP 14 2017


...................................

...THE VICHY-ROLLA MO CLIMATE SUMMARY FOR SEPTEMBER 14 2017...
VALID TODAY AS OF 0500 PM LOCAL TIME.

CLIMATE NORMAL PERIOD 1981 TO 2010
CLIMATE RECORD PERIOD 1888 TO 2017


WEATHER ITEM   OBSERVED TIME   RECORD YEAR NORMAL DEPARTURE LAST
                VALUE   (LST)  VALUE       VALUE  FROM      YEAR
                                                  NORMAL
..................................................................
TEMPERATURE (F)
 TODAY
  MAXIMUM         87    251 PM  99    1971  79      8       83
  MINIMUM         56    503 AM  36    1902  57     -1       66
  AVERAGE         72                        68      4       75

PRECIPITATION (IN)
  TODAY            0.00          4.43 2008   0.14  -0.14     0.00
  MONTH TO DATE    T                         2.03  -2.03     1.70
  SINCE SEP 1      T                         2.03  -2.03     1.70
  SINCE JAN 1     38.60                     31.58   7.02    34.04

DEGREE DAYS
 HEATING
  TODAY            0                         1     -1        0
  MONTH TO DATE   13                         8      5        3
  SINCE SEP 1     13                         8      5        3
  SINCE JUL 1     14                        11      3        3

 COOLING
  TODAY            7                         5      2       10
  MONTH TO DATE   49                        92    -43      110
  SINCE SEP 1     49                        92    -43      110
  SINCE JAN 1   1019                      1169   -150     1299
..................................................................


WIND (MPH)
  HIGHEST WIND SPEED    12   HIGHEST WIND DIRECTION    SW (230)
  HIGHEST GUST SPEED    21   HIGHEST GUST DIRECTION    SE (120)


SKY COVER
  AVERAGE SKY COVER 0.0


WEATHER CONDITIONS
 THE FOLLOWING WEATHER WAS RECORDED TODAY.
  NO SIGNIFICANT WEATHER WAS OBSERVED.


RELATIVE HUMIDITY (PERCENT)
 HIGHEST    93           500 AM
 LOWEST     29           300 PM
 AVERAGE    61

..........................................................


THE VICHY-ROLLA MO CLIMATE NORMALS FOR TOMORROW
                         NORMAL    RECORD    YEAR
 MAXIMUM TEMPERATURE (F)   79        97      1897
 MINIMUM TEMPERATURE (F)   57        41      2011
                                             2007


SUNRISE AND SUNSET
SEPTEMBER 14 2017.....SUNRISE   648 AM CDT   SUNSET   716 PM CDT
SEPTEMBER 15 2017.....SUNRISE   649 AM CDT   SUNSET   715 PM CDT


-  INDICATES NEGATIVE NUMBERS.
R  INDICATES RECORD WAS SET OR TIED.
MM INDICATES DATA IS MISSING.
T  INDICATES TRACE AMOUNT.




$$
