000
CDUS43 KSGF 300645
CLIVIH


CLIMATE REPORT
NATIONAL WEATHER SERVICE SPRINGFIELD MO
145 AM CDT SUN APR 30 2017


...................................

...THE VICHY-ROLLA MO CLIMATE SUMMARY FOR APRIL 29 2017...

CLIMATE NORMAL PERIOD 1981 TO 2010
CLIMATE RECORD PERIOD 1888 TO 2017


WEATHER ITEM   OBSERVED TIME   RECORD YEAR NORMAL DEPARTURE LAST
                VALUE   (LST)  VALUE       VALUE  FROM      YEAR
                                                  NORMAL
..................................................................
TEMPERATURE (F)
 YESTERDAY
  MAXIMUM         67   1254 PM  88    1952  70     -3       61
  MINIMUM         53    628 PM  30    2008  48      5       48
  AVERAGE         60                        59      1       55

PRECIPITATION (IN)
  YESTERDAY        3.36R         2.25 1960   0.16   3.20     1.00
  MONTH TO DATE    8.57                      4.07   4.50     3.55
  SINCE MAR 1     11.71                      7.52   4.19     6.41
  SINCE JAN 1     13.77                     11.62   2.15     8.53

DEGREE DAYS
 HEATING
  YESTERDAY        5                         7     -2       10
  MONTH TO DATE  196                       308   -112      241
  SINCE MAR 1    699                       922   -223      687
  SINCE JUL 1   3685                      4712  -1027     3890

 COOLING
  YESTERDAY        0                         1     -1        0
  MONTH TO DATE   32                        23      9       14
  SINCE MAR 1     35                        27      8       14
  SINCE JAN 1     36                        27      9       14
..................................................................


WIND (MPH)
  HIGHEST WIND SPEED    30   HIGHEST WIND DIRECTION     N (20)
  HIGHEST GUST SPEED    38   HIGHEST GUST DIRECTION     N (10)
  AVERAGE WIND SPEED    14.5


SKY COVER
  AVERAGE SKY COVER 1.0


WEATHER CONDITIONS
 THE FOLLOWING WEATHER WAS RECORDED YESTERDAY.
  THUNDERSTORM
  HEAVY RAIN
  RAIN
  LIGHT RAIN
  FOG
  HAZE


RELATIVE HUMIDITY (PERCENT)
 HIGHEST   100           100 AM
 LOWEST    100           100 AM
 AVERAGE   100

..........................................................


THE VICHY-ROLLA MO CLIMATE NORMALS FOR TODAY
                         NORMAL    RECORD    YEAR
 MAXIMUM TEMPERATURE (F)   71        94      1899
 MINIMUM TEMPERATURE (F)   48        34      1996


SUNRISE AND SUNSET
APRIL 30 2017.........SUNRISE   612 AM CDT   SUNSET   758 PM CDT
MAY  1 2017...........SUNRISE   610 AM CDT   SUNSET   758 PM CDT


-  INDICATES NEGATIVE NUMBERS.
R  INDICATES RECORD WAS SET OR TIED.
MM INDICATES DATA IS MISSING.
T  INDICATES TRACE AMOUNT.




$$
