000
CDUS43 KSGF 282223
CLIVIH


CLIMATE REPORT
NATIONAL WEATHER SERVICE SPRINGFIELD MO
522 PM CDT WED JUN 28 2017


...................................

...THE VICHY-ROLLA MO CLIMATE SUMMARY FOR JUNE 28 2017...
VALID AS OF 0400 PM LOCAL TIME.

CLIMATE NORMAL PERIOD 1981 TO 2010
CLIMATE RECORD PERIOD 1888 TO 2017


WEATHER ITEM   OBSERVED TIME   RECORD YEAR NORMAL DEPARTURE LAST
                VALUE   (LST)  VALUE       VALUE  FROM      YEAR
                                                  NORMAL
..................................................................
TEMPERATURE (F)
 TODAY
  MAXIMUM         87    245 PM 106    2012  86      1       86
  MINIMUM         65    508 AM  55    2006  65      0       65
                                      1903
  AVERAGE         76                        76      0       76

PRECIPITATION (IN)
  TODAY            0.00          2.95 1902   0.14  -0.14     0.00
  MONTH TO DATE    2.81                      4.36  -1.55     1.30
  SINCE JUN 1      2.81                      4.36  -1.55     1.30
  SINCE JAN 1     25.25                     21.17   4.08    15.54

DEGREE DAYS
 HEATING
  TODAY            0                         0      0        0
  MONTH TO DATE    1                        12    -11        0
  SINCE JUN 1      1                        12    -11        0
  SINCE JUL 1   3804                      4846  -1042     4052

 COOLING
  TODAY           11                        11      0       11
  MONTH TO DATE  206                       213     -7      329
  SINCE JUN 1    206                       213     -7      329
  SINCE JAN 1    310                       320    -10      407
..................................................................


WIND (MPH)
  HIGHEST WIND SPEED    25   HIGHEST WIND DIRECTION     S (170)
  HIGHEST GUST SPEED    33   HIGHEST GUST DIRECTION     S (170)


SKY COVER
  AVERAGE SKY COVER 0.0


WEATHER CONDITIONS
 THE FOLLOWING WEATHER WAS RECORDED TODAY.
  NO SIGNIFICANT WEATHER WAS OBSERVED.


RELATIVE HUMIDITY (PERCENT)
 HIGHEST    93           300 AM
 LOWEST     40           200 PM
 AVERAGE    67

..........................................................


THE VICHY-ROLLA MO CLIMATE NORMALS FOR TOMORROW
                         NORMAL    RECORD    YEAR
 MAXIMUM TEMPERATURE (F)   86       104      1952
 MINIMUM TEMPERATURE (F)   65        57      2004
                                             1999


SUNRISE AND SUNSET
JUNE 28 2017..........SUNRISE   547 AM CDT   SUNSET   834 PM CDT
JUNE 29 2017..........SUNRISE   547 AM CDT   SUNSET   834 PM CDT


-  INDICATES NEGATIVE NUMBERS.
R  INDICATES RECORD WAS SET OR TIED.
MM INDICATES DATA IS MISSING.
T  INDICATES TRACE AMOUNT.




$$
