000
CDUS43 KSGF 260626
CLIVIH


CLIMATE REPORT
NATIONAL WEATHER SERVICE SPRINGFIELD MO
126 AM CDT TUE APR 26 2016


...................................

...THE VICHY-ROLLA MO CLIMATE SUMMARY FOR APRIL 25 2016...

CLIMATE NORMAL PERIOD 1981 TO 2010
CLIMATE RECORD PERIOD 1888 TO 2016


WEATHER ITEM   OBSERVED TIME   RECORD YEAR NORMAL DEPARTURE LAST
                VALUE   (LST)  VALUE       VALUE  FROM      YEAR
                                                  NORMAL
..................................................................
TEMPERATURE (F)
 YESTERDAY
  MAXIMUM         81    203 PM  86    2012  69     12       73
  MINIMUM         61    207 AM  34    2013  47     14       49
  AVERAGE         71                        58     13       61

PRECIPITATION (IN)
  YESTERDAY        0.00          1.36 1967   0.15  -0.15     0.06
  MONTH TO DATE    2.08                      3.45  -1.37     2.12
  SINCE MAR 1      4.94                      6.90  -1.96     5.14
  SINCE JAN 1      7.06                     11.00  -3.94     7.42

DEGREE DAYS
 HEATING
  YESTERDAY        0                         8     -8        4
  MONTH TO DATE  225                       279    -54      179
  SINCE MAR 1    671                       893   -222      791
  SINCE JUL 1   3874                      4683   -809     4908

 COOLING
  YESTERDAY        6                         1      5        0
  MONTH TO DATE   11                        19     -8       13
  SINCE MAR 1     11                        23    -12       13
  SINCE JAN 1     11                        23    -12       13
..................................................................


WIND (MPH)
  HIGHEST WIND SPEED    21   HIGHEST WIND DIRECTION     S (180)
  HIGHEST GUST SPEED    26   HIGHEST GUST DIRECTION    SW (220)
  AVERAGE WIND SPEED    11.4


SKY COVER
  AVERAGE SKY COVER 0.4


WEATHER CONDITIONS
 THE FOLLOWING WEATHER WAS RECORDED YESTERDAY.
  NO SIGNIFICANT WEATHER WAS OBSERVED.


RELATIVE HUMIDITY (PERCENT)
 HIGHEST    81          1100 PM
 LOWEST     51           200 PM
 AVERAGE    66

..........................................................


THE VICHY-ROLLA MO CLIMATE NORMALS FOR TODAY
                         NORMAL    RECORD    YEAR
 MAXIMUM TEMPERATURE (F)   70        86      1994
 MINIMUM TEMPERATURE (F)   47        32      1976


SUNRISE AND SUNSET
APRIL 26 2016.........SUNRISE   616 AM CDT   SUNSET   754 PM CDT
APRIL 27 2016.........SUNRISE   615 AM CDT   SUNSET   755 PM CDT


-  INDICATES NEGATIVE NUMBERS.
R  INDICATES RECORD WAS SET OR TIED.
MM INDICATES DATA IS MISSING.
T  INDICATES TRACE AMOUNT.




$$
