000
CDUS43 KSGF 090653
CLIVIH


CLIMATE REPORT
NATIONAL WEATHER SERVICE SPRINGFIELD MO
1253 AM CST FRI FEB 9 2018


...................................

...THE VICHY-ROLLA MO CLIMATE SUMMARY FOR FEBRUARY 8 2018...

CLIMATE NORMAL PERIOD 1981 TO 2010
CLIMATE RECORD PERIOD 1888 TO 2018


WEATHER ITEM   OBSERVED TIME   RECORD YEAR NORMAL DEPARTURE LAST
                VALUE   (LST)  VALUE       VALUE  FROM      YEAR
                                                  NORMAL
..................................................................
TEMPERATURE (F)
 YESTERDAY
  MAXIMUM         52    421 PM  65    2015  44      8       36
                                      2001
  MINIMUM         14    229 AM -13    1899  24    -10       20
  AVERAGE         33                        34     -1       28

PRECIPITATION (IN)
  YESTERDAY        0.00          0.53 1900   0.06  -0.06      T
  MONTH TO DATE    T                         0.51  -0.51      T
  SINCE DEC 1      2.30                      5.32  -3.02     2.46
  SINCE JAN 1      1.66                      2.68  -1.02     1.60

DEGREE DAYS
 HEATING
  YESTERDAY       32                        31      1       37
  MONTH TO DATE  323                       255     68      219
  SINCE DEC 1   2343                      2276     67     2051
  SINCE JUL 1   3095                      3223   -128     2679

 COOLING
  YESTERDAY        0                         0      0        0
  MONTH TO DATE    0                         0      0        0
  SINCE DEC 1      0                         0      0        0
  SINCE JAN 1      0                         0      0        0
..................................................................


WIND (MPH)
  HIGHEST WIND SPEED    21   HIGHEST WIND DIRECTION     S (180)
  HIGHEST GUST SPEED    31   HIGHEST GUST DIRECTION     S (170)
  AVERAGE WIND SPEED     9.1


SKY COVER
  AVERAGE SKY COVER 0.1


WEATHER CONDITIONS
 THE FOLLOWING WEATHER WAS RECORDED YESTERDAY.
  NO SIGNIFICANT WEATHER WAS OBSERVED.


RELATIVE HUMIDITY (PERCENT)
 HIGHEST    88           300 AM
 LOWEST     32           300 PM
 AVERAGE    60

..........................................................


THE VICHY-ROLLA MO CLIMATE NORMALS FOR TODAY
                         NORMAL    RECORD    YEAR
 MAXIMUM TEMPERATURE (F)   44        69      2000
 MINIMUM TEMPERATURE (F)   24       -23      1899


SUNRISE AND SUNSET
FEBRUARY  9 2018......SUNRISE   704 AM CST   SUNSET   539 PM CST
FEBRUARY 10 2018......SUNRISE   703 AM CST   SUNSET   540 PM CST


-  INDICATES NEGATIVE NUMBERS.
R  INDICATES RECORD WAS SET OR TIED.
MM INDICATES DATA IS MISSING.
T  INDICATES TRACE AMOUNT.




$$
