000
CDUS43 KSGF 200629
CLIVIH


CLIMATE REPORT
NATIONAL WEATHER SERVICE SPRINGFIELD MO
129 AM CDT SAT MAY 20 2017


...................................

...THE VICHY-ROLLA MO CLIMATE SUMMARY FOR MAY 19 2017...

CLIMATE NORMAL PERIOD 1981 TO 2010
CLIMATE RECORD PERIOD 1888 TO 2017


WEATHER ITEM   OBSERVED TIME   RECORD YEAR NORMAL DEPARTURE LAST
                VALUE   (LST)  VALUE       VALUE  FROM      YEAR
                                                  NORMAL
..................................................................
TEMPERATURE (F)
 YESTERDAY
  MAXIMUM         80    319 PM  92    1996  75      5       68
  MINIMUM         60    527 AM  37    2002  54      6       41
  AVERAGE         70                        65      5       55

PRECIPITATION (IN)
  YESTERDAY        0.21          2.36 1950   0.16   0.05     0.00
  MONTH TO DATE    3.81                      3.09   0.72     2.17
  SINCE MAR 1     18.04                     10.76   7.28     9.11
  SINCE JAN 1     20.10                     14.86   5.24    11.23

DEGREE DAYS
 HEATING
  YESTERDAY        0                         3     -3       10
  MONTH TO DATE   78                        89    -11      152
  SINCE MAR 1    781                      1017   -236      840
  SINCE JUL 1   3767                      4807  -1040     4043

 COOLING
  YESTERDAY        5                         3      2        0
  MONTH TO DATE   51                        37     14       14
  SINCE MAR 1     86                        63     23       28
  SINCE JAN 1     87                        63     24       28
..................................................................


WIND (MPH)
  HIGHEST WIND SPEED    43   HIGHEST WIND DIRECTION    SW (210)
  HIGHEST GUST SPEED    59   HIGHEST GUST DIRECTION    SW (210)
  AVERAGE WIND SPEED     9.9


SKY COVER
  AVERAGE SKY COVER 0.5


WEATHER CONDITIONS
 THE FOLLOWING WEATHER WAS RECORDED YESTERDAY.
  THUNDERSTORM
  HEAVY RAIN
  RAIN
  LIGHT RAIN
  FOG


RELATIVE HUMIDITY (PERCENT)
 HIGHEST   100           800 AM
 LOWEST     62           200 PM
 AVERAGE    81

..........................................................


THE VICHY-ROLLA MO CLIMATE NORMALS FOR TODAY
                         NORMAL    RECORD    YEAR
 MAXIMUM TEMPERATURE (F)   75        92      1902
 MINIMUM TEMPERATURE (F)   54        36      2002


SUNRISE AND SUNSET
MAY 20 2017...........SUNRISE   552 AM CDT   SUNSET   815 PM CDT
MAY 21 2017...........SUNRISE   552 AM CDT   SUNSET   816 PM CDT


-  INDICATES NEGATIVE NUMBERS.
R  INDICATES RECORD WAS SET OR TIED.
MM INDICATES DATA IS MISSING.
T  INDICATES TRACE AMOUNT.




$$
