000
CDUS43 KSGF 180636
CLIVIH


CLIMATE REPORT
NATIONAL WEATHER SERVICE SPRINGFIELD MO
136 AM CDT MON SEP 18 2017


...................................

...THE VICHY-ROLLA MO CLIMATE SUMMARY FOR SEPTEMBER 17 2017...

CLIMATE NORMAL PERIOD 1981 TO 2010
CLIMATE RECORD PERIOD 1888 TO 2017


WEATHER ITEM   OBSERVED TIME   RECORD YEAR NORMAL DEPARTURE LAST
                VALUE   (LST)  VALUE       VALUE  FROM      YEAR
                                                  NORMAL
..................................................................
TEMPERATURE (F)
 YESTERDAY
  MAXIMUM         76    437 PM  97    1953  78     -2       79
  MINIMUM         64    834 PM  37    1903  56      8       62
  AVERAGE         70                        67      3       71

PRECIPITATION (IN)
  YESTERDAY        0.13          3.43 1905   0.14  -0.01     0.00
  MONTH TO DATE    0.13                      2.45  -2.32     4.08
  SINCE SEP 1      0.13                      2.45  -2.32     4.08
  SINCE JAN 1     38.73                     32.00   6.73    36.42

DEGREE DAYS
 HEATING
  YESTERDAY        0                         2     -2        0
  MONTH TO DATE   13                        14     -1        3
  SINCE SEP 1     13                        14     -1        3
  SINCE JUL 1     14                        17     -3        3

 COOLING
  YESTERDAY        5                         4      1        6
  MONTH TO DATE   76                       105    -29      132
  SINCE SEP 1     76                       105    -29      132
  SINCE JAN 1   1046                      1182   -136     1321
..................................................................


WIND (MPH)
  HIGHEST WIND SPEED    15   HIGHEST WIND DIRECTION    NW (310)
  HIGHEST GUST SPEED    20   HIGHEST GUST DIRECTION    NW (320)
  AVERAGE WIND SPEED     6.9


SKY COVER
  AVERAGE SKY COVER 0.5


WEATHER CONDITIONS
 THE FOLLOWING WEATHER WAS RECORDED YESTERDAY.
  HEAVY RAIN
  RAIN
  LIGHT RAIN
  FOG


RELATIVE HUMIDITY (PERCENT)
 HIGHEST   100          1200 PM
 LOWEST     68          1200 AM
 AVERAGE    84

..........................................................


THE VICHY-ROLLA MO CLIMATE NORMALS FOR TODAY
                         NORMAL    RECORD    YEAR
 MAXIMUM TEMPERATURE (F)   78        95      1953
 MINIMUM TEMPERATURE (F)   56        34      1901


SUNRISE AND SUNSET
SEPTEMBER 18 2017.....SUNRISE   652 AM CDT   SUNSET   710 PM CDT
SEPTEMBER 19 2017.....SUNRISE   652 AM CDT   SUNSET   708 PM CDT


-  INDICATES NEGATIVE NUMBERS.
R  INDICATES RECORD WAS SET OR TIED.
MM INDICATES DATA IS MISSING.
T  INDICATES TRACE AMOUNT.




$$
