000
CDUS43 KSGF 192226
CLIVIH


CLIMATE REPORT
NATIONAL WEATHER SERVICE SPRINGFIELD MO
426 PM CST MON JAN 19 2015


...................................

...THE VICHY-ROLLA MO CLIMATE SUMMARY FOR JANUARY 19 2015...
VALID AS OF 0400 PM LOCAL TIME.

CLIMATE NORMAL PERIOD 1981 TO 2010
CLIMATE RECORD PERIOD 1888 TO 2015


WEATHER ITEM   OBSERVED TIME   RECORD YEAR NORMAL DEPARTURE LAST
                VALUE   (LST)  VALUE       VALUE  FROM      YEAR
                                                  NORMAL
..................................................................
TEMPERATURE (F)
 TODAY
  MAXIMUM         61    238 PM  75    1951  41     20       52
  MINIMUM         27    717 AM  -6    1994  21      6       19
  AVERAGE         44                        31     13       36

PRECIPITATION (IN)
  TODAY            0.00          1.40 1995   0.07  -0.07     0.00
  MONTH TO DATE    0.83                      1.43  -0.60     0.85
  SINCE DEC 1      3.20                      4.07  -0.87     2.72
  SINCE JAN 1      0.83                      1.43  -0.60     0.85

DEGREE DAYS
 HEATING
  TODAY           21                        34    -13       29
  MONTH TO DATE  695                       646     49      722
  SINCE DEC 1   1567                      1616    -49     1759
  SINCE JUL 1   2709                      2563    146     2809

 COOLING
  TODAY            0                         0      0        0
  MONTH TO DATE    0                         0      0        0
  SINCE DEC 1      0                         0      0        0
  SINCE JAN 1      0                         0      0        0
..................................................................


WIND (MPH)
  HIGHEST WIND SPEED     9   HIGHEST WIND DIRECTION    SW (210)
  HIGHEST GUST SPEED    11   HIGHEST GUST DIRECTION    NW (310)


SKY COVER
  AVERAGE SKY COVER 0.0


WEATHER CONDITIONS
 THE FOLLOWING WEATHER WAS RECORDED TODAY.
  NO SIGNIFICANT WEATHER WAS OBSERVED.


RELATIVE HUMIDITY (PERCENT)
 HIGHEST    75           600 AM
 LOWEST     25           400 PM
 AVERAGE    50

..........................................................


THE VICHY-ROLLA MO CLIMATE NORMALS FOR TOMORROW
                         NORMAL    RECORD    YEAR
 MAXIMUM TEMPERATURE (F)   41        65      2010
 MINIMUM TEMPERATURE (F)   21        -4      1970


SUNRISE AND SUNSET
JANUARY 19 2015.......SUNRISE   721 AM CST   SUNSET   515 PM CST
JANUARY 20 2015.......SUNRISE   720 AM CST   SUNSET   516 PM CST


-  INDICATES NEGATIVE NUMBERS.
R  INDICATES RECORD WAS SET OR TIED.
MM INDICATES DATA IS MISSING.
T  INDICATES TRACE AMOUNT.




$$
