000
CDUS43 KSGF 102226
CLIVIH


CLIMATE REPORT
NATIONAL WEATHER SERVICE SPRINGFIELD MO
526 PM CDT TUE OCT 10 2017


...................................

...THE VICHY-ROLLA MO CLIMATE SUMMARY FOR OCTOBER 10 2017...
VALID TODAY AS OF 0500 PM LOCAL TIME.

CLIMATE NORMAL PERIOD 1981 TO 2010
CLIMATE RECORD PERIOD 1888 TO 2017


WEATHER ITEM   OBSERVED TIME   RECORD YEAR NORMAL DEPARTURE LAST
                VALUE   (LST)  VALUE       VALUE  FROM      YEAR
                                                  NORMAL
..................................................................
TEMPERATURE (F)
 TODAY
  MAXIMUM         68    834 AM  93    1963  69     -1       72
  MINIMUM         52    359 PM  31    1993  48      4       48
  AVERAGE         60                        58      2       60

PRECIPITATION (IN)
  TODAY            0.02          2.27 2001   0.09  -0.07      T
  MONTH TO DATE    1.23                      1.12   0.11     0.11
  SINCE SEP 1      1.42                      5.16  -3.74     4.59
  SINCE JAN 1     40.02                     34.71   5.31    36.93

DEGREE DAYS
 HEATING
  TODAY            5                         8     -3        5
  MONTH TO DATE    5                        65    -60       42
  SINCE SEP 1     22                       126   -104       66
  SINCE JUL 1     23                       129   -106       66

 COOLING
  TODAY            0                         1     -1        0
  MONTH TO DATE   52                        13     39       15
  SINCE SEP 1    252                       154     98      226
  SINCE JAN 1   1222                      1231     -9     1415
..................................................................


WIND (MPH)
  HIGHEST WIND SPEED    21   HIGHEST WIND DIRECTION     W (280)
  HIGHEST GUST SPEED    27   HIGHEST GUST DIRECTION     W (270)


SKY COVER
  AVERAGE SKY COVER 0.9


WEATHER CONDITIONS
 THE FOLLOWING WEATHER WAS RECORDED TODAY.
  THUNDERSTORM
  LIGHT RAIN
  FOG
  FOG W/VISIBILITY <= 1/4 MILE


RELATIVE HUMIDITY (PERCENT)
 HIGHEST   100           100 AM
 LOWEST     93          1200 AM
 AVERAGE    97

..........................................................


THE VICHY-ROLLA MO CLIMATE NORMALS FOR TOMORROW
                         NORMAL    RECORD    YEAR
 MAXIMUM TEMPERATURE (F)   69        92      1963
 MINIMUM TEMPERATURE (F)   47        34      1996


SUNRISE AND SUNSET
OCTOBER 10 2017.......SUNRISE   711 AM CDT   SUNSET   636 PM CDT
OCTOBER 11 2017.......SUNRISE   712 AM CDT   SUNSET   635 PM CDT


-  INDICATES NEGATIVE NUMBERS.
R  INDICATES RECORD WAS SET OR TIED.
MM INDICATES DATA IS MISSING.
T  INDICATES TRACE AMOUNT.




$$
