000
CDUS43 KSGF 180626
CLIVIH


CLIMATE REPORT
NATIONAL WEATHER SERVICE SPRINGFIELD MO
1226 AM CST SUN FEB 18 2018


...................................

...THE VICHY-ROLLA MO CLIMATE SUMMARY FOR FEBRUARY 17 2018...

CLIMATE NORMAL PERIOD 1981 TO 2010
CLIMATE RECORD PERIOD 1888 TO 2018


WEATHER ITEM   OBSERVED TIME   RECORD YEAR NORMAL DEPARTURE LAST
                VALUE   (LST)  VALUE       VALUE  FROM      YEAR
                                                  NORMAL
..................................................................
TEMPERATURE (F)
 YESTERDAY
  MAXIMUM         46    510 PM  73    2017  46      0       73
                                      2011
  MINIMUM         24   1149 PM -18    1903  26     -2       42
  AVERAGE         35                        36     -1       58

PRECIPITATION (IN)
  YESTERDAY        0.07          1.01 2000   0.07   0.00     0.00
  MONTH TO DATE    0.83                      1.11  -0.28      T
  SINCE DEC 1      3.13                      5.92  -2.79     2.46
  SINCE JAN 1      2.49                      3.28  -0.79     1.60

DEGREE DAYS
 HEATING
  YESTERDAY       30                        29      1        7
  MONTH TO DATE  577                       525     52      397
  SINCE DEC 1   2597                      2546     51     2229
  SINCE JUL 1   3349                      3493   -144     2857

 COOLING
  YESTERDAY        0                         0      0        0
  MONTH TO DATE    0                         0      0        0
  SINCE DEC 1      0                         0      0        0
  SINCE JAN 1      0                         0      0        0
..................................................................


WIND (MPH)
  HIGHEST WIND SPEED    23   HIGHEST WIND DIRECTION     W (250)
  HIGHEST GUST SPEED    32   HIGHEST GUST DIRECTION     W (250)
  AVERAGE WIND SPEED     8.2


SKY COVER
  AVERAGE SKY COVER 0.6


WEATHER CONDITIONS
 THE FOLLOWING WEATHER WAS RECORDED YESTERDAY.
  LIGHT RAIN
  SNOW
  LIGHT SNOW
  FOG


RELATIVE HUMIDITY (PERCENT)
 HIGHEST   100           800 AM
 LOWEST     65           500 PM
 AVERAGE    83

..........................................................


THE VICHY-ROLLA MO CLIMATE NORMALS FOR TODAY
                         NORMAL    RECORD    YEAR
 MAXIMUM TEMPERATURE (F)   47        72      1991
 MINIMUM TEMPERATURE (F)   26        -4      1993


SUNRISE AND SUNSET
FEBRUARY 18 2018......SUNRISE   653 AM CST   SUNSET   549 PM CST
FEBRUARY 19 2018......SUNRISE   652 AM CST   SUNSET   550 PM CST


-  INDICATES NEGATIVE NUMBERS.
R  INDICATES RECORD WAS SET OR TIED.
MM INDICATES DATA IS MISSING.
T  INDICATES TRACE AMOUNT.




$$
