000
CDUS43 KSGF 220633
CLIVIH


CLIMATE REPORT
NATIONAL WEATHER SERVICE SPRINGFIELD MO
133 AM CDT WED JUL 22 2015


...................................

...THE VICHY-ROLLA MO CLIMATE SUMMARY FOR JULY 21 2015...

CLIMATE NORMAL PERIOD 1981 TO 2010
CLIMATE RECORD PERIOD 1888 TO 2015


WEATHER ITEM   OBSERVED TIME   RECORD YEAR NORMAL DEPARTURE LAST
                VALUE   (LST)  VALUE       VALUE  FROM      YEAR
                                                  NORMAL
..................................................................
TEMPERATURE (F)
 YESTERDAY
  MAXIMUM         79   1215 PM 105    1901  89    -10       88
  MINIMUM         66   1136 PM  52    1970  67     -1       63
  AVERAGE         73                        78     -5       76

PRECIPITATION (IN)
  YESTERDAY        0.00          2.54 1996   0.15  -0.15     0.00
  MONTH TO DATE    5.10                      3.04   2.06     0.11
  SINCE JUN 1     12.55                      7.67   4.88     3.42
  SINCE JAN 1     26.57                     24.48   2.09    13.04

DEGREE DAYS
 HEATING
  YESTERDAY        0                         0      0        0
  MONTH TO DATE    0                         0      0        3
  SINCE JUN 1     15                        14      1        4
  SINCE JUL 1      0                         0      0        3

 COOLING
  YESTERDAY        8                        13     -5       11
  MONTH TO DATE  245                       254     -9      140
  SINCE JUN 1    517                       489     28      398
  SINCE JAN 1    624                       596     28      545
..................................................................


WIND (MPH)
  HIGHEST WIND SPEED    12   HIGHEST WIND DIRECTION    NW (330)
  HIGHEST GUST SPEED    16   HIGHEST GUST DIRECTION    NW (330)
  AVERAGE WIND SPEED     4.8


SKY COVER
  AVERAGE SKY COVER 0.0


WEATHER CONDITIONS
 THE FOLLOWING WEATHER WAS RECORDED YESTERDAY.
  NO SIGNIFICANT WEATHER WAS OBSERVED.


RELATIVE HUMIDITY (PERCENT)
 HIGHEST    97           400 AM
 LOWEST     58          1200 PM
 AVERAGE    78

..........................................................


THE VICHY-ROLLA MO CLIMATE NORMALS FOR TODAY
                         NORMAL    RECORD    YEAR
 MAXIMUM TEMPERATURE (F)   89       108      1901
 MINIMUM TEMPERATURE (F)   67        55      1902


SUNRISE AND SUNSET
JULY 22 2015..........SUNRISE   601 AM CDT   SUNSET   825 PM CDT
JULY 23 2015..........SUNRISE   602 AM CDT   SUNSET   825 PM CDT


-  INDICATES NEGATIVE NUMBERS.
R  INDICATES RECORD WAS SET OR TIED.
MM INDICATES DATA IS MISSING.
T  INDICATES TRACE AMOUNT.




$$
