000
CDUS43 KSGF 132231
CLIVIH


CLIMATE REPORT
NATIONAL WEATHER SERVICE SPRINGFIELD MO
531 PM CDT MON MAR 13 2017


...................................

...THE VICHY-ROLLA MO CLIMATE SUMMARY FOR MARCH 13 2017...
VALID TODAY AS OF 0500 PM LOCAL TIME.

CLIMATE NORMAL PERIOD 1981 TO 2010
CLIMATE RECORD PERIOD 1888 TO 2017


WEATHER ITEM   OBSERVED TIME   RECORD YEAR NORMAL DEPARTURE LAST
                VALUE   (LST)  VALUE       VALUE  FROM      YEAR
                                                  NORMAL
..................................................................
TEMPERATURE (F)
 TODAY
  MAXIMUM         38   1026 AM  81    2012  55    -17       66
  MINIMUM         31    204 PM  12    1993  33     -2       54
  AVERAGE         35                        44     -9       60

PRECIPITATION (IN)
  TODAY            0.06          0.85 1972   0.10  -0.04     0.01
  MONTH TO DATE    0.91                      1.18  -0.27     1.34
  SINCE MAR 1      0.91                      1.18  -0.27     1.34
  SINCE JAN 1      2.97                      5.28  -2.31     3.46

DEGREE DAYS
 COOLING
  TODAY            0                         0      0        0
  MONTH TO DATE    0                         0      0        0
  SINCE MAR 1      0                         0      0        0
  SINCE JAN 1      1                         0      1        0
..................................................................


WIND (MPH)
  HIGHEST WIND SPEED    22   HIGHEST WIND DIRECTION    NW (300)
  HIGHEST GUST SPEED    26   HIGHEST GUST DIRECTION     W (290)


SKY COVER
  AVERAGE SKY COVER 1.0


WEATHER CONDITIONS
 THE FOLLOWING WEATHER WAS RECORDED TODAY.
  LIGHT RAIN
  LIGHT SNOW
  FOG


RELATIVE HUMIDITY (PERCENT)
 HIGHEST   100           400 AM
 LOWEST     92           100 PM
 AVERAGE    96

..........................................................


THE VICHY-ROLLA MO CLIMATE NORMALS FOR TOMORROW
                         NORMAL    RECORD    YEAR
 MAXIMUM TEMPERATURE (F)   56        83      2012
 MINIMUM TEMPERATURE (F)   34        10      1993


SUNRISE AND SUNSET
MARCH 13 2017.........SUNRISE   721 AM CDT   SUNSET   713 PM CDT
MARCH 14 2017.........SUNRISE   719 AM CDT   SUNSET   714 PM CDT


-  INDICATES NEGATIVE NUMBERS.
R  INDICATES RECORD WAS SET OR TIED.
MM INDICATES DATA IS MISSING.
T  INDICATES TRACE AMOUNT.




$$
