000
CDUS43 KSGF 150627
CLIVIH


CLIMATE REPORT
NATIONAL WEATHER SERVICE SPRINGFIELD MO
127 AM CDT SAT APR 15 2017


...................................

...THE VICHY-ROLLA MO CLIMATE SUMMARY FOR APRIL 14 2017...

CLIMATE NORMAL PERIOD 1981 TO 2010
CLIMATE RECORD PERIOD 1888 TO 2017


WEATHER ITEM   OBSERVED TIME   RECORD YEAR NORMAL DEPARTURE LAST
                VALUE   (LST)  VALUE       VALUE  FROM      YEAR
                                                  NORMAL
..................................................................
TEMPERATURE (F)
 YESTERDAY
  MAXIMUM         80    438 PM  87    2006  66     14       72
                                      1994
  MINIMUM         62    542 AM  26    1950  43     19       43
  AVERAGE         71                        55     16       58

PRECIPITATION (IN)
  YESTERDAY        0.00          1.74 2012   0.14  -0.14     0.00
  MONTH TO DATE    1.41                      1.86  -0.45     1.99
  SINCE MAR 1      4.55                      5.31  -0.76     4.85
  SINCE JAN 1      6.61                      9.41  -2.80     6.97

DEGREE DAYS
 HEATING
  YESTERDAY        0                        11    -11        7
  MONTH TO DATE  103                       178    -75      202
  SINCE MAR 1    606                       792   -186      648
  SINCE JUL 1   3592                      4582   -990     3851

 COOLING
  YESTERDAY        6                         1      5        0
  MONTH TO DATE   15                         8      7        0
  SINCE MAR 1     18                        12      6        0
  SINCE JAN 1     19                        12      7        0
..................................................................


WIND (MPH)
  HIGHEST WIND SPEED    18   HIGHEST WIND DIRECTION     S (200)
  HIGHEST GUST SPEED    23   HIGHEST GUST DIRECTION     S (200)
  AVERAGE WIND SPEED     9.5


SKY COVER
  AVERAGE SKY COVER 0.3


WEATHER CONDITIONS
 THE FOLLOWING WEATHER WAS RECORDED YESTERDAY.
  NO SIGNIFICANT WEATHER WAS OBSERVED.


RELATIVE HUMIDITY (PERCENT)
 HIGHEST    84           600 AM
 LOWEST     42          1100 AM
 AVERAGE    63

..........................................................


THE VICHY-ROLLA MO CLIMATE NORMALS FOR TODAY
                         NORMAL    RECORD    YEAR
 MAXIMUM TEMPERATURE (F)   67        84      1955
 MINIMUM TEMPERATURE (F)   44        26      2014


SUNRISE AND SUNSET
APRIL 15 2017.........SUNRISE   631 AM CDT   SUNSET   744 PM CDT
APRIL 16 2017.........SUNRISE   630 AM CDT   SUNSET   744 PM CDT


-  INDICATES NEGATIVE NUMBERS.
R  INDICATES RECORD WAS SET OR TIED.
MM INDICATES DATA IS MISSING.
T  INDICATES TRACE AMOUNT.




$$
