000
CDUS43 KSGF 132226
CLIVIH


CLIMATE REPORT
NATIONAL WEATHER SERVICE SPRINGFIELD MO
425 PM CST SAT DEC 13 2014


...................................

...THE VICHY-ROLLA MO CLIMATE SUMMARY FOR DECEMBER 13 2014...
VALID AS OF 0400 PM LOCAL TIME.

CLIMATE NORMAL PERIOD 1981 TO 2010
CLIMATE RECORD PERIOD 1888 TO 2014


WEATHER ITEM   OBSERVED TIME   RECORD YEAR NORMAL DEPARTURE LAST
                VALUE   (LST)  VALUE       VALUE  FROM      YEAR
                                                  NORMAL
..................................................................
TEMPERATURE (F)
 TODAY
  MAXIMUM         50    359 PM  76    1948  43      7       34
  MINIMUM         42    157 AM  -9    1898  25     17       23
  AVERAGE         46                        34     12       29

PRECIPITATION (IN)
  TODAY            0.00          0.75 1897   0.09  -0.09     0.68
  MONTH TO DATE    1.27                      1.28  -0.01     0.81
  SINCE DEC 1      1.27                      1.28  -0.01     0.81
  SINCE JAN 1     28.55                     42.25 -13.70    40.56

DEGREE DAYS
 HEATING
  TODAY           19                        31    -12       36
  MONTH TO DATE  365                       378    -13      458
  SINCE DEC 1    365                       378    -13      458
  SINCE JUL 1   1507                      1325    182     1508

 COOLING
  TODAY            0                         0      0        0
  MONTH TO DATE    0                         0      0        0
  SINCE DEC 1      0                         0      0        0
  SINCE JAN 1   1186                      1246    -60     1125
..................................................................


WIND (MPH)
  HIGHEST WIND SPEED    12   HIGHEST WIND DIRECTION    SW (210)
  HIGHEST GUST SPEED    14   HIGHEST GUST DIRECTION    SW (210)


SKY COVER
  AVERAGE SKY COVER 1.0


WEATHER CONDITIONS
 THE FOLLOWING WEATHER WAS RECORDED TODAY.
  HAZE


RELATIVE HUMIDITY (PERCENT)
 HIGHEST    89           900 AM
 LOWEST     80           300 PM
 AVERAGE    85

..........................................................


THE VICHY-ROLLA MO CLIMATE NORMALS FOR TOMORROW
                         NORMAL    RECORD    YEAR
 MAXIMUM TEMPERATURE (F)   43        68      1975
 MINIMUM TEMPERATURE (F)   24         1      1963


SUNRISE AND SUNSET
DECEMBER 13 2014......SUNRISE   715 AM CST   SUNSET   448 PM CST
DECEMBER 14 2014......SUNRISE   716 AM CST   SUNSET   448 PM CST


-  INDICATES NEGATIVE NUMBERS.
R  INDICATES RECORD WAS SET OR TIED.
MM INDICATES DATA IS MISSING.
T  INDICATES TRACE AMOUNT.




$$
