000
CDUS43 KSGF 202126
CLIVIH


CLIMATE REPORT
NATIONAL WEATHER SERVICE SPRINGFIELD MO
426 PM CDT TUE SEP 20 2016


...................................

...THE VICHY-ROLLA MO CLIMATE SUMMARY FOR SEPTEMBER 20 2016...
VALID AS OF 0400 PM LOCAL TIME.

CLIMATE NORMAL PERIOD 1981 TO 2010
CLIMATE RECORD PERIOD 1888 TO 2016


WEATHER ITEM   OBSERVED TIME   RECORD YEAR NORMAL DEPARTURE LAST
                VALUE   (LST)  VALUE       VALUE  FROM      YEAR
                                                  NORMAL
..................................................................
TEMPERATURE (F)
 TODAY
  MAXIMUM         90    101 PM  95    1954  77     13       72
  MINIMUM         68    559 AM  37    1991  55     13       49
  AVERAGE         79                        66     13       61

PRECIPITATION (IN)
  TODAY            0.00          1.83 2009   0.12  -0.12     0.00
  MONTH TO DATE    4.08                      2.82   1.26     0.75
  SINCE SEP 1      4.08                      2.82   1.26     0.75
  SINCE JAN 1     36.42                     32.37   4.05    30.01

DEGREE DAYS
 HEATING
  TODAY            0                         3     -3        4
  MONTH TO DATE    3                        21    -18       22
  SINCE SEP 1      3                        21    -18       22
  SINCE JUL 1      3                        24    -21       24

 COOLING
  TODAY           14                         3     11        0
  MONTH TO DATE  159                       116     43      195
  SINCE SEP 1    159                       116     43      195
  SINCE JAN 1   1348                      1193    155     1210
..................................................................


WIND (MPH)
  HIGHEST WIND SPEED    15   HIGHEST WIND DIRECTION     S (160)
  HIGHEST GUST SPEED    26   HIGHEST GUST DIRECTION    NW (320)


SKY COVER
  AVERAGE SKY COVER 0.0


WEATHER CONDITIONS
 THE FOLLOWING WEATHER WAS RECORDED TODAY.
  NO SIGNIFICANT WEATHER WAS OBSERVED.


RELATIVE HUMIDITY (PERCENT)
 HIGHEST    93           500 AM
 LOWEST     56           300 PM
 AVERAGE    75

..........................................................


THE VICHY-ROLLA MO CLIMATE NORMALS FOR TOMORROW
                         NORMAL    RECORD    YEAR
 MAXIMUM TEMPERATURE (F)   76        94      1955
 MINIMUM TEMPERATURE (F)   55        36      1897


SUNRISE AND SUNSET
SEPTEMBER 20 2016.....SUNRISE   654 AM CDT   SUNSET   706 PM CDT
SEPTEMBER 21 2016.....SUNRISE   654 AM CDT   SUNSET   705 PM CDT


-  INDICATES NEGATIVE NUMBERS.
R  INDICATES RECORD WAS SET OR TIED.
MM INDICATES DATA IS MISSING.
T  INDICATES TRACE AMOUNT.




$$
