283
CDUS43 KSGF 110626
CLIVIH


CLIMATE REPORT
NATIONAL WEATHER SERVICE SPRINGFIELD MO
1226 AM CST WED JAN 11 2017


...................................

...THE VICHY-ROLLA MO CLIMATE SUMMARY FOR JANUARY 10 2017...

CLIMATE NORMAL PERIOD 1981 TO 2010
CLIMATE RECORD PERIOD 1888 TO 2017


WEATHER ITEM   OBSERVED TIME   RECORD YEAR NORMAL DEPARTURE LAST
                VALUE   (LST)  VALUE       VALUE  FROM      YEAR
                                                  NORMAL
..................................................................
TEMPERATURE (F)
 YESTERDAY
  MAXIMUM         65R   236 PM  61    1960  40     25       16
  MINIMUM         33   1025 PM -16    1982  21     12        3
  AVERAGE         49                        31     18       10

PRECIPITATION (IN)
  YESTERDAY        T             1.89 1950   0.07  -0.07      T
  MONTH TO DATE    0.12                      0.76  -0.64     0.67
  SINCE DEC 1      0.98                      3.40  -2.42    10.99
  SINCE JAN 1      0.12                      0.76  -0.64     0.67

DEGREE DAYS
 HEATING
  YESTERDAY       16                        34    -18       55
  MONTH TO DATE  375                       340     35      332
  SINCE DEC 1   1320                      1310     10     1007
  SINCE JUL 1   1948                      2257   -309     1728

 COOLING
  YESTERDAY        0                         0      0        0
  MONTH TO DATE    0                         0      0        0
  SINCE DEC 1      0                         0      0        0
  SINCE JAN 1      0                         0      0        0
..................................................................


WIND (MPH)
  HIGHEST WIND SPEED    39   HIGHEST WIND DIRECTION    SW (220)
  HIGHEST GUST SPEED    56   HIGHEST GUST DIRECTION     S (200)
  AVERAGE WIND SPEED    20.0


SKY COVER
  AVERAGE SKY COVER 0.6


WEATHER CONDITIONS
 THE FOLLOWING WEATHER WAS RECORDED YESTERDAY.
  LIGHT RAIN


RELATIVE HUMIDITY (PERCENT)
 HIGHEST    86           400 AM
 LOWEST     36           300 PM
 AVERAGE    61

..........................................................


THE VICHY-ROLLA MO CLIMATE NORMALS FOR TODAY
                         NORMAL    RECORD    YEAR
 MAXIMUM TEMPERATURE (F)   40        67      1995
 MINIMUM TEMPERATURE (F)   21       -11      1977


SUNRISE AND SUNSET
JANUARY 11 2017.......SUNRISE   723 AM CST   SUNSET   507 PM CST
JANUARY 12 2017.......SUNRISE   723 AM CST   SUNSET   508 PM CST


-  INDICATES NEGATIVE NUMBERS.
R  INDICATES RECORD WAS SET OR TIED.
MM INDICATES DATA IS MISSING.
T  INDICATES TRACE AMOUNT.




$$
