000
CDUS43 KSGF 080627
CLIVIH


CLIMATE REPORT
NATIONAL WEATHER SERVICE SPRINGFIELD MO
126 AM CDT TUE AUG 8 2017


...................................

...THE VICHY-ROLLA MO CLIMATE SUMMARY FOR AUGUST 7 2017...

CLIMATE NORMAL PERIOD 1981 TO 2010
CLIMATE RECORD PERIOD 1888 TO 2017


WEATHER ITEM   OBSERVED TIME   RECORD YEAR NORMAL DEPARTURE LAST
                VALUE   (LST)  VALUE       VALUE  FROM      YEAR
                                                  NORMAL
..................................................................
TEMPERATURE (F)
 YESTERDAY
  MAXIMUM         80    320 PM 101    2007  89     -9       83
  MINIMUM         62    326 AM  51    1902  66     -4       66
  AVERAGE         71                        78     -7       75

PRECIPITATION (IN)
  YESTERDAY        0.00          3.49 1999   0.11  -0.11     0.00
  MONTH TO DATE    2.24                      0.83   1.41     6.05
  SINCE JUN 1     12.44                      9.90   2.54    14.15
  SINCE JAN 1     34.88                     26.71   8.17    28.39

DEGREE DAYS
 HEATING
  YESTERDAY        0                         0      0        0
  MONTH TO DATE    1                         0      1        0
  SINCE JUN 1      2                        15    -13        0
  SINCE JUL 1      1                         1      0        0

 COOLING
  YESTERDAY        6                        13     -7       10
  MONTH TO DATE   50                        91    -41       91
  SINCE JUN 1    691                       708    -17      847
  SINCE JAN 1    795                       815    -20      925
..................................................................


WIND (MPH)
  HIGHEST WIND SPEED    13   HIGHEST WIND DIRECTION     N (10)
  HIGHEST GUST SPEED    19   HIGHEST GUST DIRECTION     N (20)
  AVERAGE WIND SPEED     4.9


SKY COVER
  AVERAGE SKY COVER 0.6


WEATHER CONDITIONS
 THE FOLLOWING WEATHER WAS RECORDED YESTERDAY.
  FOG
  FOG W/VISIBILITY <= 1/4 MILE


RELATIVE HUMIDITY (PERCENT)
 HIGHEST   100          1200 AM
 LOWEST     62           300 PM
 AVERAGE    81

..........................................................


THE VICHY-ROLLA MO CLIMATE NORMALS FOR TODAY
                         NORMAL    RECORD    YEAR
 MAXIMUM TEMPERATURE (F)   89       101      2007
 MINIMUM TEMPERATURE (F)   66        56      1976


SUNRISE AND SUNSET
AUGUST  8 2017........SUNRISE   616 AM CDT   SUNSET   809 PM CDT
AUGUST  9 2017........SUNRISE   617 AM CDT   SUNSET   807 PM CDT


-  INDICATES NEGATIVE NUMBERS.
R  INDICATES RECORD WAS SET OR TIED.
MM INDICATES DATA IS MISSING.
T  INDICATES TRACE AMOUNT.




$$
