000
CDUS43 KSGF 130629
CLIVIH


CLIMATE REPORT
NATIONAL WEATHER SERVICE SPRINGFIELD MO
129 AM CDT SAT MAY 13 2017


...................................

...THE VICHY-ROLLA MO CLIMATE SUMMARY FOR MAY 12 2017...

CLIMATE NORMAL PERIOD 1981 TO 2010
CLIMATE RECORD PERIOD 1888 TO 2017


WEATHER ITEM   OBSERVED TIME   RECORD YEAR NORMAL DEPARTURE LAST
                VALUE   (LST)  VALUE       VALUE  FROM      YEAR
                                                  NORMAL
..................................................................
TEMPERATURE (F)
 YESTERDAY
  MAXIMUM         73    400 PM  91    1956  74     -1       70
  MINIMUM         54   1159 PM  35    2013  52      2       45
  AVERAGE         64                        63      1       58

PRECIPITATION (IN)
  YESTERDAY        0.00          2.69 2010   0.17  -0.17      T
  MONTH TO DATE    3.60                      1.96   1.64     0.33
  SINCE MAR 1     17.83                      9.63   8.20     7.27
  SINCE JAN 1     19.89                     13.73   6.16     9.39

DEGREE DAYS
 HEATING
  YESTERDAY        1                         4     -3        7
  MONTH TO DATE   75                        63     12       65
  SINCE MAR 1    778                       991   -213      753
  SINCE JUL 1   3764                      4781  -1017     3956

 COOLING
  YESTERDAY        0                         2     -2        0
  MONTH TO DATE   16                        18     -2       14
  SINCE MAR 1     51                        44      7       28
  SINCE JAN 1     52                        44      8       28
..................................................................


WIND (MPH)
  HIGHEST WIND SPEED    18   HIGHEST WIND DIRECTION    NE (30)
  HIGHEST GUST SPEED    26   HIGHEST GUST DIRECTION     N (20)
  AVERAGE WIND SPEED     8.6


SKY COVER
  AVERAGE SKY COVER 0.4


WEATHER CONDITIONS
 THE FOLLOWING WEATHER WAS RECORDED YESTERDAY.
  FOG
  HAZE


RELATIVE HUMIDITY (PERCENT)
 HIGHEST    93           300 AM
 LOWEST     49           400 PM
 AVERAGE    71

..........................................................


THE VICHY-ROLLA MO CLIMATE NORMALS FOR TODAY
                         NORMAL    RECORD    YEAR
 MAXIMUM TEMPERATURE (F)   74        89      1956
 MINIMUM TEMPERATURE (F)   52        36      1901


SUNRISE AND SUNSET
MAY 13 2017...........SUNRISE   558 AM CDT   SUNSET   809 PM CDT
MAY 14 2017...........SUNRISE   557 AM CDT   SUNSET   810 PM CDT


-  INDICATES NEGATIVE NUMBERS.
R  INDICATES RECORD WAS SET OR TIED.
MM INDICATES DATA IS MISSING.
T  INDICATES TRACE AMOUNT.




$$
