000
CDUS43 KSGF 050627
CLIVIH


CLIMATE REPORT
NATIONAL WEATHER SERVICE SPRINGFIELD MO
127 AM CDT THU OCT 5 2017


...................................

...THE VICHY-ROLLA MO CLIMATE SUMMARY FOR OCTOBER 4 2017...

CLIMATE NORMAL PERIOD 1981 TO 2010
CLIMATE RECORD PERIOD 1888 TO 2017


WEATHER ITEM   OBSERVED TIME   RECORD YEAR NORMAL DEPARTURE LAST
                VALUE   (LST)  VALUE       VALUE  FROM      YEAR
                                                  NORMAL
..................................................................
TEMPERATURE (F)
 YESTERDAY
  MAXIMUM         75    201 PM  95    1899  71      4       79
  MINIMUM         67   1131 PM  35    2010  50     17       57
  AVERAGE         71                        60     11       68

PRECIPITATION (IN)
  YESTERDAY        0.71          4.57 1959   0.12   0.59      T
  MONTH TO DATE    0.92                      0.49   0.43      T
  SINCE SEP 1      1.11                      4.53  -3.42     4.48
  SINCE JAN 1     39.71                     34.08   5.63    36.82

DEGREE DAYS
 HEATING
  YESTERDAY        0                         6     -6        0
  MONTH TO DATE    0                        23    -23       10
  SINCE SEP 1     17                        84    -67       34
  SINCE JUL 1     18                        87    -69       34

 COOLING
  YESTERDAY        6                         1      5        3
  MONTH TO DATE   26                         7     19        3
  SINCE SEP 1    226                       148     78      214
  SINCE JAN 1   1196                      1225    -29     1403
..................................................................


WIND (MPH)
  HIGHEST WIND SPEED    16   HIGHEST WIND DIRECTION     S (190)
  HIGHEST GUST SPEED    19   HIGHEST GUST DIRECTION     E (100)
  AVERAGE WIND SPEED     6.7


SKY COVER
  AVERAGE SKY COVER 0.9


WEATHER CONDITIONS
 THE FOLLOWING WEATHER WAS RECORDED YESTERDAY.
  HEAVY RAIN
  RAIN
  LIGHT RAIN
  FOG


RELATIVE HUMIDITY (PERCENT)
 HIGHEST   100           200 AM
 LOWEST     84           200 PM
 AVERAGE    92

..........................................................


THE VICHY-ROLLA MO CLIMATE NORMALS FOR TODAY
                         NORMAL    RECORD    YEAR
 MAXIMUM TEMPERATURE (F)   71        91      1897
 MINIMUM TEMPERATURE (F)   49        33      1999


SUNRISE AND SUNSET
OCTOBER  5 2017.......SUNRISE   707 AM CDT   SUNSET   643 PM CDT
OCTOBER  6 2017.......SUNRISE   708 AM CDT   SUNSET   642 PM CDT


-  INDICATES NEGATIVE NUMBERS.
R  INDICATES RECORD WAS SET OR TIED.
MM INDICATES DATA IS MISSING.
T  INDICATES TRACE AMOUNT.




$$
