000
CDUS43 KSGF 112326
CLIVIH


CLIMATE REPORT
NATIONAL WEATHER SERVICE SPRINGFIELD MO
526 PM CST MON DEC 11 2017


...................................

...THE VICHY-ROLLA MO CLIMATE SUMMARY FOR DECEMBER 11 2017...
VALID TODAY AS OF 0500 PM LOCAL TIME.

CLIMATE NORMAL PERIOD 1981 TO 2010
CLIMATE RECORD PERIOD 1888 TO 2017


WEATHER ITEM   OBSERVED TIME   RECORD YEAR NORMAL DEPARTURE LAST
                VALUE   (LST)  VALUE       VALUE  FROM      YEAR
                                                  NORMAL
..................................................................
TEMPERATURE (F)
 TODAY
  MAXIMUM         61   1145 AM  75    1949  44     17       46
  MINIMUM         29   1216 AM  -5    1962  25      4       35
  AVERAGE         45                        34     11       41

PRECIPITATION (IN)
  TODAY            0.00          1.64 1965   0.09  -0.09     0.03
  MONTH TO DATE    0.17                      1.10  -0.93     0.25
  SINCE DEC 1      0.17                      1.10  -0.93     0.25
  SINCE JAN 1     42.12                     42.07   0.05    40.31

DEGREE DAYS
 HEATING
  TODAY           20                        30    -10       24
  MONTH TO DATE  279                       316    -37      357
  SINCE DEC 1    279                       316    -37      357
  SINCE JUL 1   1031                      1263   -232      985

 COOLING
  TODAY            0                         0      0        0
  MONTH TO DATE    0                         0      0        0
  SINCE DEC 1      0                         0      0        0
  SINCE JAN 1   1247                      1246      1     1482
..................................................................


WIND (MPH)
  HIGHEST WIND SPEED    28   HIGHEST WIND DIRECTION    NW (300)
  HIGHEST GUST SPEED    38   HIGHEST GUST DIRECTION    NW (310)


SKY COVER
  AVERAGE SKY COVER 0.0


WEATHER CONDITIONS
 THE FOLLOWING WEATHER WAS RECORDED TODAY.
  NO SIGNIFICANT WEATHER WAS OBSERVED.


RELATIVE HUMIDITY (PERCENT)
 HIGHEST    78          1200 AM
 LOWEST     21          1200 PM
 AVERAGE    50

..........................................................


THE VICHY-ROLLA MO CLIMATE NORMALS FOR TOMORROW
                         NORMAL    RECORD    YEAR
 MAXIMUM TEMPERATURE (F)   44        70      1991
 MINIMUM TEMPERATURE (F)   25       -11      1962


SUNRISE AND SUNSET
DECEMBER 11 2017......SUNRISE   714 AM CST   SUNSET   447 PM CST
DECEMBER 12 2017......SUNRISE   714 AM CST   SUNSET   448 PM CST


-  INDICATES NEGATIVE NUMBERS.
R  INDICATES RECORD WAS SET OR TIED.
MM INDICATES DATA IS MISSING.
T  INDICATES TRACE AMOUNT.




$$
