000
CDUS43 KSGF 120640
CLIVIH


CLIMATE REPORT
NATIONAL WEATHER SERVICE SPRINGFIELD MO
1239 AM CST SUN MAR 12 2017


...................................

...THE VICHY-ROLLA MO CLIMATE SUMMARY FOR MARCH 11 2017...

CLIMATE NORMAL PERIOD 1981 TO 2010
CLIMATE RECORD PERIOD 1888 TO 2017


WEATHER ITEM   OBSERVED TIME   RECORD YEAR NORMAL DEPARTURE LAST
                VALUE   (LST)  VALUE       VALUE  FROM      YEAR
                                                  NORMAL
..................................................................
TEMPERATURE (F)
 YESTERDAY
  MAXIMUM         35    219 AM  82    1972  54    -19       60
  MINIMUM         26   1159 PM  13    1969  33     -7       37
  AVERAGE         31                        44    -13       49

PRECIPITATION (IN)
  YESTERDAY        0.01          1.45 1977   0.09  -0.08      T
  MONTH TO DATE    0.84                      0.98  -0.14     1.27
  SINCE MAR 1      0.84                      0.98  -0.14     1.27
  SINCE JAN 1      2.90                      5.08  -2.18     3.39

DEGREE DAYS
 HEATING
  YESTERDAY       34                        21     13       16
  MONTH TO DATE  194                       256    -62      168
  SINCE MAR 1    194                       256    -62      168
  SINCE JUL 1   3180                      4046   -866     3371

 COOLING
  YESTERDAY        0                         0      0        0
  MONTH TO DATE    0                         0      0        0
  SINCE MAR 1      0                         0      0        0
  SINCE JAN 1      1                         0      1        0
..................................................................


WIND (MPH)
  HIGHEST WIND SPEED    17   HIGHEST WIND DIRECTION    NE (50)
  HIGHEST GUST SPEED    21   HIGHEST GUST DIRECTION    NE (50)
  AVERAGE WIND SPEED     7.7


SKY COVER
  AVERAGE SKY COVER 0.9


WEATHER CONDITIONS
 THE FOLLOWING WEATHER WAS RECORDED YESTERDAY.
  SNOW
  LIGHT SNOW
  FOG


RELATIVE HUMIDITY (PERCENT)
 HIGHEST    92           900 AM
 LOWEST     41           400 AM
 AVERAGE    67

..........................................................


THE VICHY-ROLLA MO CLIMATE NORMALS FOR TODAY
                         NORMAL    RECORD    YEAR
 MAXIMUM TEMPERATURE (F)   55        80      1954
 MINIMUM TEMPERATURE (F)   33        10      1960


SUNRISE AND SUNSET
MARCH 12 2017.........SUNRISE   722 AM CDT   SUNSET   712 PM CDT
MARCH 13 2017.........SUNRISE   721 AM CDT   SUNSET   713 PM CDT


-  INDICATES NEGATIVE NUMBERS.
R  INDICATES RECORD WAS SET OR TIED.
MM INDICATES DATA IS MISSING.
T  INDICATES TRACE AMOUNT.




$$
