000
CDUS43 KSGF 242226
CLIVIH


CLIMATE REPORT
NATIONAL WEATHER SERVICE SPRINGFIELD MO
426 PM CST SAT JAN 24 2015


...................................

...THE VICHY-ROLLA MO CLIMATE SUMMARY FOR JANUARY 24 2015...
VALID AS OF 0400 PM LOCAL TIME.

CLIMATE NORMAL PERIOD 1981 TO 2010
CLIMATE RECORD PERIOD 1888 TO 2015


WEATHER ITEM   OBSERVED TIME   RECORD YEAR NORMAL DEPARTURE LAST
                VALUE   (LST)  VALUE       VALUE  FROM      YEAR
                                                  NORMAL
..................................................................
TEMPERATURE (F)
 TODAY
  MAXIMUM         54    359 PM  76    1950  41     13       35
  MINIMUM         26    354 AM -14    1905  22      4        1
  AVERAGE         40                        31      9       18

PRECIPITATION (IN)
  TODAY            0.00          0.38 2010   0.06  -0.06     0.00
  MONTH TO DATE    0.83                      1.74  -0.91     0.85
  SINCE DEC 1      3.20                      4.38  -1.18     2.72
  SINCE JAN 1      0.83                      1.74  -0.91     0.85

DEGREE DAYS
 HEATING
  TODAY           25                        34     -9       47
  MONTH TO DATE  841                       816     25      933
  SINCE DEC 1   1713                      1786    -73     1970
  SINCE JUL 1   2855                      2733    122     3020

 COOLING
  TODAY            0                         0      0        0
  MONTH TO DATE    0                         0      0        0
  SINCE DEC 1      0                         0      0        0
  SINCE JAN 1      0                         0      0        0
..................................................................


WIND (MPH)
  HIGHEST WIND SPEED    17   HIGHEST WIND DIRECTION    SW (240)
  HIGHEST GUST SPEED    22   HIGHEST GUST DIRECTION    SW (230)


SKY COVER
  AVERAGE SKY COVER 0.0


WEATHER CONDITIONS
 THE FOLLOWING WEATHER WAS RECORDED TODAY.
  NO SIGNIFICANT WEATHER WAS OBSERVED.


RELATIVE HUMIDITY (PERCENT)
 HIGHEST    81           300 AM
 LOWEST     41           300 PM
 AVERAGE    61

..........................................................


THE VICHY-ROLLA MO CLIMATE NORMALS FOR TOMORROW
                         NORMAL    RECORD    YEAR
 MAXIMUM TEMPERATURE (F)   41        75      1950
 MINIMUM TEMPERATURE (F)   22       -14      1905


SUNRISE AND SUNSET
JANUARY 24 2015.......SUNRISE   718 AM CST   SUNSET   521 PM CST
JANUARY 25 2015.......SUNRISE   717 AM CST   SUNSET   522 PM CST


-  INDICATES NEGATIVE NUMBERS.
R  INDICATES RECORD WAS SET OR TIED.
MM INDICATES DATA IS MISSING.
T  INDICATES TRACE AMOUNT.




$$
