000
CDUS43 KSGF 112226
CLIVIH


CLIMATE REPORT
NATIONAL WEATHER SERVICE SPRINGFIELD MO
526 PM CDT THU AUG 11 2016


...................................

...THE VICHY-ROLLA MO CLIMATE SUMMARY FOR AUGUST 11 2016...
VALID TODAY AS OF 0500 PM LOCAL TIME.

CLIMATE NORMAL PERIOD 1981 TO 2010
CLIMATE RECORD PERIOD 1888 TO 2016


WEATHER ITEM   OBSERVED TIME   RECORD YEAR NORMAL DEPARTURE LAST
                VALUE   (LST)  VALUE       VALUE  FROM      YEAR
                                                  NORMAL
..................................................................
TEMPERATURE (F)
 TODAY
  MAXIMUM         92    340 PM 102    2007  89      3       83
  MINIMUM         74    452 AM  50    2004  66      8       63
  AVERAGE         83                        77      6       73

PRECIPITATION (IN)
  TODAY            0.00          1.39 1952   0.11  -0.11     0.00
  MONTH TO DATE    6.05                      1.28   4.77     1.57
  SINCE JUN 1     14.15                     10.35   3.80    14.42
  SINCE JAN 1     28.39                     27.16   1.23    28.44

DEGREE DAYS
 HEATING
  TODAY            0                         0      0        0
  MONTH TO DATE    0                         0      0        0
  SINCE JUN 1      0                        15    -15       15
  SINCE JUL 1      0                         1     -1        0

 COOLING
  TODAY           18                        12      6        8
  MONTH TO DATE  151                       139     12      134
  SINCE JUN 1    907                       756    151      785
  SINCE JAN 1    985                       863    122      892
..................................................................


WIND (MPH)
  HIGHEST WIND SPEED    13   HIGHEST WIND DIRECTION    SW (210)
  HIGHEST GUST SPEED    15   HIGHEST GUST DIRECTION     S (200)


SKY COVER
  AVERAGE SKY COVER 0.1


WEATHER CONDITIONS
 THE FOLLOWING WEATHER WAS RECORDED TODAY.
  NO SIGNIFICANT WEATHER WAS OBSERVED.


RELATIVE HUMIDITY (PERCENT)
 HIGHEST    94           500 AM
 LOWEST     60           300 PM
 AVERAGE    77

..........................................................


THE VICHY-ROLLA MO CLIMATE NORMALS FOR TOMORROW
                         NORMAL    RECORD    YEAR
 MAXIMUM TEMPERATURE (F)   89       105      2007
 MINIMUM TEMPERATURE (F)   66        45      2004


SUNRISE AND SUNSET
AUGUST 11 2016........SUNRISE   619 AM CDT   SUNSET   805 PM CDT
AUGUST 12 2016........SUNRISE   620 AM CDT   SUNSET   804 PM CDT


-  INDICATES NEGATIVE NUMBERS.
R  INDICATES RECORD WAS SET OR TIED.
MM INDICATES DATA IS MISSING.
T  INDICATES TRACE AMOUNT.




$$
