831
CDUS43 KSGF 100709
CLIVIH


CLIMATE REPORT
NATIONAL WEATHER SERVICE SPRINGFIELD MO
109 AM CST TUE JAN 10 2017


...................................

...THE VICHY-ROLLA MO CLIMATE SUMMARY FOR JANUARY 9 2017...

CLIMATE NORMAL PERIOD 1981 TO 2010
CLIMATE RECORD PERIOD 1888 TO 2017


WEATHER ITEM   OBSERVED TIME   RECORD YEAR NORMAL DEPARTURE LAST
                VALUE   (LST)  VALUE       VALUE  FROM      YEAR
                                                  NORMAL
..................................................................
TEMPERATURE (F)
 YESTERDAY
  MAXIMUM         48    310 PM  68    2002  40      8       41
  MINIMUM         20    458 AM  -6    1962  21     -1       14
  AVERAGE         34                        31      3       28

PRECIPITATION (IN)
  YESTERDAY        0.00          0.61 1974   0.08  -0.08     0.42
  MONTH TO DATE    0.12                      0.69  -0.57     0.67
  SINCE DEC 1      0.98                      3.33  -2.35    10.99
  SINCE JAN 1      0.12                      0.69  -0.57     0.67

DEGREE DAYS
 HEATING
  YESTERDAY       31                        34     -3       37
  MONTH TO DATE  359                       306     53      277
  SINCE DEC 1   1304                      1276     28      952
  SINCE JUL 1   1932                      2223   -291     1673

 COOLING
  YESTERDAY        0                         0      0        0
  MONTH TO DATE    0                         0      0        0
  SINCE DEC 1      0                         0      0        0
  SINCE JAN 1      0                         0      0        0
..................................................................


WIND (MPH)
  HIGHEST WIND SPEED    31   HIGHEST WIND DIRECTION     S (170)
  HIGHEST GUST SPEED    38   HIGHEST GUST DIRECTION     S (170)
  AVERAGE WIND SPEED    18.4


SKY COVER
  AVERAGE SKY COVER 0.4


WEATHER CONDITIONS
 THE FOLLOWING WEATHER WAS RECORDED YESTERDAY.
  NO SIGNIFICANT WEATHER WAS OBSERVED.


RELATIVE HUMIDITY (PERCENT)
 HIGHEST    77           300 AM
 LOWEST     41           200 PM
 AVERAGE    59

..........................................................


THE VICHY-ROLLA MO CLIMATE NORMALS FOR TODAY
                         NORMAL    RECORD    YEAR
 MAXIMUM TEMPERATURE (F)   40        61      1960
 MINIMUM TEMPERATURE (F)   21       -16      1982


SUNRISE AND SUNSET
JANUARY 10 2017.......SUNRISE   723 AM CST   SUNSET   506 PM CST
JANUARY 11 2017.......SUNRISE   723 AM CST   SUNSET   507 PM CST


-  INDICATES NEGATIVE NUMBERS.
R  INDICATES RECORD WAS SET OR TIED.
MM INDICATES DATA IS MISSING.
T  INDICATES TRACE AMOUNT.




$$
