000
CDUS43 KSGF 162227
CLIVIH


CLIMATE REPORT
NATIONAL WEATHER SERVICE SPRINGFIELD MO
527 PM CDT SAT MAY 16 2015


...................................

...THE VICHY-ROLLA MO CLIMATE SUMMARY FOR MAY 16 2015...
VALID TODAY AS OF 0500 PM LOCAL TIME.

CLIMATE NORMAL PERIOD 1981 TO 2010
CLIMATE RECORD PERIOD 1888 TO 2015


WEATHER ITEM   OBSERVED TIME   RECORD YEAR NORMAL DEPARTURE LAST
                VALUE   (LST)  VALUE       VALUE  FROM      YEAR
                                                  NORMAL
..................................................................
TEMPERATURE (F)
 TODAY
  MAXIMUM         78    318 PM  90    1899  74      4       57
  MINIMUM         66    419 AM  31    1997  53     13       34
  AVERAGE         72                        64      8       46

PRECIPITATION (IN)
  TODAY            0.04          2.49 1963   0.16  -0.12     0.00
  MONTH TO DATE    2.78                      2.61   0.17     1.44
  SINCE MAR 1      7.92                     10.28  -2.36     5.80
  SINCE JAN 1     10.20                     14.38  -4.18     7.26

DEGREE DAYS
 COOLING
  TODAY            7                         3      4        0
  MONTH TO DATE   51                        28     23       57
  SINCE MAR 1     64                        54     10       69
  SINCE JAN 1     64                        54     10       69
..................................................................


WIND (MPH)
  HIGHEST WIND SPEED    18   HIGHEST WIND DIRECTION    SE (150)
  HIGHEST GUST SPEED    24   HIGHEST GUST DIRECTION     S (160)


SKY COVER
  AVERAGE SKY COVER 0.6


WEATHER CONDITIONS
 THE FOLLOWING WEATHER WAS RECORDED TODAY.
  LIGHT RAIN
  FOG


RELATIVE HUMIDITY (PERCENT)
 HIGHEST    97          1200 PM
 LOWEST     74           200 PM
 AVERAGE    86

..........................................................


THE VICHY-ROLLA MO CLIMATE NORMALS FOR TOMORROW
                         NORMAL    RECORD    YEAR
 MAXIMUM TEMPERATURE (F)   75        92      1996
 MINIMUM TEMPERATURE (F)   54        34      2014


SUNRISE AND SUNSET
MAY 16 2015...........SUNRISE   556 AM CDT   SUNSET   812 PM CDT
MAY 17 2015...........SUNRISE   555 AM CDT   SUNSET   812 PM CDT


-  INDICATES NEGATIVE NUMBERS.
R  INDICATES RECORD WAS SET OR TIED.
MM INDICATES DATA IS MISSING.
T  INDICATES TRACE AMOUNT.




$$
