000
CDUS43 KSGF 210629
CLIVIH


CLIMATE REPORT
NATIONAL WEATHER SERVICE SPRINGFIELD MO
129 AM CDT THU JUL 21 2016


...................................

...THE VICHY-ROLLA MO CLIMATE SUMMARY FOR JULY 20 2016...

CLIMATE NORMAL PERIOD 1981 TO 2010
CLIMATE RECORD PERIOD 1888 TO 2016


WEATHER ITEM   OBSERVED TIME   RECORD YEAR NORMAL DEPARTURE LAST
                VALUE   (LST)  VALUE       VALUE  FROM      YEAR
                                                  NORMAL
..................................................................
TEMPERATURE (F)
 YESTERDAY
  MAXIMUM         93    227 PM 106    2006  89      4       84
  MINIMUM         72    218 AM  55    1970  67      5       70
  AVERAGE         83                        78      5       77

PRECIPITATION (IN)
  YESTERDAY        0.00          1.84 2010   0.14  -0.14     0.22
  MONTH TO DATE    5.24                      2.89   2.35     5.10
  SINCE JUN 1      7.18                      7.52  -0.34    12.55
  SINCE JAN 1     21.42                     24.33  -2.91    26.57

DEGREE DAYS
 HEATING
  YESTERDAY        0                         0      0        0
  MONTH TO DATE    0                         0      0        0
  SINCE JUN 1      0                        14    -14       15
  SINCE JUL 1      0                         0      0        0

 COOLING
  YESTERDAY       18                        13      5       12
  MONTH TO DATE  246                       241      5      237
  SINCE JUN 1    593                       476    117      509
  SINCE JAN 1    671                       583     88      616
..................................................................


WIND (MPH)
  HIGHEST WIND SPEED    15   HIGHEST WIND DIRECTION     S (170)
  HIGHEST GUST SPEED    18   HIGHEST GUST DIRECTION     S (170)
  AVERAGE WIND SPEED     6.7


SKY COVER
  AVERAGE SKY COVER 0.1


WEATHER CONDITIONS
 THE FOLLOWING WEATHER WAS RECORDED YESTERDAY.
  NO SIGNIFICANT WEATHER WAS OBSERVED.


RELATIVE HUMIDITY (PERCENT)
 HIGHEST    90           100 AM
 LOWEST     56           200 PM
 AVERAGE    73

..........................................................


THE VICHY-ROLLA MO CLIMATE NORMALS FOR TODAY
                         NORMAL    RECORD    YEAR
 MAXIMUM TEMPERATURE (F)   89       105      1901
 MINIMUM TEMPERATURE (F)   67        52      1970


SUNRISE AND SUNSET
JULY 21 2016..........SUNRISE   601 AM CDT   SUNSET   825 PM CDT
JULY 22 2016..........SUNRISE   602 AM CDT   SUNSET   825 PM CDT


-  INDICATES NEGATIVE NUMBERS.
R  INDICATES RECORD WAS SET OR TIED.
MM INDICATES DATA IS MISSING.
T  INDICATES TRACE AMOUNT.




$$
