000
CDUS43 KSGF 210627
CLIVIH


CLIMATE REPORT
NATIONAL WEATHER SERVICE SPRINGFIELD MO
127 AM CDT THU APR 21 2016


...................................

...THE VICHY-ROLLA MO CLIMATE SUMMARY FOR APRIL 20 2016...

CLIMATE NORMAL PERIOD 1981 TO 2010
CLIMATE RECORD PERIOD 1888 TO 2016


WEATHER ITEM   OBSERVED TIME   RECORD YEAR NORMAL DEPARTURE LAST
                VALUE   (LST)  VALUE       VALUE  FROM      YEAR
                                                  NORMAL
..................................................................
TEMPERATURE (F)
 YESTERDAY
  MAXIMUM         64    311 PM  86    1902  68     -4       58
  MINIMUM         51   1135 PM  27    1953  45      6       40
  AVERAGE         58                        57      1       49

PRECIPITATION (IN)
  YESTERDAY        0.03          2.14 1966   0.14  -0.11      T
  MONTH TO DATE    2.03                      2.70  -0.67     2.06
  SINCE MAR 1      4.89                      6.15  -1.26     5.08
  SINCE JAN 1      7.01                     10.25  -3.24     7.36

DEGREE DAYS
 HEATING
  YESTERDAY        7                         9     -2       16
  MONTH TO DATE  213                       237    -24      121
  SINCE MAR 1    659                       851   -192      733
  SINCE JUL 1   3862                      4641   -779     4850

 COOLING
  YESTERDAY        0                         1     -1        0
  MONTH TO DATE    2                        14    -12       13
  SINCE MAR 1      2                        18    -16       13
  SINCE JAN 1      2                        18    -16       13
..................................................................


WIND (MPH)
  HIGHEST WIND SPEED    20   HIGHEST WIND DIRECTION    SE (150)
  HIGHEST GUST SPEED    25   HIGHEST GUST DIRECTION     S (170)
  AVERAGE WIND SPEED     8.2


SKY COVER
  AVERAGE SKY COVER 0.8


WEATHER CONDITIONS
 THE FOLLOWING WEATHER WAS RECORDED YESTERDAY.
  LIGHT RAIN
  FOG
  FOG W/VISIBILITY <= 1/4 MILE


RELATIVE HUMIDITY (PERCENT)
 HIGHEST   100           800 PM
 LOWEST     78           300 PM
 AVERAGE    89

..........................................................


THE VICHY-ROLLA MO CLIMATE NORMALS FOR TODAY
                         NORMAL    RECORD    YEAR
 MAXIMUM TEMPERATURE (F)   68        90      1963
 MINIMUM TEMPERATURE (F)   46        30      1901


SUNRISE AND SUNSET
APRIL 21 2016.........SUNRISE   623 AM CDT   SUNSET   749 PM CDT
APRIL 22 2016.........SUNRISE   621 AM CDT   SUNSET   750 PM CDT


-  INDICATES NEGATIVE NUMBERS.
R  INDICATES RECORD WAS SET OR TIED.
MM INDICATES DATA IS MISSING.
T  INDICATES TRACE AMOUNT.




$$
