000
CDUS43 KSGF 132126
CLIVIH


CLIMATE REPORT
NATIONAL WEATHER SERVICE SPRINGFIELD MO
426 PM CDT SAT AUG 13 2016


...................................

...THE VICHY-ROLLA MO CLIMATE SUMMARY FOR AUGUST 13 2016...
VALID AS OF 0400 PM LOCAL TIME.

CLIMATE NORMAL PERIOD 1981 TO 2010
CLIMATE RECORD PERIOD 1888 TO 2016


WEATHER ITEM   OBSERVED TIME   RECORD YEAR NORMAL DEPARTURE LAST
                VALUE   (LST)  VALUE       VALUE  FROM      YEAR
                                                  NORMAL
..................................................................
TEMPERATURE (F)
 TODAY
  MAXIMUM         84    259 PM  98    2010  88     -4       84
                                      1901
  MINIMUM         73    834 AM  45    2004  66      7       60
  AVERAGE         79                        77      2       72

PRECIPITATION (IN)
  TODAY            0.01          2.06 1946   0.12  -0.11     0.00
  MONTH TO DATE    9.01                      1.52   7.49     1.57
  SINCE JUN 1     17.11                     10.59   6.52    14.42
  SINCE JAN 1     31.35                     27.40   3.95    28.44

DEGREE DAYS
 HEATING
  TODAY            0                         0      0        0
  MONTH TO DATE    0                         0      0        0
  SINCE JUN 1      0                        15    -15       15
  SINCE JUL 1      0                         1     -1        0

 COOLING
  TODAY           14                        12      2        7
  MONTH TO DATE  180                       163     17      146
  SINCE JUN 1    936                       780    156      797
  SINCE JAN 1   1014                       887    127      904
..................................................................


WIND (MPH)
  HIGHEST WIND SPEED    14   HIGHEST WIND DIRECTION     N (350)
  HIGHEST GUST SPEED    18   HIGHEST GUST DIRECTION     N (360)


SKY COVER
  AVERAGE SKY COVER 0.8


WEATHER CONDITIONS
 THE FOLLOWING WEATHER WAS RECORDED TODAY.
  FOG


RELATIVE HUMIDITY (PERCENT)
 HIGHEST   100           300 AM
 LOWEST     55           300 PM
 AVERAGE    78

..........................................................


THE VICHY-ROLLA MO CLIMATE NORMALS FOR TOMORROW
                         NORMAL    RECORD    YEAR
 MAXIMUM TEMPERATURE (F)   88       104      2007
 MINIMUM TEMPERATURE (F)   66        48      2004


SUNRISE AND SUNSET
AUGUST 13 2016........SUNRISE   621 AM CDT   SUNSET   802 PM CDT
AUGUST 14 2016........SUNRISE   622 AM CDT   SUNSET   801 PM CDT


-  INDICATES NEGATIVE NUMBERS.
R  INDICATES RECORD WAS SET OR TIED.
MM INDICATES DATA IS MISSING.
T  INDICATES TRACE AMOUNT.




$$
