000
CDUS43 KSGF 100627
CLIVIH


CLIMATE REPORT
NATIONAL WEATHER SERVICE SPRINGFIELD MO
127 AM CDT WED SEP 10 2014


...................................

...THE VICHY-ROLLA MO CLIMATE SUMMARY FOR SEPTEMBER 9 2014...

CLIMATE NORMAL PERIOD 1981 TO 2010
CLIMATE RECORD PERIOD 1888 TO 2014


WEATHER ITEM   OBSERVED TIME   RECORD YEAR NORMAL DEPARTURE LAST
                VALUE   (LST)  VALUE       VALUE  FROM      YEAR
                                                  NORMAL
..................................................................
TEMPERATURE (F)
 YESTERDAY
  MAXIMUM         89    227 PM  97    1897  81      8       96
  MINIMUM         68    442 AM  45    1902  59      9       72
  AVERAGE         79                        70      9       84

PRECIPITATION (IN)
  YESTERDAY        0.01          1.20 2010   0.15  -0.14     0.00
  MONTH TO DATE    1.36                      1.30   0.06     0.18
  SINCE SEP 1      1.36                      1.30   0.06     0.18
  SINCE JAN 1     18.66                     30.85 -12.19    33.16

DEGREE DAYS
 HEATING
  YESTERDAY        0                         1     -1        0
  MONTH TO DATE    4                         3      1        0
  SINCE SEP 1      4                         3      1        0
  SINCE JUL 1      7                         6      1        4

 COOLING
  YESTERDAY       14                         6      8       19
  MONTH TO DATE   66                        65      1       90
  SINCE SEP 1     66                        65      1       90
  SINCE JAN 1   1105                      1142    -37      989
..................................................................


WIND (MPH)
  HIGHEST WIND SPEED    33   HIGHEST WIND DIRECTION     S (190)
  HIGHEST GUST SPEED    48   HIGHEST GUST DIRECTION     S (200)
  AVERAGE WIND SPEED    11.7


SKY COVER
  AVERAGE SKY COVER 0.2


WEATHER CONDITIONS
 THE FOLLOWING WEATHER WAS RECORDED YESTERDAY.
  THUNDERSTORM
  LIGHT RAIN


RELATIVE HUMIDITY (PERCENT)
 HIGHEST    87           700 PM
 LOWEST     55           200 PM
 AVERAGE    71

..........................................................


THE VICHY-ROLLA MO CLIMATE NORMALS FOR TODAY
                         NORMAL    RECORD    YEAR
 MAXIMUM TEMPERATURE (F)   81        96      1897
 MINIMUM TEMPERATURE (F)   59        43      1902


SUNRISE AND SUNSET
SEPTEMBER 10 2014.....SUNRISE   644 AM CDT   SUNSET   723 PM CDT
SEPTEMBER 11 2014.....SUNRISE   645 AM CDT   SUNSET   721 PM CDT


-  INDICATES NEGATIVE NUMBERS.
R  INDICATES RECORD WAS SET OR TIED.
MM INDICATES DATA IS MISSING.
T  INDICATES TRACE AMOUNT.




$$
