000
CDUS43 KSGF 120633
CLIVIH


CLIMATE REPORT
NATIONAL WEATHER SERVICE SPRINGFIELD MO
1232 AM CST SUN FEB 12 2017


...................................

...THE VICHY-ROLLA MO CLIMATE SUMMARY FOR FEBRUARY 11 2017...

CLIMATE NORMAL PERIOD 1981 TO 2010
CLIMATE RECORD PERIOD 1888 TO 2017


WEATHER ITEM   OBSERVED TIME   RECORD YEAR NORMAL DEPARTURE LAST
                VALUE   (LST)  VALUE       VALUE  FROM      YEAR
                                                  NORMAL
..................................................................
TEMPERATURE (F)
 YESTERDAY
  MAXIMUM         77R   419 PM  72    1951  45     32       36
  MINIMUM         49   1141 PM -11    1899  24     25       20
  AVERAGE         63                        34     29       28

PRECIPITATION (IN)
  YESTERDAY        0.00          0.60 2009   0.07  -0.07     0.00
  MONTH TO DATE    T                         0.72  -0.72     0.21
  SINCE DEC 1      2.46                      5.53  -3.07    11.27
  SINCE JAN 1      1.60                      2.89  -1.29     0.95

DEGREE DAYS
 HEATING
  YESTERDAY        2                        31    -29       37
  MONTH TO DATE  273                       348    -75      338
  SINCE DEC 1   2105                      2369   -264     2052
  SINCE JUL 1   2733                      3316   -583     2773

 COOLING
  YESTERDAY        0                         0      0        0
  MONTH TO DATE    0                         0      0        0
  SINCE DEC 1      0                         0      0        0
  SINCE JAN 1      0                         0      0        0
..................................................................


WIND (MPH)
  HIGHEST WIND SPEED    17   HIGHEST WIND DIRECTION     S (200)
  HIGHEST GUST SPEED    22   HIGHEST GUST DIRECTION     S (190)
  AVERAGE WIND SPEED     9.5


SKY COVER
  AVERAGE SKY COVER 0.1


WEATHER CONDITIONS
 THE FOLLOWING WEATHER WAS RECORDED YESTERDAY.
  FOG


RELATIVE HUMIDITY (PERCENT)
 HIGHEST    96           800 AM
 LOWEST     47           400 PM
 AVERAGE    72

..........................................................


THE VICHY-ROLLA MO CLIMATE NORMALS FOR TODAY
                         NORMAL    RECORD    YEAR
 MAXIMUM TEMPERATURE (F)   45        72      1961
 MINIMUM TEMPERATURE (F)   25       -29      1899


SUNRISE AND SUNSET
FEBRUARY 12 2017......SUNRISE   700 AM CST   SUNSET   543 PM CST
FEBRUARY 13 2017......SUNRISE   659 AM CST   SUNSET   544 PM CST


-  INDICATES NEGATIVE NUMBERS.
R  INDICATES RECORD WAS SET OR TIED.
MM INDICATES DATA IS MISSING.
T  INDICATES TRACE AMOUNT.




$$
