312
CDUS43 KSGF 072228
CLIVIH


CLIMATE REPORT
NATIONAL WEATHER SERVICE SPRINGFIELD MO
428 PM CST SUN FEB 7 2016


...................................

...THE VICHY-ROLLA MO CLIMATE SUMMARY FOR FEBRUARY 7 2016...
VALID AS OF 0400 PM LOCAL TIME.

CLIMATE NORMAL PERIOD 1981 TO 2010
CLIMATE RECORD PERIOD 1888 TO 2016


WEATHER ITEM   OBSERVED TIME   RECORD YEAR NORMAL DEPARTURE LAST
                VALUE   (LST)  VALUE       VALUE  FROM      YEAR
                                                  NORMAL
..................................................................
TEMPERATURE (F)
 TODAY
  MAXIMUM         52    138 PM  68    2015  44      8       68
  MINIMUM         34   1237 AM  -5    2014  24     10       35
  AVERAGE         43                        34      9       52

PRECIPITATION (IN)
  TODAY            0.00          0.45 1900   0.06  -0.06     0.00
  MONTH TO DATE    0.21                      0.45  -0.24     0.74
  SINCE DEC 1     11.27                      5.26   6.01     4.04
  SINCE JAN 1      0.95                      2.62  -1.67     1.67

DEGREE DAYS
 HEATING
  TODAY           22                        31     -9       13
  MONTH TO DATE  177                       224    -47      234
  SINCE DEC 1   1891                      2245   -354     2123
  SINCE JUL 1   2612                      3192   -580     3265

 COOLING
  TODAY            0                         0      0        0
  MONTH TO DATE    0                         0      0        0
  SINCE DEC 1      0                         0      0        0
  SINCE JAN 1      0                         0      0        0
..................................................................


WIND (MPH)
  HIGHEST WIND SPEED    26   HIGHEST WIND DIRECTION     W (250)
  HIGHEST GUST SPEED    34   HIGHEST GUST DIRECTION     W (250)


SKY COVER
  AVERAGE SKY COVER 0.0


WEATHER CONDITIONS
 THE FOLLOWING WEATHER WAS RECORDED TODAY.
  NO SIGNIFICANT WEATHER WAS OBSERVED.


RELATIVE HUMIDITY (PERCENT)
 HIGHEST    70           200 AM
 LOWEST     42           200 PM
 AVERAGE    56

..........................................................


THE VICHY-ROLLA MO CLIMATE NORMALS FOR TOMORROW
                         NORMAL    RECORD    YEAR
 MAXIMUM TEMPERATURE (F)   44        65      2015
                                             2001
 MINIMUM TEMPERATURE (F)   24       -13      1899


SUNRISE AND SUNSET
FEBRUARY  7 2016......SUNRISE   707 AM CST   SUNSET   536 PM CST
FEBRUARY  8 2016......SUNRISE   705 AM CST   SUNSET   537 PM CST


-  INDICATES NEGATIVE NUMBERS.
R  INDICATES RECORD WAS SET OR TIED.
MM INDICATES DATA IS MISSING.
T  INDICATES TRACE AMOUNT.




$$
