000
CDUS43 KSGF 080631
CLIVIH


CLIMATE REPORT
NATIONAL WEATHER SERVICE SPRINGFIELD MO
131 AM CDT SAT JUL 8 2017


...................................

...THE VICHY-ROLLA MO CLIMATE SUMMARY FOR JULY 7 2017...

CLIMATE NORMAL PERIOD 1981 TO 2010
CLIMATE RECORD PERIOD 1888 TO 2017


WEATHER ITEM   OBSERVED TIME   RECORD YEAR NORMAL DEPARTURE LAST
                VALUE   (LST)  VALUE       VALUE  FROM      YEAR
                                                  NORMAL
..................................................................
TEMPERATURE (F)
 YESTERDAY
  MAXIMUM         92    243 PM 102    2012  87      5       86
  MINIMUM         68    509 AM  53    2006  66      2       67
  AVERAGE         80                        77      3       77

PRECIPITATION (IN)
  YESTERDAY        0.00          2.54 1993   0.14  -0.14     0.81
  MONTH TO DATE    2.86                      0.99   1.87     3.71
  SINCE JUN 1      5.79                      5.62   0.17     5.65
  SINCE JAN 1     28.23                     22.43   5.80    19.89

DEGREE DAYS
 HEATING
  YESTERDAY        0                         0      0        0
  MONTH TO DATE    0                         0      0        0
  SINCE JUN 1      1                        14    -13        0
  SINCE JUL 1      0                         0      0        0

 COOLING
  YESTERDAY       15                        12      3       12
  MONTH TO DATE   76                        80     -4       61
  SINCE JUN 1    307                       315     -8      408
  SINCE JAN 1    411                       422    -11      486
..................................................................


WIND (MPH)
  HIGHEST WIND SPEED    17   HIGHEST WIND DIRECTION     W (270)
  HIGHEST GUST SPEED    23   HIGHEST GUST DIRECTION     W (250)
  AVERAGE WIND SPEED     8.9


SKY COVER
  AVERAGE SKY COVER 0.0


WEATHER CONDITIONS
 THE FOLLOWING WEATHER WAS RECORDED YESTERDAY.
  THUNDERSTORM
  FOG


RELATIVE HUMIDITY (PERCENT)
 HIGHEST   100           100 AM
 LOWEST     52           200 PM
 AVERAGE    76

..........................................................


THE VICHY-ROLLA MO CLIMATE NORMALS FOR TODAY
                         NORMAL    RECORD    YEAR
 MAXIMUM TEMPERATURE (F)   88       102      1980
 MINIMUM TEMPERATURE (F)   66        53      1898


SUNRISE AND SUNSET
JULY  8 2017..........SUNRISE   552 AM CDT   SUNSET   832 PM CDT
JULY  9 2017..........SUNRISE   552 AM CDT   SUNSET   832 PM CDT


-  INDICATES NEGATIVE NUMBERS.
R  INDICATES RECORD WAS SET OR TIED.
MM INDICATES DATA IS MISSING.
T  INDICATES TRACE AMOUNT.




$$
