000
CDUS43 KSGF 130645
CLIVIH


CLIMATE REPORT
NATIONAL WEATHER SERVICE SPRINGFIELD MO
144 AM CDT SAT AUG 13 2016


...................................

...THE VICHY-ROLLA MO CLIMATE SUMMARY FOR AUGUST 12 2016...

CLIMATE NORMAL PERIOD 1981 TO 2010
CLIMATE RECORD PERIOD 1888 TO 2016


WEATHER ITEM   OBSERVED TIME   RECORD YEAR NORMAL DEPARTURE LAST
                VALUE   (LST)  VALUE       VALUE  FROM      YEAR
                                                  NORMAL
..................................................................
TEMPERATURE (F)
 YESTERDAY
  MAXIMUM         88    326 PM 105    2007  89     -1       83
  MINIMUM         72   1109 PM  45    2004  66      6       57
  AVERAGE         80                        77      3       70

PRECIPITATION (IN)
  YESTERDAY        2.95R         2.02 1993   0.12   2.83     0.00
  MONTH TO DATE    9.00                      1.40   7.60     1.57
  SINCE JUN 1     17.10                     10.47   6.63    14.42
  SINCE JAN 1     31.34                     27.28   4.06    28.44

DEGREE DAYS
 HEATING
  YESTERDAY        0                         0      0        0
  MONTH TO DATE    0                         0      0        0
  SINCE JUN 1      0                        15    -15       15
  SINCE JUL 1      0                         1     -1        0

 COOLING
  YESTERDAY       15                        12      3        5
  MONTH TO DATE  166                       151     15      139
  SINCE JUN 1    922                       768    154      790
  SINCE JAN 1   1000                       875    125      897
..................................................................


WIND (MPH)
  HIGHEST WIND SPEED    31   HIGHEST WIND DIRECTION    SW (240)
  HIGHEST GUST SPEED    40   HIGHEST GUST DIRECTION    SW (240)
  AVERAGE WIND SPEED     7.3


SKY COVER
  AVERAGE SKY COVER 0.1


WEATHER CONDITIONS
 THE FOLLOWING WEATHER WAS RECORDED YESTERDAY.
  THUNDERSTORM
  HEAVY RAIN
  RAIN
  LIGHT RAIN
  FOG


RELATIVE HUMIDITY (PERCENT)
 HIGHEST    94           400 AM
 LOWEST     70           200 PM
 AVERAGE    82

..........................................................


THE VICHY-ROLLA MO CLIMATE NORMALS FOR TODAY
                         NORMAL    RECORD    YEAR
 MAXIMUM TEMPERATURE (F)   88        98      2010
                                             1901
 MINIMUM TEMPERATURE (F)   66        45      2004


SUNRISE AND SUNSET
AUGUST 13 2016........SUNRISE   621 AM CDT   SUNSET   802 PM CDT
AUGUST 14 2016........SUNRISE   622 AM CDT   SUNSET   801 PM CDT


-  INDICATES NEGATIVE NUMBERS.
R  INDICATES RECORD WAS SET OR TIED.
MM INDICATES DATA IS MISSING.
T  INDICATES TRACE AMOUNT.




$$
