000
CDUS43 KSGF 132128
CLIVIH


CLIMATE REPORT
NATIONAL WEATHER SERVICE SPRINGFIELD MO
427 PM CDT TUE SEP 13 2016


...................................

...THE VICHY-ROLLA MO CLIMATE SUMMARY FOR SEPTEMBER 13 2016...
VALID AS OF 0400 PM LOCAL TIME.

CLIMATE NORMAL PERIOD 1981 TO 2010
CLIMATE RECORD PERIOD 1888 TO 2016


WEATHER ITEM   OBSERVED TIME   RECORD YEAR NORMAL DEPARTURE LAST
                VALUE   (LST)  VALUE       VALUE  FROM      YEAR
                                                  NORMAL
..................................................................
TEMPERATURE (F)
 TODAY
  MAXIMUM         86    210 PM  96    1956  80      6       74
  MINIMUM         62    533 AM  34    1902  58      4       42
  AVERAGE         74                        69      5       58

PRECIPITATION (IN)
  TODAY            0.00          2.20 1945   0.15  -0.15     0.00
  MONTH TO DATE    1.70                      1.89  -0.19     0.49
  SINCE SEP 1      1.70                      1.89  -0.19     0.49
  SINCE JAN 1     34.04                     31.44   2.60    29.75

DEGREE DAYS
 HEATING
  TODAY            0                         1     -1        7
  MONTH TO DATE    3                         7     -4       17
  SINCE SEP 1      3                         7     -4       17
  SINCE JUL 1      3                        10     -7       19

 COOLING
  TODAY            9                         5      4        0
  MONTH TO DATE  100                        87     13      143
  SINCE SEP 1    100                        87     13      143
  SINCE JAN 1   1289                      1164    125     1158
..................................................................


WIND (MPH)
  HIGHEST WIND SPEED    12   HIGHEST WIND DIRECTION    SW (210)
  HIGHEST GUST SPEED    19   HIGHEST GUST DIRECTION     S (200)


SKY COVER
  AVERAGE SKY COVER 0.2


WEATHER CONDITIONS
 THE FOLLOWING WEATHER WAS RECORDED TODAY.
  NO SIGNIFICANT WEATHER WAS OBSERVED.


RELATIVE HUMIDITY (PERCENT)
 HIGHEST    84           200 AM
 LOWEST     58           100 PM
 AVERAGE    71

..........................................................


THE VICHY-ROLLA MO CLIMATE NORMALS FOR TOMORROW
                         NORMAL    RECORD    YEAR
 MAXIMUM TEMPERATURE (F)   79        99      1971
 MINIMUM TEMPERATURE (F)   57        36      1902


SUNRISE AND SUNSET
SEPTEMBER 13 2016.....SUNRISE   647 AM CDT   SUNSET   717 PM CDT
SEPTEMBER 14 2016.....SUNRISE   648 AM CDT   SUNSET   716 PM CDT


-  INDICATES NEGATIVE NUMBERS.
R  INDICATES RECORD WAS SET OR TIED.
MM INDICATES DATA IS MISSING.
T  INDICATES TRACE AMOUNT.




$$
