000
CDUS43 KSGF 070645
CLIVIH


CLIMATE REPORT
NATIONAL WEATHER SERVICE SPRINGFIELD MO
1245 AM CST TUE FEB 7 2017


...................................

...THE VICHY-ROLLA MO CLIMATE SUMMARY FOR FEBRUARY 6 2017...

CLIMATE NORMAL PERIOD 1981 TO 2010
CLIMATE RECORD PERIOD 1888 TO 2017


WEATHER ITEM   OBSERVED TIME   RECORD YEAR NORMAL DEPARTURE LAST
                VALUE   (LST)  VALUE       VALUE  FROM      YEAR
                                                  NORMAL
..................................................................
TEMPERATURE (F)
 YESTERDAY
  MAXIMUM         65R  1159 PM  65    2009  43     22       55
                                      2007
  MINIMUM         40    235 AM  -5    1978  23     17       28
  AVERAGE         53                        33     20       42

PRECIPITATION (IN)
  YESTERDAY        T             1.19 1951   0.07  -0.07     0.00
  MONTH TO DATE    T                         0.39  -0.39     0.21
  SINCE DEC 1      2.46                      5.20  -2.74    11.27
  SINCE JAN 1      1.60                      2.56  -0.96     0.95

DEGREE DAYS
 HEATING
  YESTERDAY       12                        32    -20       23
  MONTH TO DATE  168                       193    -25      155
  SINCE DEC 1   2000                      2214   -214     1869
  SINCE JUL 1   2628                      3161   -533     2590

 COOLING
  YESTERDAY        0                         0      0        0
  MONTH TO DATE    0                         0      0        0
  SINCE DEC 1      0                         0      0        0
  SINCE JAN 1      0                         0      0        0
..................................................................


WIND (MPH)
  HIGHEST WIND SPEED    25   HIGHEST WIND DIRECTION     S (180)
  HIGHEST GUST SPEED    33   HIGHEST GUST DIRECTION     S (190)
  AVERAGE WIND SPEED    11.9


SKY COVER
  AVERAGE SKY COVER 0.7


WEATHER CONDITIONS
 THE FOLLOWING WEATHER WAS RECORDED YESTERDAY.
  LIGHT RAIN
  FOG


RELATIVE HUMIDITY (PERCENT)
 HIGHEST   100           400 AM
 LOWEST     73           400 PM
 AVERAGE    87

..........................................................


THE VICHY-ROLLA MO CLIMATE NORMALS FOR TODAY
                         NORMAL    RECORD    YEAR
 MAXIMUM TEMPERATURE (F)   44        68      2015
 MINIMUM TEMPERATURE (F)   24        -5      2014


SUNRISE AND SUNSET
FEBRUARY  7 2017......SUNRISE   706 AM CST   SUNSET   537 PM CST
FEBRUARY  8 2017......SUNRISE   705 AM CST   SUNSET   538 PM CST


-  INDICATES NEGATIVE NUMBERS.
R  INDICATES RECORD WAS SET OR TIED.
MM INDICATES DATA IS MISSING.
T  INDICATES TRACE AMOUNT.




$$
