000
CDUS43 KSGF 092226
CLIVIH


CLIMATE REPORT
NATIONAL WEATHER SERVICE SPRINGFIELD MO
426 PM CST FRI FEB 9 2018


...................................

...THE VICHY-ROLLA MO CLIMATE SUMMARY FOR FEBRUARY 9 2018...
VALID AS OF 0400 PM LOCAL TIME.

CLIMATE NORMAL PERIOD 1981 TO 2010
CLIMATE RECORD PERIOD 1888 TO 2018


WEATHER ITEM   OBSERVED TIME   RECORD YEAR NORMAL DEPARTURE LAST
                VALUE   (LST)  VALUE       VALUE  FROM      YEAR
                                                  NORMAL
..................................................................
TEMPERATURE (F)
 TODAY
  MAXIMUM         54    240 PM  69    2000  44     10       36
  MINIMUM         38    518 AM -23    1899  24     14       17
  AVERAGE         46                        34     12       27

PRECIPITATION (IN)
  TODAY            0.00          2.16 1966   0.07  -0.07     0.00
  MONTH TO DATE    T                         0.58  -0.58      T
  SINCE DEC 1      2.30                      5.39  -3.09     2.46
  SINCE JAN 1      1.66                      2.75  -1.09     1.60

DEGREE DAYS
 HEATING
  TODAY           19                        31    -12       38
  MONTH TO DATE  342                       286     56      257
  SINCE DEC 1   2362                      2307     55     2089
  SINCE JUL 1   3114                      3254   -140     2717

 COOLING
  TODAY            0                         0      0        0
  MONTH TO DATE    0                         0      0        0
  SINCE DEC 1      0                         0      0        0
  SINCE JAN 1      0                         0      0        0
..................................................................


WIND (MPH)
  HIGHEST WIND SPEED    20   HIGHEST WIND DIRECTION     S (190)
  HIGHEST GUST SPEED    29   HIGHEST GUST DIRECTION     S (190)


SKY COVER
  AVERAGE SKY COVER 0.1


WEATHER CONDITIONS
 THE FOLLOWING WEATHER WAS RECORDED TODAY.
  NO SIGNIFICANT WEATHER WAS OBSERVED.


RELATIVE HUMIDITY (PERCENT)
 HIGHEST    59           100 AM
 LOWEST     41           300 PM
 AVERAGE    50

..........................................................


THE VICHY-ROLLA MO CLIMATE NORMALS FOR TOMORROW
                         NORMAL    RECORD    YEAR
 MAXIMUM TEMPERATURE (F)   44        77      1976
 MINIMUM TEMPERATURE (F)   24       -16      1899


SUNRISE AND SUNSET
FEBRUARY  9 2018......SUNRISE   704 AM CST   SUNSET   539 PM CST
FEBRUARY 10 2018......SUNRISE   703 AM CST   SUNSET   540 PM CST


-  INDICATES NEGATIVE NUMBERS.
R  INDICATES RECORD WAS SET OR TIED.
MM INDICATES DATA IS MISSING.
T  INDICATES TRACE AMOUNT.




$$
