000
CDUS43 KSGF 200626
CLIVIH


CLIMATE REPORT
NATIONAL WEATHER SERVICE SPRINGFIELD MO
126 AM CDT WED AUG 20 2014


...................................

...THE VICHY-ROLLA MO CLIMATE SUMMARY FOR AUGUST 19 2014...

CLIMATE NORMAL PERIOD 1981 TO 2010
CLIMATE RECORD PERIOD 1888 TO 2014


WEATHER ITEM   OBSERVED TIME   RECORD YEAR NORMAL DEPARTURE LAST
                VALUE   (LST)  VALUE       VALUE  FROM      YEAR
                                                  NORMAL
..................................................................
TEMPERATURE (F)
 YESTERDAY
  MAXIMUM         89    438 PM 104    1962  88      1       83
  MINIMUM         68    547 AM  55    1953  65      3       58
  AVERAGE         79                        76      3       71

PRECIPITATION (IN)
  YESTERDAY        0.01          2.46 1949   0.12  -0.11     0.00
  MONTH TO DATE    2.88                      2.22   0.66     4.29
  SINCE JUN 1      6.30                     11.29  -4.99    11.68
  SINCE JAN 1     15.92                     28.10 -12.18    32.98

DEGREE DAYS
 HEATING
  YESTERDAY        0                         0      0        0
  MONTH TO DATE    0                         0      0        2
  SINCE JUN 1      4                        15    -11       21
  SINCE JUL 1      3                         1      2        4

 COOLING
  YESTERDAY       14                        11      3        6
  MONTH TO DATE  188                       233    -45      124
  SINCE JUN 1    687                       850   -163      623
  SINCE JAN 1    834                       957   -123      730
..................................................................


WIND (MPH)
  HIGHEST WIND SPEED    13   HIGHEST WIND DIRECTION    SW (210)
  HIGHEST GUST SPEED    16   HIGHEST GUST DIRECTION     W (270)
  AVERAGE WIND SPEED     6.2


SKY COVER
  AVERAGE SKY COVER 0.0


WEATHER CONDITIONS
 THE FOLLOWING WEATHER WAS RECORDED YESTERDAY.
  LIGHT RAIN


RELATIVE HUMIDITY (PERCENT)
 HIGHEST    90           100 AM
 LOWEST     47           300 PM
 AVERAGE    69

..........................................................


THE VICHY-ROLLA MO CLIMATE NORMALS FOR TODAY
                         NORMAL    RECORD    YEAR
 MAXIMUM TEMPERATURE (F)   87       102      1962
 MINIMUM TEMPERATURE (F)   65        50      1950


SUNRISE AND SUNSET
AUGUST 20 2014........SUNRISE   626 AM CDT   SUNSET   754 PM CDT
AUGUST 21 2014........SUNRISE   627 AM CDT   SUNSET   752 PM CDT


-  INDICATES NEGATIVE NUMBERS.
R  INDICATES RECORD WAS SET OR TIED.
MM INDICATES DATA IS MISSING.
T  INDICATES TRACE AMOUNT.




$$
