000
CDUS43 KSGF 200629
CLIVIH


CLIMATE REPORT
NATIONAL WEATHER SERVICE SPRINGFIELD MO
1228 AM CST FRI FEB 20 2015


...................................

...THE VICHY-ROLLA MO CLIMATE SUMMARY FOR FEBRUARY 19 2015...

CLIMATE NORMAL PERIOD 1981 TO 2010
CLIMATE RECORD PERIOD 1888 TO 2015


WEATHER ITEM   OBSERVED TIME   RECORD YEAR NORMAL DEPARTURE LAST
                VALUE   (LST)  VALUE       VALUE  FROM      YEAR
                                                  NORMAL
..................................................................
TEMPERATURE (F)
 YESTERDAY
  MAXIMUM         20   1026 PM  70    2004  47    -27       54
                                      1952
  MINIMUM         -1    632 AM  -6    1903  27    -28       30
  AVERAGE         10                        37    -27       42

PRECIPITATION (IN)
  YESTERDAY        0.00          1.93 1955   0.07  -0.07     0.00
  MONTH TO DATE    0.94                      1.25  -0.31     0.32
  SINCE DEC 1      4.24                      6.06  -1.82     3.04
  SINCE JAN 1      1.87                      3.42  -1.55     1.17

DEGREE DAYS
 HEATING
  YESTERDAY       55                        28     27       23
  MONTH TO DATE  709                       582    127      739
  SINCE DEC 1   2598                      2603     -5     2977
  SINCE JUL 1   3740                      3550    190     4027

 COOLING
  YESTERDAY        0                         0      0        0
  MONTH TO DATE    0                         0      0        0
  SINCE DEC 1      0                         0      0        0
  SINCE JAN 1      0                         0      0        0
..................................................................


WIND (MPH)
  HIGHEST WIND SPEED    10   HIGHEST WIND DIRECTION     N (350)
  HIGHEST GUST SPEED    12   HIGHEST GUST DIRECTION     N (20)
  AVERAGE WIND SPEED     4.7


SKY COVER
  AVERAGE SKY COVER 0.4


WEATHER CONDITIONS
 THE FOLLOWING WEATHER WAS RECORDED YESTERDAY.
  NO SIGNIFICANT WEATHER WAS OBSERVED.


RELATIVE HUMIDITY (PERCENT)
 HIGHEST    75           400 AM
 LOWEST     35           300 PM
 AVERAGE    55

..........................................................


THE VICHY-ROLLA MO CLIMATE NORMALS FOR TODAY
                         NORMAL    RECORD    YEAR
 MAXIMUM TEMPERATURE (F)   47        74      1996
 MINIMUM TEMPERATURE (F)   27         6      1903


SUNRISE AND SUNSET
FEBRUARY 20 2015......SUNRISE   651 AM CST   SUNSET   551 PM CST
FEBRUARY 21 2015......SUNRISE   650 AM CST   SUNSET   552 PM CST


-  INDICATES NEGATIVE NUMBERS.
R  INDICATES RECORD WAS SET OR TIED.
MM INDICATES DATA IS MISSING.
T  INDICATES TRACE AMOUNT.




$$
