000
CDUS43 KSGF 022228
CLIVIH


CLIMATE REPORT
NATIONAL WEATHER SERVICE SPRINGFIELD MO
528 PM CDT MON OCT 2 2017


...................................

...THE VICHY-ROLLA MO CLIMATE SUMMARY FOR OCTOBER 2 2017...
VALID TODAY AS OF 0500 PM LOCAL TIME.

CLIMATE NORMAL PERIOD 1981 TO 2010
CLIMATE RECORD PERIOD 1888 TO 2017


WEATHER ITEM   OBSERVED TIME   RECORD YEAR NORMAL DEPARTURE LAST
                VALUE   (LST)  VALUE       VALUE  FROM      YEAR
                                                  NORMAL
..................................................................
TEMPERATURE (F)
 TODAY
  MAXIMUM         86    240 PM  92    1953  72     14       68
  MINIMUM         65    649 AM  34    1974  50     15       53
  AVERAGE         76                        61     15       61

PRECIPITATION (IN)
  TODAY            0.00          1.20 2014   0.13  -0.13     0.00
  MONTH TO DATE    0.00                      0.25  -0.25     0.00
  SINCE SEP 1      0.19                      4.29  -4.10     4.48
  SINCE JAN 1     38.79                     33.84   4.95    36.82

DEGREE DAYS
 HEATING
  TODAY            0                         6     -6        4
  MONTH TO DATE    0                        11    -11        9
  SINCE SEP 1     17                        72    -55       33
  SINCE JUL 1     18                        75    -57       33

 COOLING
  TODAY           11                         2      9        0
  MONTH TO DATE   14                         4     10        0
  SINCE SEP 1    214                       145     69      211
  SINCE JAN 1   1184                      1222    -38     1400
..................................................................


WIND (MPH)
  HIGHEST WIND SPEED    21   HIGHEST WIND DIRECTION    SE (140)
  HIGHEST GUST SPEED    28   HIGHEST GUST DIRECTION    SE (150)


SKY COVER
  AVERAGE SKY COVER 0.1


WEATHER CONDITIONS
 THE FOLLOWING WEATHER WAS RECORDED TODAY.
  NO SIGNIFICANT WEATHER WAS OBSERVED.


RELATIVE HUMIDITY (PERCENT)
 HIGHEST    81           300 AM
 LOWEST     40           300 PM
 AVERAGE    61

..........................................................


THE VICHY-ROLLA MO CLIMATE NORMALS FOR TOMORROW
                         NORMAL    RECORD    YEAR
 MAXIMUM TEMPERATURE (F)   72        92      1897
 MINIMUM TEMPERATURE (F)   50        34      1974


SUNRISE AND SUNSET
OCTOBER  2 2017.......SUNRISE   704 AM CDT   SUNSET   648 PM CDT
OCTOBER  3 2017.......SUNRISE   705 AM CDT   SUNSET   646 PM CDT


-  INDICATES NEGATIVE NUMBERS.
R  INDICATES RECORD WAS SET OR TIED.
MM INDICATES DATA IS MISSING.
T  INDICATES TRACE AMOUNT.




$$
