000
CDUS43 KSGF 050630
CLIVIH


CLIMATE REPORT
NATIONAL WEATHER SERVICE SPRINGFIELD MO
1229 AM CST TUE DEC 5 2017


...................................

...THE VICHY-ROLLA MO CLIMATE SUMMARY FOR DECEMBER 4 2017...

CLIMATE NORMAL PERIOD 1981 TO 2010
CLIMATE RECORD PERIOD 1888 TO 2017


WEATHER ITEM   OBSERVED TIME   RECORD YEAR NORMAL DEPARTURE LAST
                VALUE   (LST)  VALUE       VALUE  FROM      YEAR
                                                  NORMAL
..................................................................
TEMPERATURE (F)
 YESTERDAY
  MAXIMUM         66    239 PM  71    2001  46     20       41
  MINIMUM         42   1159 PM   7    2006  27     15       29
  AVERAGE         54                        37     17       35

PRECIPITATION (IN)
  YESTERDAY        0.17          2.87 1999   0.10   0.07     0.21
  MONTH TO DATE    0.17                      0.41  -0.24     0.22
  SINCE DEC 1      0.17                      0.41  -0.24     0.22
  SINCE JAN 1     42.12                     41.38   0.74    40.28

DEGREE DAYS
 HEATING
  YESTERDAY       11                        28    -17       30
  MONTH TO DATE   57                       110    -53      115
  SINCE DEC 1     57                       110    -53      115
  SINCE JUL 1    809                      1057   -248      743

 COOLING
  YESTERDAY        0                         0      0        0
  MONTH TO DATE    0                         0      0        0
  SINCE DEC 1      0                         0      0        0
  SINCE JAN 1   1247                      1246      1     1482
..................................................................


WIND (MPH)
  HIGHEST WIND SPEED    26   HIGHEST WIND DIRECTION     S (190)
  HIGHEST GUST SPEED    39   HIGHEST GUST DIRECTION     S (190)
  AVERAGE WIND SPEED    17.6


SKY COVER
  AVERAGE SKY COVER 0.4


WEATHER CONDITIONS
 THE FOLLOWING WEATHER WAS RECORDED YESTERDAY.
  THUNDERSTORM
  HEAVY RAIN
  RAIN
  LIGHT RAIN
  FOG


RELATIVE HUMIDITY (PERCENT)
 HIGHEST    84           600 PM
 LOWEST     62          1200 AM
 AVERAGE    73

..........................................................


THE VICHY-ROLLA MO CLIMATE NORMALS FOR TODAY
                         NORMAL    RECORD    YEAR
 MAXIMUM TEMPERATURE (F)   46        73      1956
 MINIMUM TEMPERATURE (F)   27        10      1898


SUNRISE AND SUNSET
DECEMBER  5 2017......SUNRISE   709 AM CST   SUNSET   447 PM CST
DECEMBER  6 2017......SUNRISE   709 AM CST   SUNSET   447 PM CST


-  INDICATES NEGATIVE NUMBERS.
R  INDICATES RECORD WAS SET OR TIED.
MM INDICATES DATA IS MISSING.
T  INDICATES TRACE AMOUNT.




$$
