000
CDUS43 KSGF 120628
CLIVIH


CLIMATE REPORT
NATIONAL WEATHER SERVICE SPRINGFIELD MO
1228 AM CST FRI DEC 12 2014


...................................

...THE VICHY-ROLLA MO CLIMATE SUMMARY FOR DECEMBER 11 2014...

CLIMATE NORMAL PERIOD 1981 TO 2010
CLIMATE RECORD PERIOD 1888 TO 2014


WEATHER ITEM   OBSERVED TIME   RECORD YEAR NORMAL DEPARTURE LAST
                VALUE   (LST)  VALUE       VALUE  FROM      YEAR
                                                  NORMAL
..................................................................
TEMPERATURE (F)
 YESTERDAY
  MAXIMUM         39    521 PM  75    1949  44     -5       32
  MINIMUM         31    829 AM  -5    1962  25      6       10
  AVERAGE         35                        34      1       21

PRECIPITATION (IN)
  YESTERDAY        0.00          1.64 1965   0.09  -0.09     0.00
  MONTH TO DATE    1.27                      1.10   0.17     0.13
  SINCE DEC 1      1.27                      1.10   0.17     0.13
  SINCE JAN 1     28.55                     42.07 -13.52    39.88

DEGREE DAYS
 HEATING
  YESTERDAY       30                        30      0       44
  MONTH TO DATE  323                       316      7      381
  SINCE DEC 1    323                       316      7      381
  SINCE JUL 1   1465                      1263    202     1431

 COOLING
  YESTERDAY        0                         0      0        0
  MONTH TO DATE    0                         0      0        0
  SINCE DEC 1      0                         0      0        0
  SINCE JAN 1   1186                      1246    -60     1125
..................................................................


WIND (MPH)
  HIGHEST WIND SPEED    12   HIGHEST WIND DIRECTION     E (100)
  HIGHEST GUST SPEED    17   HIGHEST GUST DIRECTION     N (10)
  AVERAGE WIND SPEED     6.5


SKY COVER
  AVERAGE SKY COVER 1.0


WEATHER CONDITIONS
 THE FOLLOWING WEATHER WAS RECORDED YESTERDAY.
  NO SIGNIFICANT WEATHER WAS OBSERVED.


RELATIVE HUMIDITY (PERCENT)
 HIGHEST    85          1200 AM
 LOWEST     75          1200 PM
 AVERAGE    80

..........................................................


THE VICHY-ROLLA MO CLIMATE NORMALS FOR TODAY
                         NORMAL    RECORD    YEAR
 MAXIMUM TEMPERATURE (F)   44        70      1991
 MINIMUM TEMPERATURE (F)   25       -11      1962


SUNRISE AND SUNSET
DECEMBER 12 2014......SUNRISE   714 AM CST   SUNSET   448 PM CST
DECEMBER 13 2014......SUNRISE   715 AM CST   SUNSET   448 PM CST


-  INDICATES NEGATIVE NUMBERS.
R  INDICATES RECORD WAS SET OR TIED.
MM INDICATES DATA IS MISSING.
T  INDICATES TRACE AMOUNT.




$$
