000
CDUS43 KSGF 091031
CLIVIH


CLIMATE REPORT
NATIONAL WEATHER SERVICE SPRINGFIELD MO
530 AM CDT SAT JUL 9 2016


...................................

...THE VICHY-ROLLA MO CLIMATE SUMMARY FOR JULY 8 2016...

CLIMATE NORMAL PERIOD 1981 TO 2010
CLIMATE RECORD PERIOD 1888 TO 2016


WEATHER ITEM   OBSERVED TIME   RECORD YEAR NORMAL DEPARTURE LAST
                VALUE   (LST)  VALUE       VALUE  FROM      YEAR
                                                  NORMAL
..................................................................
TEMPERATURE (F)
 YESTERDAY
  MAXIMUM         86    515 PM 102    1980  88     -2       76
  MINIMUM         68    323 AM  53    1898  66      2       62
  AVERAGE         77                        77      0       69

PRECIPITATION (IN)
  YESTERDAY        1.47R         1.47 2016   0.15   1.32     1.31
  MONTH TO DATE    5.18                      1.14   4.04     3.72
  SINCE JUN 1      7.12                      5.77   1.35    11.17
  SINCE JAN 1     21.36                     22.58  -1.22    25.19

DEGREE DAYS
 HEATING
  YESTERDAY        0                         0      0        0
  MONTH TO DATE    0                         0      0        0
  SINCE JUN 1      0                        14    -14       15
  SINCE JUL 1      0                         0      0        0

 COOLING
  YESTERDAY       12                        12      0        4
  MONTH TO DATE   73                        92    -19       61
  SINCE JUN 1    420                       327     93      333
  SINCE JAN 1    498                       434     64      440
..................................................................


WIND (MPH)
  HIGHEST WIND SPEED    40   HIGHEST WIND DIRECTION    NW (300)
  HIGHEST GUST SPEED    60   HIGHEST GUST DIRECTION     W (290)
  AVERAGE WIND SPEED     7.9


SKY COVER
  AVERAGE SKY COVER 0.3


WEATHER CONDITIONS
 THE FOLLOWING WEATHER WAS RECORDED YESTERDAY.
  THUNDERSTORM
  HEAVY RAIN
  LIGHT RAIN
  FOG


RELATIVE HUMIDITY (PERCENT)
 HIGHEST   100          1100 PM
 LOWEST     65          1000 AM
 AVERAGE    83

..........................................................


THE VICHY-ROLLA MO CLIMATE NORMALS FOR TODAY
                         NORMAL    RECORD    YEAR
 MAXIMUM TEMPERATURE (F)   88       102      1901
 MINIMUM TEMPERATURE (F)   67        54      1898


SUNRISE AND SUNSET
JULY  9 2016..........SUNRISE   553 AM CDT   SUNSET   832 PM CDT
JULY 10 2016..........SUNRISE   553 AM CDT   SUNSET   832 PM CDT


-  INDICATES NEGATIVE NUMBERS.
R  INDICATES RECORD WAS SET OR TIED.
MM INDICATES DATA IS MISSING.
T  INDICATES TRACE AMOUNT.




$$
