000
CDUS43 KSGF 122242
CLIVIH


CLIMATE REPORT
NATIONAL WEATHER SERVICE SPRINGFIELD MO
531 PM CDT WED JUL 12 2017


...................................

...THE VICHY-ROLLA MO CLIMATE SUMMARY FOR JULY 12 2017...
VALID TODAY AS OF 0500 PM LOCAL TIME.

CLIMATE NORMAL PERIOD 1981 TO 2010
CLIMATE RECORD PERIOD 1888 TO 2017


WEATHER ITEM   OBSERVED TIME   RECORD YEAR NORMAL DEPARTURE LAST
                VALUE   (LST)  VALUE       VALUE  FROM      YEAR
                                                  NORMAL
..................................................................
TEMPERATURE (F)
 TODAY
  MAXIMUM         93    323 PM 112    1901  88      5       85
  MINIMUM         72    422 AM  55    1975  67      5       68
  AVERAGE         83                        77      6       77

PRECIPITATION (IN)
  TODAY            0.00          1.72 1948   0.14  -0.14     0.06
  MONTH TO DATE    2.86                      1.72   1.14     5.24
  SINCE JUN 1      5.79                      6.35  -0.56     7.18
  SINCE JAN 1     28.23                     23.16   5.07    21.42

DEGREE DAYS
 HEATING
  TODAY            0                         0      0        0
  MONTH TO DATE    0                         0      0        0
  SINCE JUN 1      1                        14    -13        0
  SINCE JUL 1      0                         0      0        0

 COOLING
  TODAY           18                        12      6       12
  MONTH TO DATE  148                       140      8      127
  SINCE JUN 1    379                       375      4      474
  SINCE JAN 1    483                       482      1      552
..................................................................


WIND (MPH)
  HIGHEST WIND SPEED    17   HIGHEST WIND DIRECTION     S (200)
  HIGHEST GUST SPEED    21   HIGHEST GUST DIRECTION     S (200)


SKY COVER
  AVERAGE SKY COVER 0.0


WEATHER CONDITIONS
 THE FOLLOWING WEATHER WAS RECORDED TODAY.
  NO SIGNIFICANT WEATHER WAS OBSERVED.


RELATIVE HUMIDITY (PERCENT)
 HIGHEST    93           500 AM
 LOWEST     46           300 PM
 AVERAGE    70

..........................................................


THE VICHY-ROLLA MO CLIMATE NORMALS FOR TOMORROW
                         NORMAL    RECORD    YEAR
 MAXIMUM TEMPERATURE (F)   88       112      1901
 MINIMUM TEMPERATURE (F)   67        49      1898


SUNRISE AND SUNSET
JULY 12 2017..........SUNRISE   554 AM CDT   SUNSET   831 PM CDT
JULY 13 2017..........SUNRISE   555 AM CDT   SUNSET   830 PM CDT


-  INDICATES NEGATIVE NUMBERS.
R  INDICATES RECORD WAS SET OR TIED.
MM INDICATES DATA IS MISSING.
T  INDICATES TRACE AMOUNT.




$$
