000
CDUS43 KSGF 220638
CLIVIH


CLIMATE REPORT
NATIONAL WEATHER SERVICE SPRINGFIELD MO
136 AM CDT SUN MAR 22 2015


...................................

...THE VICHY-ROLLA MO CLIMATE SUMMARY FOR MARCH 21 2015...

CLIMATE NORMAL PERIOD 1981 TO 2010
CLIMATE RECORD PERIOD 1888 TO 2015


WEATHER ITEM   OBSERVED TIME   RECORD YEAR NORMAL DEPARTURE LAST
                VALUE   (LST)  VALUE       VALUE  FROM      YEAR
                                                  NORMAL
..................................................................
TEMPERATURE (F)
 YESTERDAY
  MAXIMUM         70    447 PM  85    1904  58     12       73
  MINIMUM         41    627 AM   7    1900  36      5       46
  AVERAGE         56                        47      9       60

PRECIPITATION (IN)
  YESTERDAY        0.00          1.38 1948   0.12  -0.12     0.00
  MONTH TO DATE    1.50                      2.11  -0.61     0.54
  SINCE MAR 1      1.50                      2.11  -0.61     0.54
  SINCE JAN 1      3.78                      6.21  -2.43     2.00

DEGREE DAYS
 HEATING
  YESTERDAY        9                        18     -9        5
  MONTH TO DATE  458                       451      7      516
  SINCE MAR 1    458                       451      7      516
  SINCE JUL 1   4575                      4241    334     4822

 COOLING
  YESTERDAY        0                         0      0        0
  MONTH TO DATE    0                         0      0        0
  SINCE MAR 1      0                         0      0        0
  SINCE JAN 1      0                         0      0        0
..................................................................


WIND (MPH)
  HIGHEST WIND SPEED    13   HIGHEST WIND DIRECTION     E (100)
  HIGHEST GUST SPEED    17   HIGHEST GUST DIRECTION     E (100)
  AVERAGE WIND SPEED     7.8


SKY COVER
  AVERAGE SKY COVER 0.0


WEATHER CONDITIONS
 THE FOLLOWING WEATHER WAS RECORDED YESTERDAY.
  NO SIGNIFICANT WEATHER WAS OBSERVED.


RELATIVE HUMIDITY (PERCENT)
 HIGHEST    89           400 AM
 LOWEST     33           300 PM
 AVERAGE    61

..........................................................


THE VICHY-ROLLA MO CLIMATE NORMALS FOR TODAY
                         NORMAL    RECORD    YEAR
 MAXIMUM TEMPERATURE (F)   59        78      1904
 MINIMUM TEMPERATURE (F)   36        14      1955


SUNRISE AND SUNSET
MARCH 22 2015.........SUNRISE   708 AM CDT   SUNSET   721 PM CDT
MARCH 23 2015.........SUNRISE   706 AM CDT   SUNSET   722 PM CDT


-  INDICATES NEGATIVE NUMBERS.
R  INDICATES RECORD WAS SET OR TIED.
MM INDICATES DATA IS MISSING.
T  INDICATES TRACE AMOUNT.




$$
