822
CDUS43 KSGF 160634
CLIVIH


CLIMATE REPORT
NATIONAL WEATHER SERVICE SPRINGFIELD MO
1234 AM CST THU FEB 16 2017


...................................

...THE VICHY-ROLLA MO CLIMATE SUMMARY FOR FEBRUARY 15 2017...

CLIMATE NORMAL PERIOD 1981 TO 2010
CLIMATE RECORD PERIOD 1888 TO 2017


WEATHER ITEM   OBSERVED TIME   RECORD YEAR NORMAL DEPARTURE LAST
                VALUE   (LST)  VALUE       VALUE  FROM      YEAR
                                                  NORMAL
..................................................................
TEMPERATURE (F)
 YESTERDAY
  MAXIMUM         48    254 PM  73    2005  46      2       46
  MINIMUM         26   1124 PM   0    1958  25      1       27
  AVERAGE         37                        36      1       37

PRECIPITATION (IN)
  YESTERDAY        0.00          0.71 1964   0.06  -0.06      T
  MONTH TO DATE    T                         0.98  -0.98     0.36
  SINCE DEC 1      2.46                      5.79  -3.33    11.42
  SINCE JAN 1      1.60                      3.15  -1.55     1.10

DEGREE DAYS
 HEATING
  YESTERDAY       28                        29     -1       28
  MONTH TO DATE  372                       467    -95      488
  SINCE DEC 1   2204                      2488   -284     2202
  SINCE JUL 1   2832                      3435   -603     2923

 COOLING
  YESTERDAY        0                         0      0        0
  MONTH TO DATE    0                         0      0        0
  SINCE DEC 1      0                         0      0        0
  SINCE JAN 1      0                         0      0        0
..................................................................


WIND (MPH)
  HIGHEST WIND SPEED    17   HIGHEST WIND DIRECTION    NW (330)
  HIGHEST GUST SPEED    22   HIGHEST GUST DIRECTION     N (340)
  AVERAGE WIND SPEED    10.3


SKY COVER
  AVERAGE SKY COVER 0.0


WEATHER CONDITIONS
 THE FOLLOWING WEATHER WAS RECORDED YESTERDAY.
  NO SIGNIFICANT WEATHER WAS OBSERVED.


RELATIVE HUMIDITY (PERCENT)
 HIGHEST    75           500 AM
 LOWEST     28           400 PM
 AVERAGE    52

..........................................................


THE VICHY-ROLLA MO CLIMATE NORMALS FOR TODAY
                         NORMAL    RECORD    YEAR
 MAXIMUM TEMPERATURE (F)   46        72      2011
                                             2006
 MINIMUM TEMPERATURE (F)   26        -8      1958


SUNRISE AND SUNSET
FEBRUARY 16 2017......SUNRISE   656 AM CST   SUNSET   547 PM CST
FEBRUARY 17 2017......SUNRISE   654 AM CST   SUNSET   548 PM CST


-  INDICATES NEGATIVE NUMBERS.
R  INDICATES RECORD WAS SET OR TIED.
MM INDICATES DATA IS MISSING.
T  INDICATES TRACE AMOUNT.




$$
