000
CDUS43 KSGF 062328
CLIVIH


CLIMATE REPORT
NATIONAL WEATHER SERVICE SPRINGFIELD MO
526 PM CST MON NOV 6 2017


...................................

...THE VICHY-ROLLA MO CLIMATE SUMMARY FOR NOVEMBER 6 2017...
VALID TODAY AS OF 0500 PM LOCAL TIME.

CLIMATE NORMAL PERIOD 1981 TO 2010
CLIMATE RECORD PERIOD 1888 TO 2017


WEATHER ITEM   OBSERVED TIME   RECORD YEAR NORMAL DEPARTURE LAST
                VALUE   (LST)  VALUE       VALUE  FROM      YEAR
                                                  NORMAL
..................................................................
TEMPERATURE (F)
 TODAY
  MAXIMUM         48    242 PM  80    1999  60    -12       67
  MINIMUM         41    843 AM  20    2007  39      2       36
                                      1959
  AVERAGE         45                        50     -5       52

PRECIPITATION (IN)
  TODAY            0.00          1.06 1946   0.13  -0.13     0.00
  MONTH TO DATE    T                         0.74  -0.74     0.14
  SINCE SEP 1      3.08                      8.29  -5.21     7.34
  SINCE JAN 1     41.68                     37.84   3.84    39.68

DEGREE DAYS
 HEATING
  TODAY           20                        16      4       13
  MONTH TO DATE   53                        89    -36       42
  SINCE SEP 1    304                       436   -132      195
  SINCE JUL 1    305                       439   -134      195

 COOLING
  TODAY            0                         0      0        0
  MONTH TO DATE    0                         0      0       15
  SINCE SEP 1    277                       166    111      288
  SINCE JAN 1   1247                      1243      4     1477
..................................................................


WIND (MPH)
  HIGHEST WIND SPEED    15   HIGHEST WIND DIRECTION     E (70)
  HIGHEST GUST SPEED    20   HIGHEST GUST DIRECTION    NE (50)


SKY COVER
  AVERAGE SKY COVER 1.0


WEATHER CONDITIONS
 THE FOLLOWING WEATHER WAS RECORDED TODAY.
  FOG


RELATIVE HUMIDITY (PERCENT)
 HIGHEST    89           400 AM
 LOWEST     76           100 PM
 AVERAGE    83

..........................................................


THE VICHY-ROLLA MO CLIMATE NORMALS FOR TOMORROW
                         NORMAL    RECORD    YEAR
 MAXIMUM TEMPERATURE (F)   60        79      1999
 MINIMUM TEMPERATURE (F)   39         9      1991


SUNRISE AND SUNSET
NOVEMBER  6 2017......SUNRISE   639 AM CST   SUNSET   502 PM CST
NOVEMBER  7 2017......SUNRISE   640 AM CST   SUNSET   501 PM CST


-  INDICATES NEGATIVE NUMBERS.
R  INDICATES RECORD WAS SET OR TIED.
MM INDICATES DATA IS MISSING.
T  INDICATES TRACE AMOUNT.




$$
