000
CDUS43 KSGF 220627
CLIVIH


CLIMATE REPORT
NATIONAL WEATHER SERVICE SPRINGFIELD MO
126 AM CDT MON JUN 22 2015


...................................

...THE VICHY-ROLLA MO CLIMATE SUMMARY FOR JUNE 21 2015...

CLIMATE NORMAL PERIOD 1981 TO 2010
CLIMATE RECORD PERIOD 1888 TO 2015


WEATHER ITEM   OBSERVED TIME   RECORD YEAR NORMAL DEPARTURE LAST
                VALUE   (LST)  VALUE       VALUE  FROM      YEAR
                                                  NORMAL
..................................................................
TEMPERATURE (F)
 YESTERDAY
  MAXIMUM         86    325 PM  96    1952  84      2       87
  MINIMUM         72    413 AM  48    1992  64      8       65
  AVERAGE         79                        74      5       76

PRECIPITATION (IN)
  YESTERDAY        0.00          3.58   MM   0.15  -0.15     0.17
  MONTH TO DATE    5.84                      3.37   2.47     2.97
  SINCE JUN 1      5.84                      3.37   2.47     2.97
  SINCE JAN 1     19.86                     20.18  -0.32    12.59

DEGREE DAYS
 HEATING
  YESTERDAY        0                         0      0        0
  MONTH TO DATE   15                        12      3        1
  SINCE JUN 1     15                        12      3        1
  SINCE JUL 1   5058                      4846    212     5479

 COOLING
  YESTERDAY       14                         9      5       11
  MONTH TO DATE  185                       143     42      157
  SINCE JUN 1    185                       143     42      157
  SINCE JAN 1    292                       250     42      304
..................................................................


WIND (MPH)
  HIGHEST WIND SPEED    20   HIGHEST WIND DIRECTION    SW (230)
  HIGHEST GUST SPEED    24   HIGHEST GUST DIRECTION    SW (230)
  AVERAGE WIND SPEED     9.5


SKY COVER
  AVERAGE SKY COVER 0.3


WEATHER CONDITIONS
 THE FOLLOWING WEATHER WAS RECORDED YESTERDAY.
  NO SIGNIFICANT WEATHER WAS OBSERVED.


RELATIVE HUMIDITY (PERCENT)
 HIGHEST    93           300 AM
 LOWEST     70          1200 PM
 AVERAGE    82

..........................................................


THE VICHY-ROLLA MO CLIMATE NORMALS FOR TODAY
                         NORMAL    RECORD    YEAR
 MAXIMUM TEMPERATURE (F)   84        98      1901
 MINIMUM TEMPERATURE (F)   64        43      1902


SUNRISE AND SUNSET
JUNE 22 2015..........SUNRISE   545 AM CDT   SUNSET   834 PM CDT
JUNE 23 2015..........SUNRISE   545 AM CDT   SUNSET   834 PM CDT


-  INDICATES NEGATIVE NUMBERS.
R  INDICATES RECORD WAS SET OR TIED.
MM INDICATES DATA IS MISSING.
T  INDICATES TRACE AMOUNT.




$$
