808
CDUS43 KSGF 092326
CLIVIH


CLIMATE REPORT
NATIONAL WEATHER SERVICE SPRINGFIELD MO
526 PM CST TUE JAN 9 2018


...................................

...THE VICHY-ROLLA MO CLIMATE SUMMARY FOR JANUARY 9 2018...
VALID TODAY AS OF 0500 PM LOCAL TIME.

CLIMATE NORMAL PERIOD 1981 TO 2010
CLIMATE RECORD PERIOD 1888 TO 2018


WEATHER ITEM   OBSERVED TIME   RECORD YEAR NORMAL DEPARTURE LAST
                VALUE   (LST)  VALUE       VALUE  FROM      YEAR
                                                  NORMAL
..................................................................
TEMPERATURE (F)
 TODAY
  MAXIMUM         37    459 PM  68    2002  40     -3       48
  MINIMUM         28    451 AM  -6    1962  21      7       20
  AVERAGE         33                        31      2       34

PRECIPITATION (IN)
  TODAY            0.00          0.61 1974   0.08  -0.08     0.00
  MONTH TO DATE    0.74                      0.69   0.05     0.12
  SINCE DEC 1      1.38                      3.33  -1.95     0.98
  SINCE JAN 1      0.74                      0.69   0.05     0.12

DEGREE DAYS
 COOLING
  TODAY            0                         0      0        0
  MONTH TO DATE    0                         0      0        0
  SINCE DEC 1      0                         0      0        0
  SINCE JAN 1      0                         0      0        0
..................................................................


WIND (MPH)
  HIGHEST WIND SPEED    12   HIGHEST WIND DIRECTION    SE (150)
  HIGHEST GUST SPEED    16   HIGHEST GUST DIRECTION    SE (140)


SKY COVER
  AVERAGE SKY COVER 1.0


WEATHER CONDITIONS
 THE FOLLOWING WEATHER WAS RECORDED TODAY.
  FOG
  FOG W/VISIBILITY <= 1/4 MILE


RELATIVE HUMIDITY (PERCENT)
 HIGHEST   100          1200 AM
 LOWEST    100          1200 AM
 AVERAGE   100

..........................................................


THE VICHY-ROLLA MO CLIMATE NORMALS FOR TOMORROW
                         NORMAL    RECORD    YEAR
 MAXIMUM TEMPERATURE (F)   40        65      2017
 MINIMUM TEMPERATURE (F)   21       -16      1982


SUNRISE AND SUNSET
JANUARY  9 2018.......SUNRISE   724 AM CST   SUNSET   505 PM CST
JANUARY 10 2018.......SUNRISE   723 AM CST   SUNSET   506 PM CST


-  INDICATES NEGATIVE NUMBERS.
R  INDICATES RECORD WAS SET OR TIED.
MM INDICATES DATA IS MISSING.
T  INDICATES TRACE AMOUNT.




$$
