000
CDUS43 KSGF 152131
CLIVIH


CLIMATE REPORT
NATIONAL WEATHER SERVICE SPRINGFIELD MO
430 PM CDT FRI APR 15 2016


...................................

...THE VICHY-ROLLA MO CLIMATE SUMMARY FOR APRIL 15 2016...
VALID AS OF 0400 PM LOCAL TIME.

CLIMATE NORMAL PERIOD 1981 TO 2010
CLIMATE RECORD PERIOD 1888 TO 2016


WEATHER ITEM   OBSERVED TIME   RECORD YEAR NORMAL DEPARTURE LAST
                VALUE   (LST)  VALUE       VALUE  FROM      YEAR
                                                  NORMAL
..................................................................
TEMPERATURE (F)
 TODAY
  MAXIMUM         74    232 PM  84    1955  67      7       67
  MINIMUM         51    601 AM  26    2014  44      7       52
  AVERAGE         63                        55      8       60

PRECIPITATION (IN)
  TODAY            0.00          1.53 1991   0.14  -0.14     0.02
  MONTH TO DATE    1.99                      2.00  -0.01     1.44
  SINCE MAR 1      4.85                      5.45  -0.60     4.46
  SINCE JAN 1      6.97                      9.55  -2.58     6.74

DEGREE DAYS
 HEATING
  TODAY            2                        11     -9        5
  MONTH TO DATE  204                       189     15       96
  SINCE MAR 1    650                       803   -153      708
  SINCE JUL 1   3853                      4593   -740     4825

 COOLING
  TODAY            0                         1     -1        0
  MONTH TO DATE    0                         9     -9       11
  SINCE MAR 1      0                        13    -13       11
  SINCE JAN 1      0                        13    -13       11
..................................................................


WIND (MPH)
  HIGHEST WIND SPEED    20   HIGHEST WIND DIRECTION    SE (140)
  HIGHEST GUST SPEED    26   HIGHEST GUST DIRECTION    SE (120)


SKY COVER
  AVERAGE SKY COVER 0.4


WEATHER CONDITIONS
 THE FOLLOWING WEATHER WAS RECORDED TODAY.
  NO SIGNIFICANT WEATHER WAS OBSERVED.


RELATIVE HUMIDITY (PERCENT)
 HIGHEST    80           800 AM
 LOWEST     46           300 PM
 AVERAGE    63

..........................................................


THE VICHY-ROLLA MO CLIMATE NORMALS FOR TOMORROW
                         NORMAL    RECORD    YEAR
 MAXIMUM TEMPERATURE (F)   67        85      2006
                                             1977
 MINIMUM TEMPERATURE (F)   44        27      1949


SUNRISE AND SUNSET
APRIL 15 2016.........SUNRISE   631 AM CDT   SUNSET   744 PM CDT
APRIL 16 2016.........SUNRISE   629 AM CDT   SUNSET   745 PM CDT


-  INDICATES NEGATIVE NUMBERS.
R  INDICATES RECORD WAS SET OR TIED.
MM INDICATES DATA IS MISSING.
T  INDICATES TRACE AMOUNT.




$$
