000
CDUS43 KSGF 080625
CLIVIH


CLIMATE REPORT
NATIONAL WEATHER SERVICE SPRINGFIELD MO
125 AM CDT TUE APR 8 2014


...................................

...THE VICHY-ROLLA MO CLIMATE SUMMARY FOR APRIL 7 2014...

CLIMATE NORMAL PERIOD 1981 TO 2010
CLIMATE RECORD PERIOD 1888 TO 2014


WEATHER ITEM   OBSERVED TIME   RECORD YEAR NORMAL DEPARTURE LAST
                VALUE   (LST)  VALUE       VALUE  FROM      YEAR
                                                  NORMAL
..................................................................
TEMPERATURE (F)
 YESTERDAY
  MAXIMUM         58    439 PM  82    1954  64     -6       76
  MINIMUM         43    917 PM  20    2007  41      2       47
  AVERAGE         51                        53     -2       62

PRECIPITATION (IN)
  YESTERDAY        0.22          0.95 1980   0.14   0.08     0.11
  MONTH TO DATE    1.61                      0.90   0.71     0.11
  SINCE MAR 1      2.32                      4.35  -2.03     3.37
  SINCE JAN 1      3.78                      8.45  -4.67     8.08

DEGREE DAYS
 HEATING
  YESTERDAY       14                        13      1        3
  MONTH TO DATE  106                        96     10      116
  SINCE MAR 1    857                       710    147      935
  SINCE JUL 1   5163                      4500    663     4521

 COOLING
  YESTERDAY        0                         1     -1        0
  MONTH TO DATE    0                         1     -1        0
  SINCE MAR 1      0                         5     -5        0
  SINCE JAN 1      0                         5     -5        0
..................................................................


WIND (MPH)
  HIGHEST WIND SPEED    17   HIGHEST WIND DIRECTION    NW (310)
  HIGHEST GUST SPEED    24   HIGHEST GUST DIRECTION    NW (300)
  AVERAGE WIND SPEED     7.8


SKY COVER
  AVERAGE SKY COVER 0.8


WEATHER CONDITIONS
 THE FOLLOWING WEATHER WAS RECORDED YESTERDAY.
  RAIN
  LIGHT RAIN
  FOG


RELATIVE HUMIDITY (PERCENT)
 HIGHEST    92          1000 AM
 LOWEST     43           500 PM
 AVERAGE    68

..........................................................


THE VICHY-ROLLA MO CLIMATE NORMALS FOR TODAY
                         NORMAL    RECORD    YEAR
 MAXIMUM TEMPERATURE (F)   65        84      1965
 MINIMUM TEMPERATURE (F)   41        18      2007


SUNRISE AND SUNSET
APRIL  8 2014.........SUNRISE   642 AM CDT   SUNSET   737 PM CDT
APRIL  9 2014.........SUNRISE   640 AM CDT   SUNSET   738 PM CDT


-  INDICATES NEGATIVE NUMBERS.
R  INDICATES RECORD WAS SET OR TIED.
MM INDICATES DATA IS MISSING.
T  INDICATES TRACE AMOUNT.




$$
