000
CDUS43 KSGF 200631
CLIVIH


CLIMATE REPORT
NATIONAL WEATHER SERVICE SPRINGFIELD MO
1230 AM CST SUN NOV 20 2016


...................................

...THE VICHY-ROLLA MO CLIMATE SUMMARY FOR NOVEMBER 19 2016...

CLIMATE NORMAL PERIOD 1981 TO 2010
CLIMATE RECORD PERIOD 1888 TO 2016


WEATHER ITEM   OBSERVED TIME   RECORD YEAR NORMAL DEPARTURE LAST
                VALUE   (LST)  VALUE       VALUE  FROM      YEAR
                                                  NORMAL
..................................................................
TEMPERATURE (F)
 YESTERDAY
  MAXIMUM         45    317 PM  74    1949  54     -9       51
  MINIMUM         29    731 AM   8    1903  34     -5       30
  AVERAGE         37                        44     -7       41

PRECIPITATION (IN)
  YESTERDAY        0.00          1.09 1950   0.13  -0.13     0.00
  MONTH TO DATE    0.31                      2.42  -2.11     7.46
  SINCE SEP 1      7.51                      9.97  -2.46    10.12
  SINCE JAN 1     39.85                     39.52   0.33    39.38

DEGREE DAYS
 HEATING
  YESTERDAY       28                        21      7       24
  MONTH TO DATE  222                       331   -109      236
  SINCE SEP 1    375                       678   -303      486
  SINCE JUL 1    375                       681   -306      488

 COOLING
  YESTERDAY        0                         0      0        0
  MONTH TO DATE   20                         0     20        0
  SINCE SEP 1    293                       166    127      265
  SINCE JAN 1   1482                      1243    239     1280
..................................................................


WIND (MPH)
  HIGHEST WIND SPEED    24   HIGHEST WIND DIRECTION     W (290)
  HIGHEST GUST SPEED    33   HIGHEST GUST DIRECTION     W (290)
  AVERAGE WIND SPEED    12.4


SKY COVER
  AVERAGE SKY COVER 0.0


WEATHER CONDITIONS
 THE FOLLOWING WEATHER WAS RECORDED YESTERDAY.
  LIGHT RAIN
  LIGHT SNOW


RELATIVE HUMIDITY (PERCENT)
 HIGHEST    78           700 AM
 LOWEST     37           300 PM
 AVERAGE    58

..........................................................


THE VICHY-ROLLA MO CLIMATE NORMALS FOR TODAY
                         NORMAL    RECORD    YEAR
 MAXIMUM TEMPERATURE (F)   53        75      1898
 MINIMUM TEMPERATURE (F)   33        16      2014
                                             1903


SUNRISE AND SUNSET
NOVEMBER 20 2016......SUNRISE   654 AM CST   SUNSET   451 PM CST
NOVEMBER 21 2016......SUNRISE   655 AM CST   SUNSET   451 PM CST


-  INDICATES NEGATIVE NUMBERS.
R  INDICATES RECORD WAS SET OR TIED.
MM INDICATES DATA IS MISSING.
T  INDICATES TRACE AMOUNT.




$$
