750
CDUS43 KSGF 072226
CLIVIH


CLIMATE REPORT
NATIONAL WEATHER SERVICE SPRINGFIELD MO
526 PM CDT THU MAY 7 2015


...................................

...THE VICHY-ROLLA MO CLIMATE SUMMARY FOR MAY 7 2015...
VALID TODAY AS OF 0500 PM LOCAL TIME.

CLIMATE NORMAL PERIOD 1981 TO 2010
CLIMATE RECORD PERIOD 1888 TO 2015


WEATHER ITEM   OBSERVED TIME   RECORD YEAR NORMAL DEPARTURE LAST
                VALUE   (LST)  VALUE       VALUE  FROM      YEAR
                                                  NORMAL
..................................................................
TEMPERATURE (F)
 TODAY
  MAXIMUM         81    148 PM  90    1966  72      9       84
  MINIMUM         63    423 AM  35    1976  51     12       62
  AVERAGE         72                        62     10       73

PRECIPITATION (IN)
  TODAY            T             1.77 2008   0.17  -0.17      T
  MONTH TO DATE    0.01                      1.15  -1.14      T
  SINCE MAR 1      5.15                      8.82  -3.67     4.36
  SINCE JAN 1      7.43                     12.92  -5.49     5.82

DEGREE DAYS
 COOLING
  TODAY            7                         2      5        8
  MONTH TO DATE   32                         8     24       30
  SINCE MAR 1     45                        34     11       42
  SINCE JAN 1     45                        34     11       42
..................................................................


WIND (MPH)
  HIGHEST WIND SPEED    23   HIGHEST WIND DIRECTION     S (180)
  HIGHEST GUST SPEED    30   HIGHEST GUST DIRECTION     S (180)


SKY COVER
  AVERAGE SKY COVER 0.3


WEATHER CONDITIONS
 THE FOLLOWING WEATHER WAS RECORDED TODAY.
  LIGHT RAIN


RELATIVE HUMIDITY (PERCENT)
 HIGHEST    67           600 AM
 LOWEST     54           200 PM
 AVERAGE    61

..........................................................


THE VICHY-ROLLA MO CLIMATE NORMALS FOR TOMORROW
                         NORMAL    RECORD    YEAR
 MAXIMUM TEMPERATURE (F)   73        88      1979
 MINIMUM TEMPERATURE (F)   51        38      1976


SUNRISE AND SUNSET
MAY  7 2015...........SUNRISE   604 AM CDT   SUNSET   804 PM CDT
MAY  8 2015...........SUNRISE   603 AM CDT   SUNSET   804 PM CDT


-  INDICATES NEGATIVE NUMBERS.
R  INDICATES RECORD WAS SET OR TIED.
MM INDICATES DATA IS MISSING.
T  INDICATES TRACE AMOUNT.




$$
