000
CDUS43 KSGF 202127
CLIVIH


CLIMATE REPORT
NATIONAL WEATHER SERVICE SPRINGFIELD MO
426 PM CDT MON JUL 20 2015


...................................

...THE VICHY-ROLLA MO CLIMATE SUMMARY FOR JULY 20 2015...
VALID AS OF 0400 PM LOCAL TIME.

CLIMATE NORMAL PERIOD 1981 TO 2010
CLIMATE RECORD PERIOD 1888 TO 2015


WEATHER ITEM   OBSERVED TIME   RECORD YEAR NORMAL DEPARTURE LAST
                VALUE   (LST)  VALUE       VALUE  FROM      YEAR
                                                  NORMAL
..................................................................
TEMPERATURE (F)
 TODAY
  MAXIMUM         83    252 PM 106    2006  89     -6       84
  MINIMUM         70    938 AM  55    1970  67      3       61
  AVERAGE         77                        78     -1       73

PRECIPITATION (IN)
  TODAY            0.22          1.84 2010   0.14   0.08     0.00
  MONTH TO DATE    5.10                      2.89   2.21     0.11
  SINCE JUN 1     12.55                      7.52   5.03     3.42
  SINCE JAN 1     26.57                     24.33   2.24    13.04

DEGREE DAYS
 HEATING
  TODAY            0                         0      0        0
  MONTH TO DATE    0                         0      0        3
  SINCE JUN 1     15                        14      1        4
  SINCE JUL 1      0                         0      0        3

 COOLING
  TODAY           12                        13     -1        8
  MONTH TO DATE  237                       241     -4      129
  SINCE JUN 1    509                       476     33      387
  SINCE JAN 1    616                       583     33      534
..................................................................


WIND (MPH)
  HIGHEST WIND SPEED    18   HIGHEST WIND DIRECTION     W (280)
  HIGHEST GUST SPEED    25   HIGHEST GUST DIRECTION     W (270)


SKY COVER
  AVERAGE SKY COVER 0.5


WEATHER CONDITIONS
 THE FOLLOWING WEATHER WAS RECORDED TODAY.
  THUNDERSTORM
  HEAVY RAIN
  RAIN
  LIGHT RAIN
  FOG


RELATIVE HUMIDITY (PERCENT)
 HIGHEST   100           300 AM
 LOWEST     79           300 PM
 AVERAGE    90

..........................................................


THE VICHY-ROLLA MO CLIMATE NORMALS FOR TOMORROW
                         NORMAL    RECORD    YEAR
 MAXIMUM TEMPERATURE (F)   89       105      1901
 MINIMUM TEMPERATURE (F)   67        52      1970


SUNRISE AND SUNSET
JULY 20 2015..........SUNRISE   600 AM CDT   SUNSET   827 PM CDT
JULY 21 2015..........SUNRISE   601 AM CDT   SUNSET   826 PM CDT


-  INDICATES NEGATIVE NUMBERS.
R  INDICATES RECORD WAS SET OR TIED.
MM INDICATES DATA IS MISSING.
T  INDICATES TRACE AMOUNT.




$$
