000
CDUS43 KSGF 050629
CLIVIH


CLIMATE REPORT
NATIONAL WEATHER SERVICE SPRINGFIELD MO
126 AM CDT SAT JUL 5 2014


...................................

...THE VICHY-ROLLA MO CLIMATE SUMMARY FOR JULY 4 2014...

CLIMATE NORMAL PERIOD 1981 TO 2010
CLIMATE RECORD PERIOD 1888 TO 2014


WEATHER ITEM   OBSERVED TIME   RECORD YEAR NORMAL DEPARTURE LAST
                VALUE   (LST)  VALUE       VALUE  FROM      YEAR
                                                  NORMAL
..................................................................
TEMPERATURE (F)
 YESTERDAY
  MAXIMUM         81    213 PM 104    1901  87     -6       84
  MINIMUM         54R   233 AM  55    1967  66    -12       58
  AVERAGE         68                        76     -8       71

PRECIPITATION (IN)
  YESTERDAY        0.00          1.57 1958   0.15  -0.15     0.00
  MONTH TO DATE    0.03                      0.56  -0.53     0.01
  SINCE JUN 1      3.34                      5.19  -1.85     3.80
  SINCE JAN 1     12.96                     22.00  -9.04    25.10

DEGREE DAYS
 HEATING
  YESTERDAY        0                         0      0        0
  MONTH TO DATE    0                         0      0        0
  SINCE JUN 1      1                        14    -13       17
  SINCE JUL 1      0                         0      0        0

 COOLING
  YESTERDAY        3                        11     -8        6
  MONTH TO DATE   13                        44    -31       13
  SINCE JUN 1    271                       279     -8      230
  SINCE JAN 1    418                       386     32      337
..................................................................


WIND (MPH)
  HIGHEST WIND SPEED    10   HIGHEST WIND DIRECTION     E (90)
  HIGHEST GUST SPEED    15   HIGHEST GUST DIRECTION     E (110)
  AVERAGE WIND SPEED     4.8


SKY COVER
  AVERAGE SKY COVER 0.2


WEATHER CONDITIONS
 THE FOLLOWING WEATHER WAS RECORDED YESTERDAY.
  NO SIGNIFICANT WEATHER WAS OBSERVED.


RELATIVE HUMIDITY (PERCENT)
 HIGHEST    93           300 AM
 LOWEST     39           300 PM
 AVERAGE    66

..........................................................


THE VICHY-ROLLA MO CLIMATE NORMALS FOR TODAY
                         NORMAL    RECORD    YEAR
 MAXIMUM TEMPERATURE (F)   87       103      1901
 MINIMUM TEMPERATURE (F)   66        51      1972


SUNRISE AND SUNSET
JULY  5 2014..........SUNRISE   550 AM CDT   SUNSET   833 PM CDT
JULY  6 2014..........SUNRISE   550 AM CDT   SUNSET   833 PM CDT


-  INDICATES NEGATIVE NUMBERS.
R  INDICATES RECORD WAS SET OR TIED.
MM INDICATES DATA IS MISSING.
T  INDICATES TRACE AMOUNT.




$$
