000
CDUS43 KSGF 222126
CLIVIH


CLIMATE REPORT
NATIONAL WEATHER SERVICE SPRINGFIELD MO
426 PM CDT MON JUN 22 2015


...................................

...THE VICHY-ROLLA MO CLIMATE SUMMARY FOR JUNE 22 2015...
VALID AS OF 0400 PM LOCAL TIME.

CLIMATE NORMAL PERIOD 1981 TO 2010
CLIMATE RECORD PERIOD 1888 TO 2015


WEATHER ITEM   OBSERVED TIME   RECORD YEAR NORMAL DEPARTURE LAST
                VALUE   (LST)  VALUE       VALUE  FROM      YEAR
                                                  NORMAL
..................................................................
TEMPERATURE (F)
 TODAY
  MAXIMUM         87    259 PM  98    1901  84      3       87
  MINIMUM         71    211 AM  43    1902  64      7       65
  AVERAGE         79                        74      5       76

PRECIPITATION (IN)
  TODAY            0.00          1.35   MM   0.15  -0.15     0.14
  MONTH TO DATE    5.84                      3.52   2.32     3.11
  SINCE JUN 1      5.84                      3.52   2.32     3.11
  SINCE JAN 1     19.86                     20.33  -0.47    12.73

DEGREE DAYS
 HEATING
  TODAY            0                         0      0        0
  MONTH TO DATE   15                        12      3        1
  SINCE JUN 1     15                        12      3        1
  SINCE JUL 1   5058                      4846    212     5479

 COOLING
  TODAY           14                         9      5       11
  MONTH TO DATE  199                       152     47      168
  SINCE JUN 1    199                       152     47      168
  SINCE JAN 1    306                       259     47      315
..................................................................


WIND (MPH)
  HIGHEST WIND SPEED    21   HIGHEST WIND DIRECTION    SW (220)
  HIGHEST GUST SPEED    27   HIGHEST GUST DIRECTION     S (200)


SKY COVER
  AVERAGE SKY COVER 0.3


WEATHER CONDITIONS
 THE FOLLOWING WEATHER WAS RECORDED TODAY.
  NO SIGNIFICANT WEATHER WAS OBSERVED.


RELATIVE HUMIDITY (PERCENT)
 HIGHEST    93           100 AM
 LOWEST     59           300 PM
 AVERAGE    76

..........................................................


THE VICHY-ROLLA MO CLIMATE NORMALS FOR TOMORROW
                         NORMAL    RECORD    YEAR
 MAXIMUM TEMPERATURE (F)   85        98      1901
 MINIMUM TEMPERATURE (F)   64        47      1902


SUNRISE AND SUNSET
JUNE 22 2015..........SUNRISE   545 AM CDT   SUNSET   834 PM CDT
JUNE 23 2015..........SUNRISE   545 AM CDT   SUNSET   834 PM CDT


-  INDICATES NEGATIVE NUMBERS.
R  INDICATES RECORD WAS SET OR TIED.
MM INDICATES DATA IS MISSING.
T  INDICATES TRACE AMOUNT.




$$
