000
CDUS43 KSGF 140628
CLIVIH


CLIMATE REPORT
NATIONAL WEATHER SERVICE SPRINGFIELD MO
127 AM CDT TUE OCT 14 2014


...................................

...THE VICHY-ROLLA MO CLIMATE SUMMARY FOR OCTOBER 13 2014...

CLIMATE NORMAL PERIOD 1981 TO 2010
CLIMATE RECORD PERIOD 1888 TO 2014


WEATHER ITEM   OBSERVED TIME   RECORD YEAR NORMAL DEPARTURE LAST
                VALUE   (LST)  VALUE       VALUE  FROM      YEAR
                                                  NORMAL
..................................................................
TEMPERATURE (F)
 YESTERDAY
  MAXIMUM         67    350 PM  88    1899  68     -1       73
  MINIMUM         53   1159 PM  26    2006  47      6       46
  AVERAGE         60                        58      2       60

PRECIPITATION (IN)
  YESTERDAY        0.40          3.56 1968   0.10   0.30     0.00
  MONTH TO DATE    4.82                      1.41   3.41     0.34
  SINCE SEP 1      6.73                      5.45   1.28     3.20
  SINCE JAN 1     24.03                     35.00 -10.97    36.18

DEGREE DAYS
 HEATING
  YESTERDAY        5                         8     -3        5
  MONTH TO DATE   93                        89      4       57
  SINCE SEP 1    154                       150      4       85
  SINCE JUL 1    157                       153      4       89

 COOLING
  YESTERDAY        0                         1     -1        0
  MONTH TO DATE   13                        16     -3       38
  SINCE SEP 1    135                       157    -22      225
  SINCE JAN 1   1174                      1234    -60     1124
..................................................................


WIND (MPH)
  HIGHEST WIND SPEED    25   HIGHEST WIND DIRECTION     S (160)
  HIGHEST GUST SPEED    34   HIGHEST GUST DIRECTION    SE (150)
  AVERAGE WIND SPEED    11.7


SKY COVER
  AVERAGE SKY COVER 0.9


WEATHER CONDITIONS
 THE FOLLOWING WEATHER WAS RECORDED YESTERDAY.
  THUNDERSTORM
  HEAVY RAIN
  RAIN
  LIGHT RAIN
  FOG


RELATIVE HUMIDITY (PERCENT)
 HIGHEST   100          1200 AM
 LOWEST     78           500 PM
 AVERAGE    89

..........................................................


THE VICHY-ROLLA MO CLIMATE NORMALS FOR TODAY
                         NORMAL    RECORD    YEAR
 MAXIMUM TEMPERATURE (F)   68        90      1963
 MINIMUM TEMPERATURE (F)   46        28      1902


SUNRISE AND SUNSET
OCTOBER 14 2014.......SUNRISE   715 AM CDT   SUNSET   631 PM CDT
OCTOBER 15 2014.......SUNRISE   716 AM CDT   SUNSET   629 PM CDT


-  INDICATES NEGATIVE NUMBERS.
R  INDICATES RECORD WAS SET OR TIED.
MM INDICATES DATA IS MISSING.
T  INDICATES TRACE AMOUNT.




$$
