000
CDUS43 KSGF 142326
CLIVIH


CLIMATE REPORT
NATIONAL WEATHER SERVICE SPRINGFIELD MO
525 PM CST FRI NOV 14 2014


...................................

...THE VICHY-ROLLA MO CLIMATE SUMMARY FOR NOVEMBER 14 2014...
VALID TODAY AS OF 0500 PM LOCAL TIME.

CLIMATE NORMAL PERIOD 1981 TO 2010
CLIMATE RECORD PERIOD 1888 TO 2014


WEATHER ITEM   OBSERVED TIME   RECORD YEAR NORMAL DEPARTURE LAST
                VALUE   (LST)  VALUE       VALUE  FROM      YEAR
                                                  NORMAL
..................................................................
TEMPERATURE (F)
 TODAY
  MAXIMUM         32    320 PM  75    1960  56    -24       58
  MINIMUM         14R   417 AM  16    1969  36    -22       28
  AVERAGE         23                        46    -23       43

PRECIPITATION (IN)
  TODAY            0.00          2.26 1993   0.13  -0.13     0.00
  MONTH TO DATE    0.77                      1.78  -1.01     0.94
  SINCE SEP 1      8.33                      9.33  -1.00     6.04
  SINCE JAN 1     25.63                     38.88 -13.25    39.02

DEGREE DAYS
 HEATING
  TODAY           42                        19     23       22
  MONTH TO DATE  326                       230     96      279
  SINCE SEP 1    662                       577     85      636
  SINCE JUL 1    665                       580     85      640

 COOLING
  TODAY            0                         0      0        0
  MONTH TO DATE    0                         0      0        0
  SINCE SEP 1    147                       166    -19      226
  SINCE JAN 1   1186                      1243    -57     1125
..................................................................


WIND (MPH)
  HIGHEST WIND SPEED    12   HIGHEST WIND DIRECTION     N (340)
  HIGHEST GUST SPEED    14   HIGHEST GUST DIRECTION     N (10)


SKY COVER
  AVERAGE SKY COVER 0.0


WEATHER CONDITIONS
 THE FOLLOWING WEATHER WAS RECORDED TODAY.
  NO SIGNIFICANT WEATHER WAS OBSERVED.


RELATIVE HUMIDITY (PERCENT)
 HIGHEST    80           200 AM
 LOWEST     36           300 PM
 AVERAGE    58

..........................................................


THE VICHY-ROLLA MO CLIMATE NORMALS FOR TOMORROW
                         NORMAL    RECORD    YEAR
 MAXIMUM TEMPERATURE (F)   56        79      1955
 MINIMUM TEMPERATURE (F)   35        20      1959


SUNRISE AND SUNSET
NOVEMBER 14 2014......SUNRISE   647 AM CST   SUNSET   456 PM CST
NOVEMBER 15 2014......SUNRISE   648 AM CST   SUNSET   455 PM CST


-  INDICATES NEGATIVE NUMBERS.
R  INDICATES RECORD WAS SET OR TIED.
MM INDICATES DATA IS MISSING.
T  INDICATES TRACE AMOUNT.




$$
