000
CDUS43 KSGF 150645
CLIVIH

CLIMATE REPORT
NATIONAL WEATHER SERVICE SPRINGFIELD MO
145 AM CDT THU JUN 15 2017


...................................

...THE VICHY-ROLLA MO CLIMATE SUMMARY FOR JUNE 14 2017...

CLIMATE NORMAL PERIOD: 1981 TO 2010
CLIMATE RECORD PERIOD: 1888 TO 2017


WEATHER ITEM   OBSERVED TIME   RECORD YEAR NORMAL DEPARTURE LAST
                VALUE   (LST)  VALUE       VALUE  FROM      YEAR
                                                  NORMAL
..................................................................
TEMPERATURE (F)
 YESTERDAY
  MAXIMUM         88    3:40 PM  95    1952  82      6       88
  MINIMUM         73    5:39 AM  46    1903  62     11       71
  AVERAGE         81                        72      9       80

PRECIPITATION (IN)
  YESTERDAY        0.18          1.52 2001   0.17   0.01     0.00
  MONTH TO DATE    1.02                      2.28  -1.26     0.81
  SINCE JUN 1      1.02                      2.28  -1.26     0.81
  SINCE JAN 1     23.46                     19.09   4.37    15.05

DEGREE DAYS
 HEATING
  YESTERDAY        0                         0      0        0
  MONTH TO DATE    1                        12    -11        0
  SINCE JUN 1      1                        12    -11        0
  SINCE JUL 1   3804                      4846  -1042     4052

 COOLING
  YESTERDAY       16                         7      9       15
  MONTH TO DATE  107                        84     23      113
  SINCE JUN 1    107                        84     23      113
  SINCE JAN 1    211                       191     20      191
..................................................................


WIND (MPH)
  HIGHEST WIND SPEED    20   HIGHEST WIND DIRECTION     S (190)
  HIGHEST GUST SPEED    25   HIGHEST GUST DIRECTION    SW (210)
  AVERAGE WIND SPEED    11.2


SKY COVER
  AVERAGE SKY COVER 0.1


WEATHER CONDITIONS
 THE FOLLOWING WEATHER WAS RECORDED YESTERDAY.
  THUNDERSTORM
  HEAVY RAIN
  RAIN
  LIGHT RAIN
  FOG


RELATIVE HUMIDITY (PERCENT)
 HIGHEST    93           2:00 AM
 LOWEST     59           3:00 PM
 AVERAGE    76

..........................................................


THE VICHY-ROLLA MO CLIMATE NORMALS FOR TODAY
                         NORMAL    RECORD    YEAR
 MAXIMUM TEMPERATURE (F)   83       101      1952
 MINIMUM TEMPERATURE (F)   62        49      1999


SUNRISE AND SUNSET
JUNE 15 2017..........SUNRISE   5:44 AM CDT   SUNSET   8:32 PM CDT
JUNE 16 2017..........SUNRISE   5:44 AM CDT   SUNSET   8:32 PM CDT


-  INDICATES NEGATIVE NUMBERS.
*  INDICATES RECORD WAS SET OR TIED.
MM INDICATES DATA IS MISSING.
T  INDICATES TRACE AMOUNT.




$$
