000
CDUS43 KSGF 210631
CLIVIH


CLIMATE REPORT
NATIONAL WEATHER SERVICE SPRINGFIELD MO
1229 AM CST SAT FEB 21 2015


...................................

...THE VICHY-ROLLA MO CLIMATE SUMMARY FOR FEBRUARY 20 2015...

CLIMATE NORMAL PERIOD 1981 TO 2010
CLIMATE RECORD PERIOD 1888 TO 2015


WEATHER ITEM   OBSERVED TIME   RECORD YEAR NORMAL DEPARTURE LAST
                VALUE   (LST)  VALUE       VALUE  FROM      YEAR
                                                  NORMAL
..................................................................
TEMPERATURE (F)
 YESTERDAY
  MAXIMUM         28   1159 PM  74    1996  47    -19       72
  MINIMUM         15    704 AM   6    1903  27    -12       34
  AVERAGE         22                        37    -15       53

PRECIPITATION (IN)
  YESTERDAY        0.14          0.69 1951   0.07   0.07     0.29
  MONTH TO DATE    1.08                      1.32  -0.24     0.61
  SINCE DEC 1      4.38                      6.13  -1.75     3.33
  SINCE JAN 1      2.01                      3.49  -1.48     1.46

DEGREE DAYS
 HEATING
  YESTERDAY       43                        28     15       12
  MONTH TO DATE  752                       610    142      751
  SINCE DEC 1   2641                      2631     10     2989
  SINCE JUL 1   3783                      3578    205     4039

 COOLING
  YESTERDAY        0                         0      0        0
  MONTH TO DATE    0                         0      0        0
  SINCE DEC 1      0                         0      0        0
  SINCE JAN 1      0                         0      0        0
..................................................................


WIND (MPH)
  HIGHEST WIND SPEED    23   HIGHEST WIND DIRECTION     S (170)
  HIGHEST GUST SPEED    28   HIGHEST GUST DIRECTION     S (170)
  AVERAGE WIND SPEED    12.7


SKY COVER
  AVERAGE SKY COVER 0.8


WEATHER CONDITIONS
 THE FOLLOWING WEATHER WAS RECORDED YESTERDAY.
  FREEZING RAIN
  LT FREEZING RAIN
  FOG


RELATIVE HUMIDITY (PERCENT)
 HIGHEST    92           800 PM
 LOWEST     45           200 AM
 AVERAGE    69

..........................................................


THE VICHY-ROLLA MO CLIMATE NORMALS FOR TODAY
                         NORMAL    RECORD    YEAR
 MAXIMUM TEMPERATURE (F)   48        70      1992
 MINIMUM TEMPERATURE (F)   27         2      1963


SUNRISE AND SUNSET
FEBRUARY 21 2015......SUNRISE   650 AM CST   SUNSET   552 PM CST
FEBRUARY 22 2015......SUNRISE   649 AM CST   SUNSET   553 PM CST


-  INDICATES NEGATIVE NUMBERS.
R  INDICATES RECORD WAS SET OR TIED.
MM INDICATES DATA IS MISSING.
T  INDICATES TRACE AMOUNT.




$$
