000
CDUS43 KSGF 190646
CLIVIH


CLIMATE REPORT
NATIONAL WEATHER SERVICE SPRINGFIELD MO
144 AM CDT TUE MAY 19 2015


...................................

...THE VICHY-ROLLA MO CLIMATE SUMMARY FOR MAY 18 2015...

CLIMATE NORMAL PERIOD 1981 TO 2010
CLIMATE RECORD PERIOD 1888 TO 2015


WEATHER ITEM   OBSERVED TIME   RECORD YEAR NORMAL DEPARTURE LAST
                VALUE   (LST)  VALUE       VALUE  FROM      YEAR
                                                  NORMAL
..................................................................
TEMPERATURE (F)
 YESTERDAY
  MAXIMUM         80    148 PM  92    1996  75      5       69
  MINIMUM         54   1159 PM  32    2002  54      0       43
  AVERAGE         67                        64      3       56

PRECIPITATION (IN)
  YESTERDAY        0.00          2.43 1981   0.16  -0.16     0.00
  MONTH TO DATE    3.02                      2.93   0.09     1.44
  SINCE MAR 1      8.16                     10.60  -2.44     5.80
  SINCE JAN 1     10.44                     14.70  -4.26     7.26

DEGREE DAYS
 HEATING
  YESTERDAY        0                         3     -3        9
  MONTH TO DATE   34                        86    -52      123
  SINCE MAR 1    872                      1014   -142     1169
  SINCE JUL 1   4989                      4804    185     5475

 COOLING
  YESTERDAY        2                         3     -1        0
  MONTH TO DATE   57                        34     23       57
  SINCE MAR 1     70                        60     10       69
  SINCE JAN 1     70                        60     10       69
..................................................................


WIND (MPH)
  HIGHEST WIND SPEED    17   HIGHEST WIND DIRECTION     N (340)
  HIGHEST GUST SPEED    22   HIGHEST GUST DIRECTION     N (340)
  AVERAGE WIND SPEED     8.5


SKY COVER
  AVERAGE SKY COVER 0.2


WEATHER CONDITIONS
 THE FOLLOWING WEATHER WAS RECORDED YESTERDAY.
  FOG


RELATIVE HUMIDITY (PERCENT)
 HIGHEST   100          1200 AM
 LOWEST     61           600 PM
 AVERAGE    81

..........................................................


THE VICHY-ROLLA MO CLIMATE NORMALS FOR TODAY
                         NORMAL    RECORD    YEAR
 MAXIMUM TEMPERATURE (F)   75        92      1996
 MINIMUM TEMPERATURE (F)   54        37      2002


SUNRISE AND SUNSET
MAY 19 2015...........SUNRISE   553 AM CDT   SUNSET   814 PM CDT
MAY 20 2015...........SUNRISE   553 AM CDT   SUNSET   815 PM CDT


-  INDICATES NEGATIVE NUMBERS.
R  INDICATES RECORD WAS SET OR TIED.
MM INDICATES DATA IS MISSING.
T  INDICATES TRACE AMOUNT.




$$
