000
CDUS43 KSGF 240626
CLIVIH


CLIMATE REPORT
NATIONAL WEATHER SERVICE SPRINGFIELD MO
1226 AM CST SAT JAN 24 2015


...................................

...THE VICHY-ROLLA MO CLIMATE SUMMARY FOR JANUARY 23 2015...

CLIMATE NORMAL PERIOD 1981 TO 2010
CLIMATE RECORD PERIOD 1888 TO 2015


WEATHER ITEM   OBSERVED TIME   RECORD YEAR NORMAL DEPARTURE LAST
                VALUE   (LST)  VALUE       VALUE  FROM      YEAR
                                                  NORMAL
..................................................................
TEMPERATURE (F)
 YESTERDAY
  MAXIMUM         39    408 PM  75    1967  41     -2       17
  MINIMUM         20    755 AM  -9    1963  22     -2        1
  AVERAGE         30                        31     -1        9

PRECIPITATION (IN)
  YESTERDAY        0.00          1.04 2010   0.06  -0.06     0.00
  MONTH TO DATE    0.83                      1.68  -0.85     0.85
  SINCE DEC 1      3.20                      4.32  -1.12     2.72
  SINCE JAN 1      0.83                      1.68  -0.85     0.85

DEGREE DAYS
 HEATING
  YESTERDAY       35                        34      1       56
  MONTH TO DATE  816                       782     34      886
  SINCE DEC 1   1688                      1752    -64     1923
  SINCE JUL 1   2830                      2699    131     2973

 COOLING
  YESTERDAY        0                         0      0        0
  MONTH TO DATE    0                         0      0        0
  SINCE DEC 1      0                         0      0        0
  SINCE JAN 1      0                         0      0        0
..................................................................


WIND (MPH)
  HIGHEST WIND SPEED    13   HIGHEST WIND DIRECTION    SW (220)
  HIGHEST GUST SPEED    15   HIGHEST GUST DIRECTION     W (280)
  AVERAGE WIND SPEED     5.2


SKY COVER
  AVERAGE SKY COVER 0.2


WEATHER CONDITIONS
 THE FOLLOWING WEATHER WAS RECORDED YESTERDAY.
  FOG


RELATIVE HUMIDITY (PERCENT)
 HIGHEST    92           700 AM
 LOWEST     54           300 PM
 AVERAGE    73

..........................................................


THE VICHY-ROLLA MO CLIMATE NORMALS FOR TODAY
                         NORMAL    RECORD    YEAR
 MAXIMUM TEMPERATURE (F)   41        76      1950
 MINIMUM TEMPERATURE (F)   22       -14      1905


SUNRISE AND SUNSET
JANUARY 24 2015.......SUNRISE   718 AM CST   SUNSET   521 PM CST
JANUARY 25 2015.......SUNRISE   717 AM CST   SUNSET   522 PM CST


-  INDICATES NEGATIVE NUMBERS.
R  INDICATES RECORD WAS SET OR TIED.
MM INDICATES DATA IS MISSING.
T  INDICATES TRACE AMOUNT.




$$
