000
CDUS43 KSGF 010628
CLIVIH


CLIMATE REPORT
NATIONAL WEATHER SERVICE SPRINGFIELD MO
1228 AM CST FRI DEC 1 2017


...................................

...THE VICHY-ROLLA MO CLIMATE SUMMARY FOR NOVEMBER 30 2017...

CLIMATE NORMAL PERIOD 1981 TO 2010
CLIMATE RECORD PERIOD 1888 TO 2017


WEATHER ITEM   OBSERVED TIME   RECORD YEAR NORMAL DEPARTURE LAST
                VALUE   (LST)  VALUE       VALUE  FROM      YEAR
                                                  NORMAL
..................................................................
TEMPERATURE (F)
 YESTERDAY
  MAXIMUM         57    200 PM  71    1973  48      9       42
  MINIMUM         31   1110 PM   5    1964  29      2       28
  AVERAGE         44                        39      5       35

PRECIPITATION (IN)
  YESTERDAY        T             2.24 2006   0.12  -0.12     0.00
  MONTH TO DATE    0.27                      3.87  -3.60     0.52
  SINCE SEP 1      3.35                     11.42  -8.07     7.72
  SINCE JAN 1     41.95                     40.97   0.98    40.06

DEGREE DAYS
 HEATING
  YESTERDAY       21                        26     -5       30
  MONTH TO DATE  500                       597    -97      475
  SINCE SEP 1    751                       944   -193      628
  SINCE JUL 1    752                       947   -195      628

 COOLING
  YESTERDAY        0                         0      0        0
  MONTH TO DATE    0                         3     -3       20
  SINCE SEP 1    277                       169    108      293
  SINCE JAN 1   1247                      1246      1     1482
..................................................................


WIND (MPH)
  HIGHEST WIND SPEED    17   HIGHEST WIND DIRECTION     N (350)
  HIGHEST GUST SPEED    25   HIGHEST GUST DIRECTION    NW (320)
  AVERAGE WIND SPEED     8.0


SKY COVER
  AVERAGE SKY COVER 0.3


WEATHER CONDITIONS
 THE FOLLOWING WEATHER WAS RECORDED YESTERDAY.
  LIGHT RAIN


RELATIVE HUMIDITY (PERCENT)
 HIGHEST    83           100 AM
 LOWEST     29           400 PM
 AVERAGE    56

..........................................................


THE VICHY-ROLLA MO CLIMATE NORMALS FOR TODAY
                         NORMAL    RECORD    YEAR
 MAXIMUM TEMPERATURE (F)   48        75      1904
 MINIMUM TEMPERATURE (F)   29        12      2002
                                             1960


SUNRISE AND SUNSET
DECEMBER  1 2017......SUNRISE   705 AM CST   SUNSET   447 PM CST
DECEMBER  2 2017......SUNRISE   706 AM CST   SUNSET   447 PM CST


-  INDICATES NEGATIVE NUMBERS.
R  INDICATES RECORD WAS SET OR TIED.
MM INDICATES DATA IS MISSING.
T  INDICATES TRACE AMOUNT.




$$
