000
CDUS43 KSGF 270633
CLIVIH


CLIMATE REPORT
NATIONAL WEATHER SERVICE SPRINGFIELD MO
133 AM CDT MON JUL 27 2015


...................................

...THE VICHY-ROLLA MO CLIMATE SUMMARY FOR JULY 26 2015...

CLIMATE NORMAL PERIOD 1981 TO 2010
CLIMATE RECORD PERIOD 1888 TO 2015


WEATHER ITEM   OBSERVED TIME   RECORD YEAR NORMAL DEPARTURE LAST
                VALUE   (LST)  VALUE       VALUE  FROM      YEAR
                                                  NORMAL
..................................................................
TEMPERATURE (F)
 YESTERDAY
  MAXIMUM         90    301 PM 101    1999  89      1       99
  MINIMUM         70    637 AM  54    2004  67      3       72
  AVERAGE         80                        78      2       86

PRECIPITATION (IN)
  YESTERDAY        0.26          2.21 1968   0.14   0.12     0.00
  MONTH TO DATE    5.36                      3.76   1.60     0.11
  SINCE JUN 1     12.81                      8.39   4.42     3.42
  SINCE JAN 1     26.83                     25.20   1.63    13.04

DEGREE DAYS
 HEATING
  YESTERDAY        0                         0      0        0
  MONTH TO DATE    0                         0      0        3
  SINCE JUN 1     15                        14      1        4
  SINCE JUL 1      0                         0      0        3

 COOLING
  YESTERDAY       15                        13      2       21
  MONTH TO DATE  310                       319     -9      209
  SINCE JUN 1    582                       554     28      467
  SINCE JAN 1    689                       661     28      614
..................................................................


WIND (MPH)
  HIGHEST WIND SPEED    15   HIGHEST WIND DIRECTION     S (170)
  HIGHEST GUST SPEED    20   HIGHEST GUST DIRECTION     E (100)
  AVERAGE WIND SPEED     8.0


SKY COVER
  AVERAGE SKY COVER 0.2


WEATHER CONDITIONS
 THE FOLLOWING WEATHER WAS RECORDED YESTERDAY.
  THUNDERSTORM
  HEAVY RAIN
  LIGHT RAIN
  FOG


RELATIVE HUMIDITY (PERCENT)
 HIGHEST   100           600 AM
 LOWEST     68           200 PM
 AVERAGE    84

..........................................................


THE VICHY-ROLLA MO CLIMATE NORMALS FOR TODAY
                         NORMAL    RECORD    YEAR
 MAXIMUM TEMPERATURE (F)   89       102      1899
 MINIMUM TEMPERATURE (F)   67        48      2004


SUNRISE AND SUNSET
JULY 27 2015..........SUNRISE   605 AM CDT   SUNSET   821 PM CDT
JULY 28 2015..........SUNRISE   606 AM CDT   SUNSET   820 PM CDT


-  INDICATES NEGATIVE NUMBERS.
R  INDICATES RECORD WAS SET OR TIED.
MM INDICATES DATA IS MISSING.
T  INDICATES TRACE AMOUNT.




$$
