000
CDUS43 KSGF 202326
CLIVIH


CLIMATE REPORT
NATIONAL WEATHER SERVICE SPRINGFIELD MO
525 PM CST SUN NOV 20 2016


...................................

...THE VICHY-ROLLA MO CLIMATE SUMMARY FOR NOVEMBER 20 2016...
VALID TODAY AS OF 0500 PM LOCAL TIME.

CLIMATE NORMAL PERIOD 1981 TO 2010
CLIMATE RECORD PERIOD 1888 TO 2016


WEATHER ITEM   OBSERVED TIME   RECORD YEAR NORMAL DEPARTURE LAST
                VALUE   (LST)  VALUE       VALUE  FROM      YEAR
                                                  NORMAL
..................................................................
TEMPERATURE (F)
 TODAY
  MAXIMUM         49    347 PM  75    1898  53     -4       56
  MINIMUM         22    555 AM  16    2014  33    -11       30
                                      1903
  AVERAGE         36                        43     -7       43

PRECIPITATION (IN)
  TODAY            0.00          1.38 1956   0.14  -0.14     0.13
  MONTH TO DATE    0.31                      2.56  -2.25     7.59
  SINCE SEP 1      7.51                     10.11  -2.60    10.25
  SINCE JAN 1     39.85                     39.66   0.19    39.51

DEGREE DAYS
 HEATING
  TODAY           29                        22      7       22
  MONTH TO DATE  251                       353   -102      258
  SINCE SEP 1    404                       700   -296      508
  SINCE JUL 1    404                       703   -299      510

 COOLING
  TODAY            0                         0      0        0
  MONTH TO DATE   20                         0     20        0
  SINCE SEP 1    293                       166    127      265
  SINCE JAN 1   1482                      1243    239     1280
..................................................................


WIND (MPH)
  HIGHEST WIND SPEED     9   HIGHEST WIND DIRECTION     E (110)
  HIGHEST GUST SPEED    13   HIGHEST GUST DIRECTION     E (110)


SKY COVER
  AVERAGE SKY COVER 0.0


WEATHER CONDITIONS
 THE FOLLOWING WEATHER WAS RECORDED TODAY.
  NO SIGNIFICANT WEATHER WAS OBSERVED.


RELATIVE HUMIDITY (PERCENT)
 HIGHEST    84           600 AM
 LOWEST     29           400 PM
 AVERAGE    57

..........................................................


THE VICHY-ROLLA MO CLIMATE NORMALS FOR TOMORROW
                         NORMAL    RECORD    YEAR
 MAXIMUM TEMPERATURE (F)   53        74      1897
 MINIMUM TEMPERATURE (F)   33         9      2000


SUNRISE AND SUNSET
NOVEMBER 20 2016......SUNRISE   654 AM CST   SUNSET   451 PM CST
NOVEMBER 21 2016......SUNRISE   655 AM CST   SUNSET   451 PM CST


-  INDICATES NEGATIVE NUMBERS.
R  INDICATES RECORD WAS SET OR TIED.
MM INDICATES DATA IS MISSING.
T  INDICATES TRACE AMOUNT.




$$
