799
CDUS43 KSGF 190627
CLIVIH


CLIMATE REPORT
NATIONAL WEATHER SERVICE SPRINGFIELD MO
127 AM CDT MON JUN 19 2017


...................................

...THE VICHY-ROLLA MO CLIMATE SUMMARY FOR JUNE 18 2017...

CLIMATE NORMAL PERIOD 1981 TO 2010
CLIMATE RECORD PERIOD 1888 TO 2017


WEATHER ITEM   OBSERVED TIME   RECORD YEAR NORMAL DEPARTURE LAST
                VALUE   (LST)  VALUE       VALUE  FROM      YEAR
                                                  NORMAL
..................................................................
TEMPERATURE (F)
 YESTERDAY
  MAXIMUM         78    401 PM 101    1953  83     -5       87
  MINIMUM         61   1154 PM  50    1903  63     -2       66
  AVERAGE         70                        73     -3       77

PRECIPITATION (IN)
  YESTERDAY        0.19          2.32 1973   0.16   0.03     0.00
  MONTH TO DATE    2.75                      2.91  -0.16     0.81
  SINCE JUN 1      2.75                      2.91  -0.16     0.81
  SINCE JAN 1     25.19                     19.72   5.47    15.05

DEGREE DAYS
 HEATING
  YESTERDAY        0                         0      0        0
  MONTH TO DATE    1                        12    -11        0
  SINCE JUN 1      1                        12    -11        0
  SINCE JUL 1   3804                      4846  -1042     4052

 COOLING
  YESTERDAY        5                         8     -3       12
  MONTH TO DATE  146                       116     30      175
  SINCE JUN 1    146                       116     30      175
  SINCE JAN 1    250                       223     27      253
..................................................................


WIND (MPH)
  HIGHEST WIND SPEED    28   HIGHEST WIND DIRECTION    NW (330)
  HIGHEST GUST SPEED    44   HIGHEST GUST DIRECTION    NW (310)
  AVERAGE WIND SPEED     6.6


SKY COVER
  AVERAGE SKY COVER 0.3


WEATHER CONDITIONS
 THE FOLLOWING WEATHER WAS RECORDED YESTERDAY.
  THUNDERSTORM
  HEAVY RAIN
  RAIN
  LIGHT RAIN
  FOG


RELATIVE HUMIDITY (PERCENT)
 HIGHEST   100           400 AM
 LOWEST     60           500 PM
 AVERAGE    80

..........................................................


THE VICHY-ROLLA MO CLIMATE NORMALS FOR TODAY
                         NORMAL    RECORD    YEAR
 MAXIMUM TEMPERATURE (F)   84       102      1953
 MINIMUM TEMPERATURE (F)   63        54      1976


SUNRISE AND SUNSET
JUNE 19 2017..........SUNRISE   544 AM CDT   SUNSET   833 PM CDT
JUNE 20 2017..........SUNRISE   544 AM CDT   SUNSET   833 PM CDT


-  INDICATES NEGATIVE NUMBERS.
R  INDICATES RECORD WAS SET OR TIED.
MM INDICATES DATA IS MISSING.
T  INDICATES TRACE AMOUNT.




$$
