000
CDUS43 KSGF 182326
CLIVIH


CLIMATE REPORT
NATIONAL WEATHER SERVICE SPRINGFIELD MO
526 PM CST WED FEB 18 2015


...................................

...THE VICHY-ROLLA MO CLIMATE SUMMARY FOR FEBRUARY 18 2015...
VALID TODAY AS OF 0500 PM LOCAL TIME.

CLIMATE NORMAL PERIOD 1981 TO 2010
CLIMATE RECORD PERIOD 1888 TO 2015


WEATHER ITEM   OBSERVED TIME   RECORD YEAR NORMAL DEPARTURE LAST
                VALUE   (LST)  VALUE       VALUE  FROM      YEAR
                                                  NORMAL
..................................................................
TEMPERATURE (F)
 TODAY
  MAXIMUM         22   1202 AM  72    1991  47    -25       62
  MINIMUM         11    712 AM  -4    1993  26    -15       35
  AVERAGE         17                        36    -19       49

PRECIPITATION (IN)
  TODAY            0.00          0.77 1974   0.07  -0.07     0.00
  MONTH TO DATE    0.94                      1.18  -0.24     0.32
  SINCE DEC 1      4.24                      5.99  -1.75     3.04
  SINCE JAN 1      1.87                      3.35  -1.48     1.17

DEGREE DAYS
 COOLING
  TODAY            0                         0      0        0
  MONTH TO DATE    0                         0      0        0
  SINCE DEC 1      0                         0      0        0
  SINCE JAN 1      0                         0      0        0
..................................................................


WIND (MPH)
  HIGHEST WIND SPEED    28   HIGHEST WIND DIRECTION     W (290)
  HIGHEST GUST SPEED    37   HIGHEST GUST DIRECTION    NW (320)


SKY COVER
  AVERAGE SKY COVER 0.2


WEATHER CONDITIONS
 THE FOLLOWING WEATHER WAS RECORDED TODAY.
  NO SIGNIFICANT WEATHER WAS OBSERVED.


RELATIVE HUMIDITY (PERCENT)
 HIGHEST    70           500 AM
 LOWEST     42           300 PM
 AVERAGE    56

..........................................................


THE VICHY-ROLLA MO CLIMATE NORMALS FOR TOMORROW
                         NORMAL    RECORD    YEAR
 MAXIMUM TEMPERATURE (F)   47        70      2004
                                             1952
 MINIMUM TEMPERATURE (F)   27        -6      1903


SUNRISE AND SUNSET
FEBRUARY 18 2015......SUNRISE   654 AM CST   SUNSET   549 PM CST
FEBRUARY 19 2015......SUNRISE   653 AM CST   SUNSET   550 PM CST


-  INDICATES NEGATIVE NUMBERS.
R  INDICATES RECORD WAS SET OR TIED.
MM INDICATES DATA IS MISSING.
T  INDICATES TRACE AMOUNT.




$$
