000
CDUS43 KSGF 070631
CLIVIH


CLIMATE REPORT
NATIONAL WEATHER SERVICE SPRINGFIELD MO
131 AM CDT MON APR 7 2014


...................................

...THE VICHY-ROLLA MO CLIMATE SUMMARY FOR APRIL 6 2014...

CLIMATE NORMAL PERIOD 1981 TO 2010
CLIMATE RECORD PERIOD 1888 TO 2014


WEATHER ITEM   OBSERVED TIME   RECORD YEAR NORMAL DEPARTURE LAST
                VALUE   (LST)  VALUE       VALUE  FROM      YEAR
                                                  NORMAL
..................................................................
TEMPERATURE (F)
 YESTERDAY
  MAXIMUM         60    330 PM  89    1954  64     -4       72
  MINIMUM         38    652 AM  22    1982  41     -3       52
  AVERAGE         49                        52     -3       62

PRECIPITATION (IN)
  YESTERDAY        0.00          0.91 1954   0.13  -0.13     0.00
  MONTH TO DATE    1.39                      0.76   0.63     0.00
  SINCE MAR 1      2.10                      4.21  -2.11     3.26
  SINCE JAN 1      3.56                      8.31  -4.75     7.97

DEGREE DAYS
 HEATING
  YESTERDAY       16                        13      3        3
  MONTH TO DATE   92                        83      9      113
  SINCE MAR 1    843                       697    146      932
  SINCE JUL 1   5149                      4487    662     4518

 COOLING
  YESTERDAY        0                         0      0        0
  MONTH TO DATE    0                         0      0        0
  SINCE MAR 1      0                         4     -4        0
  SINCE JAN 1      0                         4     -4        0
..................................................................


WIND (MPH)
  HIGHEST WIND SPEED    15   HIGHEST WIND DIRECTION     E (90)
  HIGHEST GUST SPEED    19   HIGHEST GUST DIRECTION     E (70)
  AVERAGE WIND SPEED     7.3


SKY COVER
  AVERAGE SKY COVER 0.2


WEATHER CONDITIONS
 THE FOLLOWING WEATHER WAS RECORDED YESTERDAY.
  NO SIGNIFICANT WEATHER WAS OBSERVED.


RELATIVE HUMIDITY (PERCENT)
 HIGHEST    79           600 AM
 LOWEST     28           300 PM
 AVERAGE    54

..........................................................


THE VICHY-ROLLA MO CLIMATE NORMALS FOR TODAY
                         NORMAL    RECORD    YEAR
 MAXIMUM TEMPERATURE (F)   64        82      1954
 MINIMUM TEMPERATURE (F)   41        20      2007


SUNRISE AND SUNSET
APRIL  7 2014.........SUNRISE   643 AM CDT   SUNSET   736 PM CDT
APRIL  8 2014.........SUNRISE   642 AM CDT   SUNSET   737 PM CDT


-  INDICATES NEGATIVE NUMBERS.
R  INDICATES RECORD WAS SET OR TIED.
MM INDICATES DATA IS MISSING.
T  INDICATES TRACE AMOUNT.




$$
