000
CDUS43 KSGF 080628
CLIVIH


CLIMATE REPORT
NATIONAL WEATHER SERVICE SPRINGFIELD MO
1227 AM CST WED FEB 8 2017


...................................

...THE VICHY-ROLLA MO CLIMATE SUMMARY FOR FEBRUARY 7 2017...

CLIMATE NORMAL PERIOD 1981 TO 2010
CLIMATE RECORD PERIOD 1888 TO 2017


WEATHER ITEM   OBSERVED TIME   RECORD YEAR NORMAL DEPARTURE LAST
                VALUE   (LST)  VALUE       VALUE  FROM      YEAR
                                                  NORMAL
..................................................................
TEMPERATURE (F)
 YESTERDAY
  MAXIMUM         65    315 AM  68    2015  44     21       52
  MINIMUM         36   1159 PM  -5    2014  24     12       34
  AVERAGE         51                        34     17       43

PRECIPITATION (IN)
  YESTERDAY        T             0.45 1900   0.06  -0.06     0.00
  MONTH TO DATE    T                         0.45  -0.45     0.21
  SINCE DEC 1      2.46                      5.26  -2.80    11.27
  SINCE JAN 1      1.60                      2.62  -1.02     0.95

DEGREE DAYS
 HEATING
  YESTERDAY       14                        31    -17       22
  MONTH TO DATE  182                       224    -42      177
  SINCE DEC 1   2014                      2245   -231     1891
  SINCE JUL 1   2642                      3192   -550     2612

 COOLING
  YESTERDAY        0                         0      0        0
  MONTH TO DATE    0                         0      0        0
  SINCE DEC 1      0                         0      0        0
  SINCE JAN 1      0                         0      0        0
..................................................................


WIND (MPH)
  HIGHEST WIND SPEED    28   HIGHEST WIND DIRECTION     S (190)
  HIGHEST GUST SPEED    36   HIGHEST GUST DIRECTION     S (200)
  AVERAGE WIND SPEED    12.5


SKY COVER
  AVERAGE SKY COVER 0.3


WEATHER CONDITIONS
 THE FOLLOWING WEATHER WAS RECORDED YESTERDAY.
  THUNDERSTORM
  LIGHT RAIN
  FOG
  HAZE


RELATIVE HUMIDITY (PERCENT)
 HIGHEST    92           800 PM
 LOWEST     55           300 PM
 AVERAGE    74

..........................................................


THE VICHY-ROLLA MO CLIMATE NORMALS FOR TODAY
                         NORMAL    RECORD    YEAR
 MAXIMUM TEMPERATURE (F)   44        65      2015
                                             2001
 MINIMUM TEMPERATURE (F)   24       -13      1899


SUNRISE AND SUNSET
FEBRUARY  8 2017......SUNRISE   705 AM CST   SUNSET   538 PM CST
FEBRUARY  9 2017......SUNRISE   704 AM CST   SUNSET   539 PM CST


-  INDICATES NEGATIVE NUMBERS.
R  INDICATES RECORD WAS SET OR TIED.
MM INDICATES DATA IS MISSING.
T  INDICATES TRACE AMOUNT.




$$
