000
CDUS43 KSGF 092327
CLIVIH


CLIMATE REPORT
NATIONAL WEATHER SERVICE SPRINGFIELD MO
527 PM CST SAT DEC 9 2017


...................................

...THE VICHY-ROLLA MO CLIMATE SUMMARY FOR DECEMBER 9 2017...
VALID TODAY AS OF 0500 PM LOCAL TIME.

CLIMATE NORMAL PERIOD 1981 TO 2010
CLIMATE RECORD PERIOD 1888 TO 2017


WEATHER ITEM   OBSERVED TIME   RECORD YEAR NORMAL DEPARTURE LAST
                VALUE   (LST)  VALUE       VALUE  FROM      YEAR
                                                  NORMAL
..................................................................
TEMPERATURE (F)
 TODAY
  MAXIMUM         39    302 PM  66    1990  45     -6       30
  MINIMUM         22    334 AM  -1    1995  26     -4       12
  AVERAGE         31                        35     -4       21

PRECIPITATION (IN)
  TODAY            0.00          1.89 1999   0.10  -0.10     0.00
  MONTH TO DATE    0.17                      0.91  -0.74     0.22
  SINCE DEC 1      0.17                      0.91  -0.74     0.22
  SINCE JAN 1     42.12                     41.88   0.24    40.28

DEGREE DAYS
 HEATING
  TODAY           34                        30      4       44
  MONTH TO DATE  227                       256    -29      297
  SINCE DEC 1    227                       256    -29      297
  SINCE JUL 1    979                      1203   -224      925

 COOLING
  TODAY            0                         0      0        0
  MONTH TO DATE    0                         0      0        0
  SINCE DEC 1      0                         0      0        0
  SINCE JAN 1   1247                      1246      1     1482
..................................................................


WIND (MPH)
  HIGHEST WIND SPEED    21   HIGHEST WIND DIRECTION    NW (310)
  HIGHEST GUST SPEED    30   HIGHEST GUST DIRECTION    NW (310)


SKY COVER
  AVERAGE SKY COVER 0.2


WEATHER CONDITIONS
 THE FOLLOWING WEATHER WAS RECORDED TODAY.
  NO SIGNIFICANT WEATHER WAS OBSERVED.


RELATIVE HUMIDITY (PERCENT)
 HIGHEST    88           500 AM
 LOWEST     47           400 PM
 AVERAGE    68

..........................................................


THE VICHY-ROLLA MO CLIMATE NORMALS FOR TOMORROW
                         NORMAL    RECORD    YEAR
 MAXIMUM TEMPERATURE (F)   44        70      1996
 MINIMUM TEMPERATURE (F)   26        -1      1995


SUNRISE AND SUNSET
DECEMBER  9 2017......SUNRISE   712 AM CST   SUNSET   447 PM CST
DECEMBER 10 2017......SUNRISE   713 AM CST   SUNSET   447 PM CST


-  INDICATES NEGATIVE NUMBERS.
R  INDICATES RECORD WAS SET OR TIED.
MM INDICATES DATA IS MISSING.
T  INDICATES TRACE AMOUNT.




$$
