000
CDUS43 KSGF 010625
CLIVIH


CLIMATE REPORT
NATIONAL WEATHER SERVICE SPRINGFIELD MO
125 AM CDT WED OCT 1 2014


...................................

...THE VICHY-ROLLA MO CLIMATE SUMMARY FOR SEPTEMBER 30 2014...

CLIMATE NORMAL PERIOD 1981 TO 2010
CLIMATE RECORD PERIOD 1888 TO 2014


WEATHER ITEM   OBSERVED TIME   RECORD YEAR NORMAL DEPARTURE LAST
                VALUE   (LST)  VALUE       VALUE  FROM      YEAR
                                                  NORMAL
..................................................................
TEMPERATURE (F)
 YESTERDAY
  MAXIMUM         85    229 PM  92    1901  73     12       76
  MINIMUM         57    521 AM  31    1899  51      6       50
  AVERAGE         71                        62      9       63

PRECIPITATION (IN)
  YESTERDAY        0.00          0.97 1962   0.11  -0.11    MM
  MONTH TO DATE    1.91                      4.04  -2.13     2.86
  SINCE SEP 1      1.91                      4.04  -2.13     2.86
  SINCE JAN 1     19.21                     33.59 -14.38    35.84

DEGREE DAYS
 HEATING
  YESTERDAY        0                         5     -5        2
  MONTH TO DATE   61                        61      0       28
  SINCE SEP 1     61                        61      0       28
  SINCE JUL 1     64                        64      0       32

 COOLING
  YESTERDAY        6                         2      4        0
  MONTH TO DATE  122                       141    -19      187
  SINCE SEP 1    122                       141    -19      187
  SINCE JAN 1   1161                      1218    -57     1086
..................................................................


WIND (MPH)
  HIGHEST WIND SPEED    13   HIGHEST WIND DIRECTION    SW (230)
  HIGHEST GUST SPEED    17   HIGHEST GUST DIRECTION    SW (230)
  AVERAGE WIND SPEED     7.2


SKY COVER
  AVERAGE SKY COVER 0.2


WEATHER CONDITIONS
 THE FOLLOWING WEATHER WAS RECORDED YESTERDAY.
  NO SIGNIFICANT WEATHER WAS OBSERVED.


RELATIVE HUMIDITY (PERCENT)
 HIGHEST    87           500 AM
 LOWEST     34           100 PM
 AVERAGE    61

..........................................................


THE VICHY-ROLLA MO CLIMATE NORMALS FOR TODAY
                         NORMAL    RECORD    YEAR
 MAXIMUM TEMPERATURE (F)   72        90      1897
 MINIMUM TEMPERATURE (F)   51        35      1958


SUNRISE AND SUNSET
OCTOBER  1 2014.......SUNRISE   703 AM CDT   SUNSET   650 PM CDT
OCTOBER  2 2014.......SUNRISE   704 AM CDT   SUNSET   648 PM CDT


-  INDICATES NEGATIVE NUMBERS.
R  INDICATES RECORD WAS SET OR TIED.
MM INDICATES DATA IS MISSING.
T  INDICATES TRACE AMOUNT.




$$
