000
CDUS43 KSGF 170628
CLIVIH


CLIMATE REPORT
NATIONAL WEATHER SERVICE SPRINGFIELD MO
1228 AM CST FRI NOV 17 2017


...................................

...THE VICHY-ROLLA MO CLIMATE SUMMARY FOR NOVEMBER 16 2017...

CLIMATE NORMAL PERIOD 1981 TO 2010
CLIMATE RECORD PERIOD 1888 TO 2017


WEATHER ITEM   OBSERVED TIME   RECORD YEAR NORMAL DEPARTURE LAST
                VALUE   (LST)  VALUE       VALUE  FROM      YEAR
                                                  NORMAL
..................................................................
TEMPERATURE (F)
 YESTERDAY
  MAXIMUM         52    322 PM  79    1952  55     -3       74
  MINIMUM         26    720 AM  10    1959  35     -9       41
  AVERAGE         39                        45     -6       58

PRECIPITATION (IN)
  YESTERDAY        0.00          1.14 2015   0.13  -0.13     0.00
  MONTH TO DATE    0.09                      2.03  -1.94     0.31
  SINCE SEP 1      3.17                      9.58  -6.41     7.51
  SINCE JAN 1     41.77                     39.13   2.64    39.85

DEGREE DAYS
 HEATING
  YESTERDAY       26                        20      6        7
  MONTH TO DATE  263                       269     -6      182
  SINCE SEP 1    514                       616   -102      335
  SINCE JUL 1    515                       619   -104      335

 COOLING
  YESTERDAY        0                         0      0        0
  MONTH TO DATE    0                         0      0       15
  SINCE SEP 1    277                       166    111      288
  SINCE JAN 1   1247                      1243      4     1477
..................................................................


WIND (MPH)
  HIGHEST WIND SPEED    14   HIGHEST WIND DIRECTION    SE (130)
  HIGHEST GUST SPEED    17   HIGHEST GUST DIRECTION    SE (120)
  AVERAGE WIND SPEED     4.9


SKY COVER
  AVERAGE SKY COVER 0.0


WEATHER CONDITIONS
 THE FOLLOWING WEATHER WAS RECORDED YESTERDAY.
  NO SIGNIFICANT WEATHER WAS OBSERVED.


RELATIVE HUMIDITY (PERCENT)
 HIGHEST    92           600 AM
 LOWEST     38           200 PM
 AVERAGE    65

..........................................................


THE VICHY-ROLLA MO CLIMATE NORMALS FOR TODAY
                         NORMAL    RECORD    YEAR
 MAXIMUM TEMPERATURE (F)   55        79      2016
 MINIMUM TEMPERATURE (F)   35         3      1959


SUNRISE AND SUNSET
NOVEMBER 17 2017......SUNRISE   650 AM CST   SUNSET   453 PM CST
NOVEMBER 18 2017......SUNRISE   652 AM CST   SUNSET   453 PM CST


-  INDICATES NEGATIVE NUMBERS.
R  INDICATES RECORD WAS SET OR TIED.
MM INDICATES DATA IS MISSING.
T  INDICATES TRACE AMOUNT.




$$
