000
CDUS43 KSGF 050701
CLIVIH


CLIMATE REPORT
NATIONAL WEATHER SERVICE SPRINGFIELD MO
101 AM CST MON DEC 5 2016


...................................

...THE VICHY-ROLLA MO CLIMATE SUMMARY FOR DECEMBER 4 2016...

CLIMATE NORMAL PERIOD 1981 TO 2010
CLIMATE RECORD PERIOD 1888 TO 2016


WEATHER ITEM   OBSERVED TIME   RECORD YEAR NORMAL DEPARTURE LAST
                VALUE   (LST)  VALUE       VALUE  FROM      YEAR
                                                  NORMAL
..................................................................
TEMPERATURE (F)
 YESTERDAY
  MAXIMUM         41    500 PM  71    2001  46     -5       53
  MINIMUM         29   1054 PM   7    2006  27      2       28
  AVERAGE         35                        37     -2       41

PRECIPITATION (IN)
  YESTERDAY        0.21          2.87 1999   0.10   0.11     0.00
  MONTH TO DATE    0.22                      0.41  -0.19      T
  SINCE DEC 1      0.22                      0.41  -0.19      T
  SINCE JAN 1     40.28                     41.38  -1.10    42.03

DEGREE DAYS
 HEATING
  YESTERDAY       30                        28      2       24
  MONTH TO DATE  115                       110      5      107
  SINCE DEC 1    115                       110      5      107
  SINCE JUL 1    743                      1057   -314      828

 COOLING
  YESTERDAY        0                         0      0        0
  MONTH TO DATE    0                         0      0        0
  SINCE DEC 1      0                         0      0        0
  SINCE JAN 1   1482                      1246    236     1280
..................................................................


WIND (MPH)
  HIGHEST WIND SPEED    14   HIGHEST WIND DIRECTION     W (290)
  HIGHEST GUST SPEED    19   HIGHEST GUST DIRECTION     W (250)
  AVERAGE WIND SPEED     6.5


SKY COVER
  AVERAGE SKY COVER 0.7


WEATHER CONDITIONS
 THE FOLLOWING WEATHER WAS RECORDED YESTERDAY.
  LIGHT RAIN
  LIGHT SNOW
  FOG
  FOG W/VISIBILITY <= 1/4 MILE


RELATIVE HUMIDITY (PERCENT)
 HIGHEST   100           100 AM
 LOWEST     86           300 PM
 AVERAGE    93

..........................................................


THE VICHY-ROLLA MO CLIMATE NORMALS FOR TODAY
                         NORMAL    RECORD    YEAR
 MAXIMUM TEMPERATURE (F)   46        73      1956
 MINIMUM TEMPERATURE (F)   27        10      1898


SUNRISE AND SUNSET
DECEMBER  5 2016......SUNRISE   709 AM CST   SUNSET   447 PM CST
DECEMBER  6 2016......SUNRISE   710 AM CST   SUNSET   447 PM CST


-  INDICATES NEGATIVE NUMBERS.
R  INDICATES RECORD WAS SET OR TIED.
MM INDICATES DATA IS MISSING.
T  INDICATES TRACE AMOUNT.




$$
