000
CDUS43 KSGF 220645
CLIVIH


CLIMATE REPORT
NATIONAL WEATHER SERVICE SPRINGFIELD MO
145 AM CDT WED MAR 22 2017


...................................

...THE VICHY-ROLLA MO CLIMATE SUMMARY FOR MARCH 21 2017...

CLIMATE NORMAL PERIOD 1981 TO 2010
CLIMATE RECORD PERIOD 1888 TO 2017


WEATHER ITEM   OBSERVED TIME   RECORD YEAR NORMAL DEPARTURE LAST
                VALUE   (LST)  VALUE       VALUE  FROM      YEAR
                                                  NORMAL
..................................................................
TEMPERATURE (F)
 YESTERDAY
  MAXIMUM         57    412 PM  85    1904  58     -1       59
  MINIMUM         44    858 PM   7    1900  36      8       27
  AVERAGE         51                        47      4       43

PRECIPITATION (IN)
  YESTERDAY        0.05          1.38 1948   0.12  -0.07     0.00
  MONTH TO DATE    1.00                      2.11  -1.11     1.42
  SINCE MAR 1      1.00                      2.11  -1.11     1.42
  SINCE JAN 1      3.06                      6.21  -3.15     3.54

DEGREE DAYS
 HEATING
  YESTERDAY       14                        18     -4       22
  MONTH TO DATE  407                       451    -44      321
  SINCE MAR 1    407                       451    -44      321
  SINCE JUL 1   3393                      4241   -848     3524

 COOLING
  YESTERDAY        0                         0      0        0
  MONTH TO DATE    3                         0      3        0
  SINCE MAR 1      3                         0      3        0
  SINCE JAN 1      4                         0      4        0
..................................................................


WIND (MPH)
  HIGHEST WIND SPEED    23   HIGHEST WIND DIRECTION    NE (60)
  HIGHEST GUST SPEED    29   HIGHEST GUST DIRECTION    NE (50)
  AVERAGE WIND SPEED    10.9


SKY COVER
  AVERAGE SKY COVER 0.5


WEATHER CONDITIONS
 THE FOLLOWING WEATHER WAS RECORDED YESTERDAY.
  THUNDERSTORM
  LIGHT RAIN
  FOG
  HAZE


RELATIVE HUMIDITY (PERCENT)
 HIGHEST    86           500 AM
 LOWEST     50          1000 PM
 AVERAGE    68

..........................................................


THE VICHY-ROLLA MO CLIMATE NORMALS FOR TODAY
                         NORMAL    RECORD    YEAR
 MAXIMUM TEMPERATURE (F)   59        78      1904
 MINIMUM TEMPERATURE (F)   36        14      1955


SUNRISE AND SUNSET
MARCH 22 2017.........SUNRISE   707 AM CDT   SUNSET   721 PM CDT
MARCH 23 2017.........SUNRISE   706 AM CDT   SUNSET   722 PM CDT


-  INDICATES NEGATIVE NUMBERS.
R  INDICATES RECORD WAS SET OR TIED.
MM INDICATES DATA IS MISSING.
T  INDICATES TRACE AMOUNT.




$$
