000
CDUS43 KSGF 300632
CLIVIH


CLIMATE REPORT
NATIONAL WEATHER SERVICE SPRINGFIELD MO
1231 AM CST FRI JAN 30 2015


...................................

...THE VICHY-ROLLA MO CLIMATE SUMMARY FOR JANUARY 29 2015...

CLIMATE NORMAL PERIOD 1981 TO 2010
CLIMATE RECORD PERIOD 1888 TO 2015


WEATHER ITEM   OBSERVED TIME   RECORD YEAR NORMAL DEPARTURE LAST
                VALUE   (LST)  VALUE       VALUE  FROM      YEAR
                                                  NORMAL
..................................................................
TEMPERATURE (F)
 YESTERDAY
  MAXIMUM         52    335 AM  69    2008  42     10       36
  MINIMUM         34   1159 PM -14    1899  22     12        4
  AVERAGE         43                        32     11       20

PRECIPITATION (IN)
  YESTERDAY        0.00          1.89 2013   0.06  -0.06     0.00
  MONTH TO DATE    0.88                      2.05  -1.17     0.85
  SINCE DEC 1      3.25                      4.69  -1.44     2.72
  SINCE JAN 1      0.88                      2.05  -1.17     0.85

DEGREE DAYS
 HEATING
  YESTERDAY       22                        33    -11       45
  MONTH TO DATE  956                       982    -26     1137
  SINCE DEC 1   1828                      1952   -124     2174
  SINCE JUL 1   2970                      2899     71     3224

 COOLING
  YESTERDAY        0                         0      0        0
  MONTH TO DATE    0                         0      0        0
  SINCE DEC 1      0                         0      0        0
  SINCE JAN 1      0                         0      0        0
..................................................................


WIND (MPH)
  HIGHEST WIND SPEED    31   HIGHEST WIND DIRECTION    NW (310)
  HIGHEST GUST SPEED    40   HIGHEST GUST DIRECTION     W (290)
  AVERAGE WIND SPEED    16.2


SKY COVER
  AVERAGE SKY COVER 0.8


WEATHER CONDITIONS
 THE FOLLOWING WEATHER WAS RECORDED YESTERDAY.
  NO SIGNIFICANT WEATHER WAS OBSERVED.


RELATIVE HUMIDITY (PERCENT)
 HIGHEST    85          1000 AM
 LOWEST     59           400 AM
 AVERAGE    72

..........................................................


THE VICHY-ROLLA MO CLIMATE NORMALS FOR TODAY
                         NORMAL    RECORD    YEAR
 MAXIMUM TEMPERATURE (F)   42        65      2012
 MINIMUM TEMPERATURE (F)   22        -5      1966


SUNRISE AND SUNSET
JANUARY 30 2015.......SUNRISE   714 AM CST   SUNSET   528 PM CST
JANUARY 31 2015.......SUNRISE   713 AM CST   SUNSET   529 PM CST


-  INDICATES NEGATIVE NUMBERS.
R  INDICATES RECORD WAS SET OR TIED.
MM INDICATES DATA IS MISSING.
T  INDICATES TRACE AMOUNT.




$$
