000
CDUS43 KSGF 230651
CLIVIH


CLIMATE REPORT
NATIONAL WEATHER SERVICE SPRINGFIELD MO
148 AM CDT SAT MAY 23 2015


...................................

...THE VICHY-ROLLA MO CLIMATE SUMMARY FOR MAY 22 2015...

CLIMATE NORMAL PERIOD 1981 TO 2010
CLIMATE RECORD PERIOD 1888 TO 2015


WEATHER ITEM   OBSERVED TIME   RECORD YEAR NORMAL DEPARTURE LAST
                VALUE   (LST)  VALUE       VALUE  FROM      YEAR
                                                  NORMAL
..................................................................
TEMPERATURE (F)
 YESTERDAY
  MAXIMUM         69    355 PM  91    1972  76     -7       81
  MINIMUM         42R   416 AM  42    2012  55    -13       63
                                      1963
  AVERAGE         56                        65     -9       72

PRECIPITATION (IN)
  YESTERDAY        T             2.67 1957   0.16  -0.16     0.00
  MONTH TO DATE    3.27                      3.58  -0.31     1.44
  SINCE MAR 1      8.41                     11.25  -2.84     5.80
  SINCE JAN 1     10.69                     15.35  -4.66     7.26

DEGREE DAYS
 HEATING
  YESTERDAY        9                         3      6        0
  MONTH TO DATE   79                        98    -19      124
  SINCE MAR 1    917                      1026   -109     1170
  SINCE JUL 1   5034                      4816    218     5476

 COOLING
  YESTERDAY        0                         3     -3        7
  MONTH TO DATE   57                        46     11       81
  SINCE MAR 1     70                        72     -2       93
  SINCE JAN 1     70                        72     -2       93
..................................................................


WIND (MPH)
  HIGHEST WIND SPEED    12   HIGHEST WIND DIRECTION    SW (240)
  HIGHEST GUST SPEED    13   HIGHEST GUST DIRECTION    SW (220)
  AVERAGE WIND SPEED     5.6


SKY COVER
  AVERAGE SKY COVER 0.2


WEATHER CONDITIONS
 THE FOLLOWING WEATHER WAS RECORDED YESTERDAY.
  LIGHT RAIN


RELATIVE HUMIDITY (PERCENT)
 HIGHEST    96           400 AM
 LOWEST     53           300 PM
 AVERAGE    75

..........................................................


THE VICHY-ROLLA MO CLIMATE NORMALS FOR TODAY
                         NORMAL    RECORD    YEAR
 MAXIMUM TEMPERATURE (F)   76        90      1996
 MINIMUM TEMPERATURE (F)   55        42      1963


SUNRISE AND SUNSET
MAY 23 2015...........SUNRISE   551 AM CDT   SUNSET   817 PM CDT
MAY 24 2015...........SUNRISE   550 AM CDT   SUNSET   818 PM CDT


-  INDICATES NEGATIVE NUMBERS.
R  INDICATES RECORD WAS SET OR TIED.
MM INDICATES DATA IS MISSING.
T  INDICATES TRACE AMOUNT.




$$
