000
CDUS43 KSGF 200652
CLIVIH


CLIMATE REPORT
NATIONAL WEATHER SERVICE SPRINGFIELD MO
1252 AM CST FRI JAN 20 2017


...................................

...THE VICHY-ROLLA MO CLIMATE SUMMARY FOR JANUARY 19 2017...

CLIMATE NORMAL PERIOD 1981 TO 2010
CLIMATE RECORD PERIOD 1888 TO 2017


WEATHER ITEM   OBSERVED TIME   RECORD YEAR NORMAL DEPARTURE LAST
                VALUE   (LST)  VALUE       VALUE  FROM      YEAR
                                                  NORMAL
..................................................................
TEMPERATURE (F)
 YESTERDAY
  MAXIMUM         51    315 PM  75    1951  41     10       21
  MINIMUM         41    616 AM  -6    1994  21     20       14
  AVERAGE         46                        31     15       18

PRECIPITATION (IN)
  YESTERDAY        0.01          1.40 1995   0.07  -0.06     0.03
  MONTH TO DATE    0.97                      1.43  -0.46     0.74
  SINCE DEC 1      1.83                      4.07  -2.24    11.06
  SINCE JAN 1      0.97                      1.43  -0.46     0.74

DEGREE DAYS
 HEATING
  YESTERDAY       19                        34    -15       47
  MONTH TO DATE  605                       646    -41      686
  SINCE DEC 1   1550                      1616    -66     1361
  SINCE JUL 1   2178                      2563   -385     2082

 COOLING
  YESTERDAY        0                         0      0        0
  MONTH TO DATE    0                         0      0        0
  SINCE DEC 1      0                         0      0        0
  SINCE JAN 1      0                         0      0        0
..................................................................


WIND (MPH)
  HIGHEST WIND SPEED    13   HIGHEST WIND DIRECTION     E (100)
  HIGHEST GUST SPEED    30   HIGHEST GUST DIRECTION     E (90)
  AVERAGE WIND SPEED     5.7


SKY COVER
  AVERAGE SKY COVER 1.0


WEATHER CONDITIONS
 THE FOLLOWING WEATHER WAS RECORDED YESTERDAY.
  LIGHT RAIN
  FOG
  FOG W/VISIBILITY <= 1/4 MILE


RELATIVE HUMIDITY (PERCENT)
 HIGHEST   100           400 AM
 LOWEST     96           100 AM
 AVERAGE    98

..........................................................


THE VICHY-ROLLA MO CLIMATE NORMALS FOR TODAY
                         NORMAL    RECORD    YEAR
 MAXIMUM TEMPERATURE (F)   41        65      2010
 MINIMUM TEMPERATURE (F)   21        -4      1970


SUNRISE AND SUNSET
JANUARY 20 2017.......SUNRISE   720 AM CST   SUNSET   517 PM CST
JANUARY 21 2017.......SUNRISE   719 AM CST   SUNSET   518 PM CST


-  INDICATES NEGATIVE NUMBERS.
R  INDICATES RECORD WAS SET OR TIED.
MM INDICATES DATA IS MISSING.
T  INDICATES TRACE AMOUNT.




$$
