889
CDUS43 KSGF 240630
CLIVIH


CLIMATE REPORT
NATIONAL WEATHER SERVICE SPRINGFIELD MO
130 AM CDT SAT JUN 24 2017


...................................

...THE VICHY-ROLLA MO CLIMATE SUMMARY FOR JUNE 23 2017...

CLIMATE NORMAL PERIOD 1981 TO 2010
CLIMATE RECORD PERIOD 1888 TO 2017


WEATHER ITEM   OBSERVED TIME   RECORD YEAR NORMAL DEPARTURE LAST
                VALUE   (LST)  VALUE       VALUE  FROM      YEAR
                                                  NORMAL
..................................................................
TEMPERATURE (F)
 YESTERDAY
  MAXIMUM         81   1107 AM  98    1901  85     -4       95
  MINIMUM         62   1158 PM  47    1902  64     -2       74
  AVERAGE         72                        74     -2       85

PRECIPITATION (IN)
  YESTERDAY        T             1.55 1897   0.15  -0.15     0.00
  MONTH TO DATE    2.75                      3.67  -0.92     0.83
  SINCE JUN 1      2.75                      3.67  -0.92     0.83
  SINCE JAN 1     25.19                     20.48   4.71    15.07

DEGREE DAYS
 HEATING
  YESTERDAY        0                         0      0        0
  MONTH TO DATE    1                        12    -11        0
  SINCE JUN 1      1                        12    -11        0
  SINCE JUL 1   3804                      4846  -1042     4052

 COOLING
  YESTERDAY        7                        10     -3       20
  MONTH TO DATE  191                       162     29      257
  SINCE JUN 1    191                       162     29      257
  SINCE JAN 1    295                       269     26      335
..................................................................


WIND (MPH)
  HIGHEST WIND SPEED    21   HIGHEST WIND DIRECTION    NW (330)
  HIGHEST GUST SPEED    26   HIGHEST GUST DIRECTION     N (20)
  AVERAGE WIND SPEED     7.3


SKY COVER
  AVERAGE SKY COVER 0.2


WEATHER CONDITIONS
 THE FOLLOWING WEATHER WAS RECORDED YESTERDAY.
  LIGHT RAIN


RELATIVE HUMIDITY (PERCENT)
 HIGHEST   100           200 AM
 LOWEST     54           600 PM
 AVERAGE    77

..........................................................


THE VICHY-ROLLA MO CLIMATE NORMALS FOR TODAY
                         NORMAL    RECORD    YEAR
 MAXIMUM TEMPERATURE (F)   85        99      1901
 MINIMUM TEMPERATURE (F)   64        50      1974


SUNRISE AND SUNSET
JUNE 24 2017..........SUNRISE   545 AM CDT   SUNSET   834 PM CDT
JUNE 25 2017..........SUNRISE   546 AM CDT   SUNSET   834 PM CDT


-  INDICATES NEGATIVE NUMBERS.
R  INDICATES RECORD WAS SET OR TIED.
MM INDICATES DATA IS MISSING.
T  INDICATES TRACE AMOUNT.




$$
