000
CDUS43 KSGF 060626
CLIVIH


CLIMATE REPORT
NATIONAL WEATHER SERVICE SPRINGFIELD MO
1226 AM CST SAT FEB 6 2016


...................................

...THE VICHY-ROLLA MO CLIMATE SUMMARY FOR FEBRUARY 5 2016...

CLIMATE NORMAL PERIOD 1981 TO 2010
CLIMATE RECORD PERIOD 1888 TO 2016


WEATHER ITEM   OBSERVED TIME   RECORD YEAR NORMAL DEPARTURE LAST
                VALUE   (LST)  VALUE       VALUE  FROM      YEAR
                                                  NORMAL
..................................................................
TEMPERATURE (F)
 YESTERDAY
  MAXIMUM         45    444 PM  66    1963  43      2       29
  MINIMUM         22    232 AM  -6    1979  23     -1        5
  AVERAGE         34                        33      1       17

PRECIPITATION (IN)
  YESTERDAY        0.00          1.97 2008   0.06  -0.06     0.00
  MONTH TO DATE    0.21                      0.32  -0.11     0.74
  SINCE DEC 1     11.27                      5.13   6.14     4.04
  SINCE JAN 1      0.95                      2.49  -1.54     1.67

DEGREE DAYS
 HEATING
  YESTERDAY       31                        32     -1       48
  MONTH TO DATE  132                       161    -29      195
  SINCE DEC 1   1846                      2182   -336     2084
  SINCE JUL 1   2567                      3129   -562     3226

 COOLING
  YESTERDAY        0                         0      0        0
  MONTH TO DATE    0                         0      0        0
  SINCE DEC 1      0                         0      0        0
  SINCE JAN 1      0                         0      0        0
..................................................................


WIND (MPH)
  HIGHEST WIND SPEED    12   HIGHEST WIND DIRECTION    SE (130)
  HIGHEST GUST SPEED    13   HIGHEST GUST DIRECTION    SE (130)
  AVERAGE WIND SPEED     4.9


SKY COVER
  AVERAGE SKY COVER 0.1


WEATHER CONDITIONS
 THE FOLLOWING WEATHER WAS RECORDED YESTERDAY.
  LIGHT RAIN


RELATIVE HUMIDITY (PERCENT)
 HIGHEST    81           700 AM
 LOWEST     33           400 PM
 AVERAGE    57

..........................................................


THE VICHY-ROLLA MO CLIMATE NORMALS FOR TODAY
                         NORMAL    RECORD    YEAR
 MAXIMUM TEMPERATURE (F)   43        65      2009
                                             2007
 MINIMUM TEMPERATURE (F)   23        -5      1978


SUNRISE AND SUNSET
FEBRUARY  6 2016......SUNRISE   708 AM CST   SUNSET   535 PM CST
FEBRUARY  7 2016......SUNRISE   707 AM CST   SUNSET   536 PM CST


-  INDICATES NEGATIVE NUMBERS.
R  INDICATES RECORD WAS SET OR TIED.
MM INDICATES DATA IS MISSING.
T  INDICATES TRACE AMOUNT.




$$
