000
CDUS43 KSGF 290629
CLIVIH


CLIMATE REPORT
NATIONAL WEATHER SERVICE SPRINGFIELD MO
129 AM CDT FRI JUL 29 2016


...................................

...THE VICHY-ROLLA MO CLIMATE SUMMARY FOR JULY 28 2016...

CLIMATE NORMAL PERIOD 1981 TO 2010
CLIMATE RECORD PERIOD 1888 TO 2016


WEATHER ITEM   OBSERVED TIME   RECORD YEAR NORMAL DEPARTURE LAST
                VALUE   (LST)  VALUE       VALUE  FROM      YEAR
                                                  NORMAL
..................................................................
TEMPERATURE (F)
 YESTERDAY
  MAXIMUM         89   1246 PM 100    1952  89      0       93
  MINIMUM         67   1103 PM  50    2013  67      0       74
  AVERAGE         78                        78      0       84

PRECIPITATION (IN)
  YESTERDAY        0.40          2.15 1898   0.14   0.26     0.00
  MONTH TO DATE    5.76                      4.03   1.73     5.40
  SINCE JUN 1      7.70                      8.66  -0.96    12.85
  SINCE JAN 1     21.94                     25.47  -3.53    26.87

DEGREE DAYS
 HEATING
  YESTERDAY        0                         0      0        0
  MONTH TO DATE    0                         0      0        0
  SINCE JUN 1      0                        14    -14       15
  SINCE JUL 1      0                         0      0        0

 COOLING
  YESTERDAY       13                        13      0       19
  MONTH TO DATE  378                       345     33      347
  SINCE JUN 1    725                       580    145      619
  SINCE JAN 1    803                       687    116      726
..................................................................


WIND (MPH)
  HIGHEST WIND SPEED    22   HIGHEST WIND DIRECTION     N (360)
  HIGHEST GUST SPEED    36   HIGHEST GUST DIRECTION     N (10)
  AVERAGE WIND SPEED     4.7


SKY COVER
  AVERAGE SKY COVER 0.3


WEATHER CONDITIONS
 THE FOLLOWING WEATHER WAS RECORDED YESTERDAY.
  THUNDERSTORM
  HEAVY RAIN
  LIGHT RAIN
  FOG
  FOG W/VISIBILITY <= 1/4 MILE


RELATIVE HUMIDITY (PERCENT)
 HIGHEST   100           600 AM
 LOWEST     57           100 PM
 AVERAGE    79

..........................................................


THE VICHY-ROLLA MO CLIMATE NORMALS FOR TODAY
                         NORMAL    RECORD    YEAR
 MAXIMUM TEMPERATURE (F)   89       102      1999
 MINIMUM TEMPERATURE (F)   67        53      2014


SUNRISE AND SUNSET
JULY 29 2016..........SUNRISE   608 AM CDT   SUNSET   819 PM CDT
JULY 30 2016..........SUNRISE   609 AM CDT   SUNSET   818 PM CDT


-  INDICATES NEGATIVE NUMBERS.
R  INDICATES RECORD WAS SET OR TIED.
MM INDICATES DATA IS MISSING.
T  INDICATES TRACE AMOUNT.




$$
