364
CDUS43 KSGF 070718
CLIVIH


CLIMATE REPORT
NATIONAL WEATHER SERVICE SPRINGFIELD MO
118 AM CST WED DEC 7 2016


...................................

...THE VICHY-ROLLA MO CLIMATE SUMMARY FOR DECEMBER 6 2016...

CLIMATE NORMAL PERIOD 1981 TO 2010
CLIMATE RECORD PERIOD 1888 TO 2016


WEATHER ITEM   OBSERVED TIME   RECORD YEAR NORMAL DEPARTURE LAST
                VALUE   (LST)  VALUE       VALUE  FROM      YEAR
                                                  NORMAL
..................................................................
TEMPERATURE (F)
 YESTERDAY
  MAXIMUM         40    242 PM  71    1951  46     -6       50
  MINIMUM         29   1159 PM   4    1950  27      2       37
  AVERAGE         35                        36     -1       44

PRECIPITATION (IN)
  YESTERDAY        T             1.83 1956   0.10  -0.10     0.00
  MONTH TO DATE    0.22                      0.61  -0.39      T
  SINCE DEC 1      0.22                      0.61  -0.39      T
  SINCE JAN 1     40.28                     41.58  -1.30    42.03

DEGREE DAYS
 HEATING
  YESTERDAY       30                        29      1       21
  MONTH TO DATE  174                       167      7      150
  SINCE DEC 1    174                       167      7      150
  SINCE JUL 1    802                      1114   -312      871

 COOLING
  YESTERDAY        0                         0      0        0
  MONTH TO DATE    0                         0      0        0
  SINCE DEC 1      0                         0      0        0
  SINCE JAN 1   1482                      1246    236     1280
..................................................................


WIND (MPH)
  HIGHEST WIND SPEED    17   HIGHEST WIND DIRECTION     N (340)
  HIGHEST GUST SPEED    23   HIGHEST GUST DIRECTION     W (290)
  AVERAGE WIND SPEED     8.1


SKY COVER
  AVERAGE SKY COVER 0.6


WEATHER CONDITIONS
 THE FOLLOWING WEATHER WAS RECORDED YESTERDAY.
  LIGHT SNOW
  FOG
  FOG W/VISIBILITY <= 1/4 MILE


RELATIVE HUMIDITY (PERCENT)
 HIGHEST   100           500 AM
 LOWEST     59           400 PM
 AVERAGE    80

..........................................................


THE VICHY-ROLLA MO CLIMATE NORMALS FOR TODAY
                         NORMAL    RECORD    YEAR
 MAXIMUM TEMPERATURE (F)   45        71      1966
 MINIMUM TEMPERATURE (F)   26         1      1976


SUNRISE AND SUNSET
DECEMBER  7 2016......SUNRISE   710 AM CST   SUNSET   447 PM CST
DECEMBER  8 2016......SUNRISE   711 AM CST   SUNSET   447 PM CST


-  INDICATES NEGATIVE NUMBERS.
R  INDICATES RECORD WAS SET OR TIED.
MM INDICATES DATA IS MISSING.
T  INDICATES TRACE AMOUNT.




$$
