000
CDUS43 KSGF 060627
CLIVIH


CLIMATE REPORT
NATIONAL WEATHER SERVICE SPRINGFIELD MO
127 AM CDT MON JUL 6 2015


...................................

...THE VICHY-ROLLA MO CLIMATE SUMMARY FOR JULY 5 2015...

CLIMATE NORMAL PERIOD 1981 TO 2010
CLIMATE RECORD PERIOD 1888 TO 2015


WEATHER ITEM   OBSERVED TIME   RECORD YEAR NORMAL DEPARTURE LAST
                VALUE   (LST)  VALUE       VALUE  FROM      YEAR
                                                  NORMAL
..................................................................
TEMPERATURE (F)
 YESTERDAY
  MAXIMUM         85    422 PM 103    1901  87     -2       80
  MINIMUM         66    547 AM  51    1972  66      0       59
  AVERAGE         76                        77     -1       70

PRECIPITATION (IN)
  YESTERDAY        0.00          1.48 1951   0.14  -0.14     0.00
  MONTH TO DATE    1.69                      0.70   0.99     0.03
  SINCE JUN 1      9.14                      5.33   3.81     3.34
  SINCE JAN 1     23.16                     22.14   1.02    12.96

DEGREE DAYS
 HEATING
  YESTERDAY        0                         0      0        0
  MONTH TO DATE    0                         0      0        0
  SINCE JUN 1     15                        14      1        1
  SINCE JUL 1      0                         0      0        0

 COOLING
  YESTERDAY       11                        12     -1        5
  MONTH TO DATE   38                        56    -18       18
  SINCE JUN 1    310                       291     19      276
  SINCE JAN 1    417                       398     19      423
..................................................................


WIND (MPH)
  HIGHEST WIND SPEED    13   HIGHEST WIND DIRECTION     S (190)
  HIGHEST GUST SPEED    17   HIGHEST GUST DIRECTION     S (160)
  AVERAGE WIND SPEED     7.7


SKY COVER
  AVERAGE SKY COVER 0.3


WEATHER CONDITIONS
 THE FOLLOWING WEATHER WAS RECORDED YESTERDAY.
  FOG
  FOG W/VISIBILITY <= 1/4 MILE


RELATIVE HUMIDITY (PERCENT)
 HIGHEST   100           300 AM
 LOWEST     61           200 PM
 AVERAGE    81

..........................................................


THE VICHY-ROLLA MO CLIMATE NORMALS FOR TODAY
                         NORMAL    RECORD    YEAR
 MAXIMUM TEMPERATURE (F)   87       102      2012
 MINIMUM TEMPERATURE (F)   66        51      1972


SUNRISE AND SUNSET
JULY  6 2015..........SUNRISE   550 AM CDT   SUNSET   833 PM CDT
JULY  7 2015..........SUNRISE   551 AM CDT   SUNSET   833 PM CDT


-  INDICATES NEGATIVE NUMBERS.
R  INDICATES RECORD WAS SET OR TIED.
MM INDICATES DATA IS MISSING.
T  INDICATES TRACE AMOUNT.




$$
