028
CDUS43 KSGF 190626
CLIVIH


CLIMATE REPORT
NATIONAL WEATHER SERVICE SPRINGFIELD MO
1226 AM CST THU JAN 19 2017


...................................

...THE VICHY-ROLLA MO CLIMATE SUMMARY FOR JANUARY 18 2017...

CLIMATE NORMAL PERIOD 1981 TO 2010
CLIMATE RECORD PERIOD 1888 TO 2017


WEATHER ITEM   OBSERVED TIME   RECORD YEAR NORMAL DEPARTURE LAST
                VALUE   (LST)  VALUE       VALUE  FROM      YEAR
                                                  NORMAL
..................................................................
TEMPERATURE (F)
 YESTERDAY
  MAXIMUM         51    245 PM  70    1951  41     10       18
  MINIMUM         34    833 AM  -5    1994  21     13        0
  AVERAGE         43                        31     12        9

PRECIPITATION (IN)
  YESTERDAY        0.05          1.16 1996   0.07  -0.02     0.00
  MONTH TO DATE    0.96                      1.36  -0.40     0.71
  SINCE DEC 1      1.82                      4.00  -2.18    11.03
  SINCE JAN 1      0.96                      1.36  -0.40     0.71

DEGREE DAYS
 HEATING
  YESTERDAY       22                        34    -12       56
  MONTH TO DATE  586                       612    -26      639
  SINCE DEC 1   1531                      1582    -51     1314
  SINCE JUL 1   2159                      2529   -370     2035

 COOLING
  YESTERDAY        0                         0      0        0
  MONTH TO DATE    0                         0      0        0
  SINCE DEC 1      0                         0      0        0
  SINCE JAN 1      0                         0      0        0
..................................................................


WIND (MPH)
  HIGHEST WIND SPEED    14   HIGHEST WIND DIRECTION     S (160)
  HIGHEST GUST SPEED    17   HIGHEST GUST DIRECTION    SE (150)
  AVERAGE WIND SPEED     6.2


SKY COVER
  AVERAGE SKY COVER 0.7


WEATHER CONDITIONS
 THE FOLLOWING WEATHER WAS RECORDED YESTERDAY.
  LIGHT RAIN
  FOG


RELATIVE HUMIDITY (PERCENT)
 HIGHEST   100           100 AM
 LOWEST     52           300 PM
 AVERAGE    76

..........................................................


THE VICHY-ROLLA MO CLIMATE NORMALS FOR TODAY
                         NORMAL    RECORD    YEAR
 MAXIMUM TEMPERATURE (F)   41        75      1951
 MINIMUM TEMPERATURE (F)   21        -6      1994


SUNRISE AND SUNSET
JANUARY 19 2017.......SUNRISE   720 AM CST   SUNSET   516 PM CST
JANUARY 20 2017.......SUNRISE   720 AM CST   SUNSET   517 PM CST


-  INDICATES NEGATIVE NUMBERS.
R  INDICATES RECORD WAS SET OR TIED.
MM INDICATES DATA IS MISSING.
T  INDICATES TRACE AMOUNT.




$$
