000
CDUS43 KSGF 270626
CLIVIH


CLIMATE REPORT
NATIONAL WEATHER SERVICE SPRINGFIELD MO
1226 AM CST TUE JAN 27 2015


...................................

...THE VICHY-ROLLA MO CLIMATE SUMMARY FOR JANUARY 26 2015...

CLIMATE NORMAL PERIOD 1981 TO 2010
CLIMATE RECORD PERIOD 1888 TO 2015


WEATHER ITEM   OBSERVED TIME   RECORD YEAR NORMAL DEPARTURE LAST
                VALUE   (LST)  VALUE       VALUE  FROM      YEAR
                                                  NORMAL
..................................................................
TEMPERATURE (F)
 YESTERDAY
  MAXIMUM         52    346 PM  67    1953  41     11       58
  MINIMUM         29    658 AM  -3    1978  22      7       25
  AVERAGE         41                        32      9       42

PRECIPITATION (IN)
  YESTERDAY        0.00          0.86 1967   0.06  -0.06     0.00
  MONTH TO DATE    0.88                      1.87  -0.99     0.85
  SINCE DEC 1      3.25                      4.51  -1.26     2.72
  SINCE JAN 1      0.88                      1.87  -0.99     0.85

DEGREE DAYS
 HEATING
  YESTERDAY       24                        33     -9       23
  MONTH TO DATE  890                       883      7      989
  SINCE DEC 1   1762                      1853    -91     2026
  SINCE JUL 1   2904                      2800    104     3076

 COOLING
  YESTERDAY        0                         0      0        0
  MONTH TO DATE    0                         0      0        0
  SINCE DEC 1      0                         0      0        0
  SINCE JAN 1      0                         0      0        0
..................................................................


WIND (MPH)
  HIGHEST WIND SPEED    23   HIGHEST WIND DIRECTION    SW (240)
  HIGHEST GUST SPEED    30   HIGHEST GUST DIRECTION    SW (230)
  AVERAGE WIND SPEED    11.0


SKY COVER
  AVERAGE SKY COVER 0.6


WEATHER CONDITIONS
 THE FOLLOWING WEATHER WAS RECORDED YESTERDAY.
  NO SIGNIFICANT WEATHER WAS OBSERVED.


RELATIVE HUMIDITY (PERCENT)
 HIGHEST    92           200 AM
 LOWEST     50           300 PM
 AVERAGE    71

..........................................................


THE VICHY-ROLLA MO CLIMATE NORMALS FOR TODAY
                         NORMAL    RECORD    YEAR
 MAXIMUM TEMPERATURE (F)   42        65      2002
 MINIMUM TEMPERATURE (F)   22       -11      1902


SUNRISE AND SUNSET
JANUARY 27 2015.......SUNRISE   716 AM CST   SUNSET   524 PM CST
JANUARY 28 2015.......SUNRISE   715 AM CST   SUNSET   525 PM CST


-  INDICATES NEGATIVE NUMBERS.
R  INDICATES RECORD WAS SET OR TIED.
MM INDICATES DATA IS MISSING.
T  INDICATES TRACE AMOUNT.




$$
