000
CDUS43 KSGF 282328
CLIVIH


CLIMATE REPORT
NATIONAL WEATHER SERVICE SPRINGFIELD MO
527 PM CST FRI NOV 28 2014


...................................

...THE VICHY-ROLLA MO CLIMATE SUMMARY FOR NOVEMBER 28 2014...
VALID TODAY AS OF 0500 PM LOCAL TIME.

CLIMATE NORMAL PERIOD 1981 TO 2010
CLIMATE RECORD PERIOD 1888 TO 2014


WEATHER ITEM   OBSERVED TIME   RECORD YEAR NORMAL DEPARTURE LAST
                VALUE   (LST)  VALUE       VALUE  FROM      YEAR
                                                  NORMAL
..................................................................
TEMPERATURE (F)
 TODAY
  MAXIMUM         55    311 PM  75    1949  49      6       46
  MINIMUM         27    447 AM   8    1955  30     -3       22
  AVERAGE         41                        39      2       34

PRECIPITATION (IN)
  TODAY            0.00          0.81 1971   0.13  -0.13     0.00
  MONTH TO DATE    2.40                      3.63  -1.23     1.67
  SINCE SEP 1      9.96                     11.18  -1.22     6.77
  SINCE JAN 1     27.26                     40.73 -13.47    39.75

DEGREE DAYS
 HEATING
  TODAY           24                        26     -2       31
  MONTH TO DATE  776                       545    231      643
  SINCE SEP 1   1112                       892    220     1000
  SINCE JUL 1   1115                       895    220     1004

 COOLING
  TODAY            0                         0      0        0
  MONTH TO DATE    0                         0      0        0
  SINCE SEP 1    147                       166    -19      226
  SINCE JAN 1   1186                      1243    -57     1125
..................................................................


WIND (MPH)
  HIGHEST WIND SPEED    24   HIGHEST WIND DIRECTION     S (190)
  HIGHEST GUST SPEED    32   HIGHEST GUST DIRECTION     S (190)


SKY COVER
  AVERAGE SKY COVER 0.0


WEATHER CONDITIONS
 THE FOLLOWING WEATHER WAS RECORDED TODAY.
  NO SIGNIFICANT WEATHER WAS OBSERVED.


RELATIVE HUMIDITY (PERCENT)
 HIGHEST    75          1200 AM
 LOWEST     46          1200 PM
 AVERAGE    61

..........................................................


THE VICHY-ROLLA MO CLIMATE NORMALS FOR TOMORROW
                         NORMAL    RECORD    YEAR
 MAXIMUM TEMPERATURE (F)   49        71      2006
 MINIMUM TEMPERATURE (F)   29         6      1976


SUNRISE AND SUNSET
NOVEMBER 28 2014......SUNRISE   702 AM CST   SUNSET   448 PM CST
NOVEMBER 29 2014......SUNRISE   703 AM CST   SUNSET   448 PM CST


-  INDICATES NEGATIVE NUMBERS.
R  INDICATES RECORD WAS SET OR TIED.
MM INDICATES DATA IS MISSING.
T  INDICATES TRACE AMOUNT.




$$
