000
CDUS43 KSGF 010626
CLIVIH


CLIMATE REPORT
NATIONAL WEATHER SERVICE SPRINGFIELD MO
126 AM CDT SUN MAY 1 2016


...................................

...THE VICHY-ROLLA MO CLIMATE SUMMARY FOR APRIL 30 2016...

CLIMATE NORMAL PERIOD 1981 TO 2010
CLIMATE RECORD PERIOD 1888 TO 2016


WEATHER ITEM   OBSERVED TIME   RECORD YEAR NORMAL DEPARTURE LAST
                VALUE   (LST)  VALUE       VALUE  FROM      YEAR
                                                  NORMAL
..................................................................
TEMPERATURE (F)
 YESTERDAY
  MAXIMUM         75    317 PM  94    1899  71      4       71
  MINIMUM         52   1159 PM  34    1996  48      4       48
  AVERAGE         64                        60      4       60

PRECIPITATION (IN)
  YESTERDAY        0.53          3.29 1970   0.15   0.38     0.00
  MONTH TO DATE    4.08                      4.22  -0.14     2.12
  SINCE MAR 1      6.94                      7.67  -0.73     5.14
  SINCE JAN 1      9.06                     11.77  -2.71     7.42

DEGREE DAYS
 HEATING
  YESTERDAY        1                         7     -6        5
  MONTH TO DATE  242                       315    -73      226
  SINCE MAR 1    688                       928   -240      838
  SINCE JUL 1   3891                      4718   -827     4955

 COOLING
  YESTERDAY        0                         1     -1        0
  MONTH TO DATE   14                        22     -8       13
  SINCE MAR 1     14                        26    -12       13
  SINCE JAN 1     14                        26    -12       13
..................................................................


WIND (MPH)
  HIGHEST WIND SPEED    21   HIGHEST WIND DIRECTION     E (110)
  HIGHEST GUST SPEED    27   HIGHEST GUST DIRECTION     E (90)
  AVERAGE WIND SPEED     9.1


SKY COVER
  AVERAGE SKY COVER 0.6


WEATHER CONDITIONS
 THE FOLLOWING WEATHER WAS RECORDED YESTERDAY.
  THUNDERSTORM
  RAIN
  LIGHT RAIN
  FOG


RELATIVE HUMIDITY (PERCENT)
 HIGHEST    93           200 AM
 LOWEST     64           300 PM
 AVERAGE    79

..........................................................


THE VICHY-ROLLA MO CLIMATE NORMALS FOR TODAY
                         NORMAL    RECORD    YEAR
 MAXIMUM TEMPERATURE (F)   71        90      1899
 MINIMUM TEMPERATURE (F)   49        25      1903


SUNRISE AND SUNSET
MAY  1 2016...........SUNRISE   610 AM CDT   SUNSET   759 PM CDT
MAY  2 2016...........SUNRISE   609 AM CDT   SUNSET   800 PM CDT


-  INDICATES NEGATIVE NUMBERS.
R  INDICATES RECORD WAS SET OR TIED.
MM INDICATES DATA IS MISSING.
T  INDICATES TRACE AMOUNT.




$$
