000
CDUS43 KSGF 230634
CLIVIH


CLIMATE REPORT
NATIONAL WEATHER SERVICE SPRINGFIELD MO
1234 AM CST THU FEB 23 2017


...................................

...THE VICHY-ROLLA MO CLIMATE SUMMARY FOR FEBRUARY 22 2017...

CLIMATE NORMAL PERIOD 1981 TO 2010
CLIMATE RECORD PERIOD 1888 TO 2017


WEATHER ITEM   OBSERVED TIME   RECORD YEAR NORMAL DEPARTURE LAST
                VALUE   (LST)  VALUE       VALUE  FROM      YEAR
                                                  NORMAL
..................................................................
TEMPERATURE (F)
 YESTERDAY
  MAXIMUM         71    441 PM  76    1995  48     23       51
  MINIMUM         50    141 AM   0    1901  28     22       30
  AVERAGE         61                        38     23       41

PRECIPITATION (IN)
  YESTERDAY        0.00          2.19 1975   0.07  -0.07     0.00
  MONTH TO DATE    0.45                      1.47  -1.02     1.14
  SINCE DEC 1      2.91                      6.28  -3.37    12.20
  SINCE JAN 1      2.05                      3.64  -1.59     1.88

DEGREE DAYS
 HEATING
  YESTERDAY        4                        27    -23       24
  MONTH TO DATE  423                       665   -242      610
  SINCE DEC 1   2255                      2686   -431     2324
  SINCE JUL 1   2883                      3633   -750     3045

 COOLING
  YESTERDAY        0                         0      0        0
  MONTH TO DATE    1                         0      1        0
  SINCE DEC 1      1                         0      1        0
  SINCE JAN 1      1                         0      1        0
..................................................................


WIND (MPH)
  HIGHEST WIND SPEED    17   HIGHEST WIND DIRECTION     S (190)
  HIGHEST GUST SPEED    21   HIGHEST GUST DIRECTION     S (180)
  AVERAGE WIND SPEED    10.5


SKY COVER
  AVERAGE SKY COVER 0.6


WEATHER CONDITIONS
 THE FOLLOWING WEATHER WAS RECORDED YESTERDAY.
  FOG
  FOG W/VISIBILITY <= 1/4 MILE


RELATIVE HUMIDITY (PERCENT)
 HIGHEST   100          1200 AM
 LOWEST     57           500 PM
 AVERAGE    79

..........................................................


THE VICHY-ROLLA MO CLIMATE NORMALS FOR TODAY
                         NORMAL    RECORD    YEAR
 MAXIMUM TEMPERATURE (F)   48        81      1982
 MINIMUM TEMPERATURE (F)   28         2      1899


SUNRISE AND SUNSET
FEBRUARY 23 2017......SUNRISE   647 AM CST   SUNSET   555 PM CST
FEBRUARY 24 2017......SUNRISE   645 AM CST   SUNSET   556 PM CST


-  INDICATES NEGATIVE NUMBERS.
R  INDICATES RECORD WAS SET OR TIED.
MM INDICATES DATA IS MISSING.
T  INDICATES TRACE AMOUNT.




$$
