000
CDUS43 KSGF 012227
CLIVIH


CLIMATE REPORT
NATIONAL WEATHER SERVICE SPRINGFIELD MO
526 PM CDT SAT OCT 1 2016


...................................

...THE VICHY-ROLLA MO CLIMATE SUMMARY FOR OCTOBER 1 2016...
VALID TODAY AS OF 0500 PM LOCAL TIME.

CLIMATE NORMAL PERIOD 1981 TO 2010
CLIMATE RECORD PERIOD 1888 TO 2016


WEATHER ITEM   OBSERVED TIME   RECORD YEAR NORMAL DEPARTURE LAST
                VALUE   (LST)  VALUE       VALUE  FROM      YEAR
                                                  NORMAL
..................................................................
TEMPERATURE (F)
 TODAY
  MAXIMUM         66    359 PM  90    1897  72     -6       68
  MINIMUM         53    221 AM  35    1958  51      2       43
  AVERAGE         60                        61     -1       56

PRECIPITATION (IN)
  TODAY            0.00          0.55 1995   0.12  -0.12     0.00
  MONTH TO DATE    0.00                      0.12  -0.12     0.00
  SINCE SEP 1      4.48                      4.16   0.32     0.82
  SINCE JAN 1     36.82                     33.71   3.11    30.08

DEGREE DAYS
 HEATING
  TODAY            5                         5      0        9
  MONTH TO DATE    5                         5      0        9
  SINCE SEP 1     29                        66    -37       36
  SINCE JUL 1     29                        69    -40       38

 COOLING
  TODAY            0                         2     -2        0
  MONTH TO DATE    0                         2     -2        0
  SINCE SEP 1    211                       143     68      236
  SINCE JAN 1   1400                      1220    180     1251
..................................................................


WIND (MPH)
  HIGHEST WIND SPEED    12   HIGHEST WIND DIRECTION     W (290)
  HIGHEST GUST SPEED    19   HIGHEST GUST DIRECTION    NW (310)


SKY COVER
  AVERAGE SKY COVER 0.8


WEATHER CONDITIONS
 THE FOLLOWING WEATHER WAS RECORDED TODAY.
  FOG


RELATIVE HUMIDITY (PERCENT)
 HIGHEST   100           600 AM
 LOWEST     68          1200 PM
 AVERAGE    84

..........................................................


THE VICHY-ROLLA MO CLIMATE NORMALS FOR TOMORROW
                         NORMAL    RECORD    YEAR
 MAXIMUM TEMPERATURE (F)   72        92      1953
 MINIMUM TEMPERATURE (F)   50        34      1974


SUNRISE AND SUNSET
OCTOBER  1 2016.......SUNRISE   703 AM CDT   SUNSET   649 PM CDT
OCTOBER  2 2016.......SUNRISE   704 AM CDT   SUNSET   648 PM CDT


-  INDICATES NEGATIVE NUMBERS.
R  INDICATES RECORD WAS SET OR TIED.
MM INDICATES DATA IS MISSING.
T  INDICATES TRACE AMOUNT.




$$
