301
CDUS43 KSGF 220630
CLIVIH


CLIMATE REPORT
NATIONAL WEATHER SERVICE SPRINGFIELD MO
130 AM CDT SAT JUL 22 2017


...................................

...THE VICHY-ROLLA MO CLIMATE SUMMARY FOR JULY 21 2017...

CLIMATE NORMAL PERIOD 1981 TO 2010
CLIMATE RECORD PERIOD 1888 TO 2017


WEATHER ITEM   OBSERVED TIME   RECORD YEAR NORMAL DEPARTURE LAST
                VALUE   (LST)  VALUE       VALUE  FROM      YEAR
                                                  NORMAL
..................................................................
TEMPERATURE (F)
 YESTERDAY
  MAXIMUM         95    409 PM 105    1901  89      6       94
  MINIMUM         73    524 AM  52    1970  67      6       74
  AVERAGE         84                        78      6       84

PRECIPITATION (IN)
  YESTERDAY        0.00          2.54 1996   0.15  -0.15     0.00
  MONTH TO DATE    6.97                      3.04   3.93     5.24
  SINCE JUN 1      9.90                      7.67   2.23     7.18
  SINCE JAN 1     32.34                     24.48   7.86    21.42

DEGREE DAYS
 HEATING
  YESTERDAY        0                         0      0        0
  MONTH TO DATE    0                         0      0        0
  SINCE JUN 1      1                        14    -13        0
  SINCE JUL 1      0                         0      0        0

 COOLING
  YESTERDAY       19                        13      6       19
  MONTH TO DATE  285                       254     31      265
  SINCE JUN 1    516                       489     27      612
  SINCE JAN 1    620                       596     24      690
..................................................................


WIND (MPH)
  HIGHEST WIND SPEED    15   HIGHEST WIND DIRECTION     S (200)
  HIGHEST GUST SPEED    19   HIGHEST GUST DIRECTION    SW (230)
  AVERAGE WIND SPEED     7.9


SKY COVER
  AVERAGE SKY COVER 0.0


WEATHER CONDITIONS
 THE FOLLOWING WEATHER WAS RECORDED YESTERDAY.
  NO SIGNIFICANT WEATHER WAS OBSERVED.


RELATIVE HUMIDITY (PERCENT)
 HIGHEST    93           300 AM
 LOWEST     46           200 PM
 AVERAGE    70

..........................................................


THE VICHY-ROLLA MO CLIMATE NORMALS FOR TODAY
                         NORMAL    RECORD    YEAR
 MAXIMUM TEMPERATURE (F)   89       108      1901
 MINIMUM TEMPERATURE (F)   67        55      1902


SUNRISE AND SUNSET
JULY 22 2017..........SUNRISE   602 AM CDT   SUNSET   825 PM CDT
JULY 23 2017..........SUNRISE   603 AM CDT   SUNSET   824 PM CDT


-  INDICATES NEGATIVE NUMBERS.
R  INDICATES RECORD WAS SET OR TIED.
MM INDICATES DATA IS MISSING.
T  INDICATES TRACE AMOUNT.




$$
