000
CDUS43 KSGF 240641
CLIVIH


CLIMATE REPORT
NATIONAL WEATHER SERVICE SPRINGFIELD MO
141 AM CDT FRI OCT 24 2014


...................................

...THE VICHY-ROLLA MO CLIMATE SUMMARY FOR OCTOBER 23 2014...

CLIMATE NORMAL PERIOD 1981 TO 2010
CLIMATE RECORD PERIOD 1888 TO 2014


WEATHER ITEM   OBSERVED TIME   RECORD YEAR NORMAL DEPARTURE LAST
                VALUE   (LST)  VALUE       VALUE  FROM      YEAR
                                                  NORMAL
..................................................................
TEMPERATURE (F)
 YESTERDAY
  MAXIMUM         62    251 PM  82    1899  65     -3       50
  MINIMUM         41    352 AM  27    2006  44     -3       32
                                      1898
  AVERAGE         52                        54     -2       41

PRECIPITATION (IN)
  YESTERDAY        0.00          1.30 1976   0.12  -0.12     0.00
  MONTH TO DATE    5.20                      2.59   2.61     0.98
  SINCE SEP 1      7.11                      6.63   0.48     3.84
  SINCE JAN 1     24.41                     36.18 -11.77    36.82

DEGREE DAYS
 HEATING
  YESTERDAY       13                        11      2       24
  MONTH TO DATE  194                       186      8      208
  SINCE SEP 1    255                       247      8      236
  SINCE JUL 1    258                       250      8      240

 COOLING
  YESTERDAY        0                         0      0        0
  MONTH TO DATE   13                        25    -12       38
  SINCE SEP 1    135                       166    -31      225
  SINCE JAN 1   1174                      1243    -69     1124
..................................................................


WIND (MPH)
  HIGHEST WIND SPEED    18   HIGHEST WIND DIRECTION     S (190)
  HIGHEST GUST SPEED    22   HIGHEST GUST DIRECTION     S (190)
  AVERAGE WIND SPEED     8.8


SKY COVER
  AVERAGE SKY COVER 0.5


WEATHER CONDITIONS
 THE FOLLOWING WEATHER WAS RECORDED YESTERDAY.
  NO SIGNIFICANT WEATHER WAS OBSERVED.


RELATIVE HUMIDITY (PERCENT)
 HIGHEST    83          1200 AM
 LOWEST     60          1200 PM
 AVERAGE    72

..........................................................


THE VICHY-ROLLA MO CLIMATE NORMALS FOR TODAY
                         NORMAL    RECORD    YEAR
 MAXIMUM TEMPERATURE (F)   65        81      2012
                                             1963
 MINIMUM TEMPERATURE (F)   44        23      2006


SUNRISE AND SUNSET
OCTOBER 24 2014.......SUNRISE   725 AM CDT   SUNSET   617 PM CDT
OCTOBER 25 2014.......SUNRISE   726 AM CDT   SUNSET   616 PM CDT


-  INDICATES NEGATIVE NUMBERS.
R  INDICATES RECORD WAS SET OR TIED.
MM INDICATES DATA IS MISSING.
T  INDICATES TRACE AMOUNT.




$$
